000
CXUS53 KSGF 010710
CF6UNO
PRELIMINARY LOCAL CLIMATOLOGICAL DATA (WS FORM: F-6)
STATION: WEST PLAINS MO
MONTH: MAY
YEAR: 2021
LATITUDE: 36 52 N
LONGITUDE: 91 55 W
TEMPERATURE IN F: :PCPN: SNOW: WIND :SUNSHINE: SKY :PK WND
================================================================================
1 2 3 4 5 6A 6B 7 8 9 10 11 12 13 14 15 16 17 18
12Z AVG MX 2MIN
DY MAX MIN AVG DEP HDD CDD WTR SNW DPTH SPD SPD DIR MIN PSBL S-S WX SPD DR
================================================================================
1 80 49 65 3 0 0 0.00 M M 6.9 18 190 M M 0 27 210
2 67 62 65 3 0 0 0.04 M M 6.7 15 160 M M 8 1 24 160
3 78 60 69 7 0 4 0.24 M M 5.9 16 180 M M 7 123 23 180
4 67 46 57 -5 8 0 0.98 M M 7.9 18 10 M M 8 13 28 340
5 71 43 57 -6 8 0 0.00 M M 3.2 13 340 M M 0 18 350
6 73 43 58 -5 7 0 T M M 8.3 25 300 M M 1 3 36 300
7 73 41 57 -6 8 0 T M M 4.9 13 230 M M 4 20 270
8 71 53 62 -1 3 0 0.33 M M 7.4 16 140 M M 7 13 28 140
9 71 49 60 -4 5 0 0.93 M M 10.4 24 320 M M 9 13 41 330
10 61 45 53 -11 12 0 0.00 M M 6.5 14 50 M M 5 20 30
11 63 40 52 -12 13 0 0.00 M M 6.8 18 60 M M 7 26 60
12 68 49 59 -5 6 0 0.00 M M 8.1 16 50 M M 4 21 40
13 69 39 54 -11 11 0 0.00 M M 3.5 10 360 M M 0 16 50
14 72 40 56 -9 9 0 0.00 M M 3.3 12 200 M M 1 19 160
15 64 46 55 -10 10 0 0.09 M M 4.1 12 170 M M 6 1 15 170
16 79 56 68 2 0 3 0.00 M M 6.1 16 170 M M 5 23 170
17 67 62 65 -1 0 0 0.30 M M 8.2 18 160 M M 10 1 27 150
18 74 64 69 3 0 4 0.39 M M 8.8 17 120 M M 10 1 27 120
19 71 65 68 2 0 3 0.03 M M 9.5 17 130 M M 9 1 28 140
20 78 66 72 5 0 7 0.11 M M 8.2 20 160 M M 9 1 29 120
21 81 67 74 7 0 9 T M M 6.5 15 150 M M 6 23 160
22 82 62 72 5 0 7 0.00 M M 4.8 14 160 M M 2 20 160
23 83 58 71 3 0 6 0.00 M M 3.5 13 150 M M 1 20 130
24 83 57 70 2 0 5 T M M 4.9 13 170 M M 1 20 160
25 81 67 74 6 0 9 0.66 M M 6.2 18 210 M M 5 13 26 210
26 82 66 74 6 0 9 0.32 M M 3.3 13 40 M M 5 13 18 30
27 83 64 74 5 0 9 1.41 M M 5.5 28 320 M M 4 13 43 330
28 74 51 63 -6 2 0 0.00 M M 10.2 22 320 M M 8 1 33 320
29 58 50 54 -15 11 0 0.00 M M 7.0 15 20 M M 10 21 10
30 70 41 56 -14 9 0 0.00 M M 3.8 12 110 M M 1 20 100
31 71 45 58 -12 7 0 0.00 M M 2.4 10 180 M M 3 1 17 180
================================================================================
SM 2265 1646 129 75 5.83 M 192.8 M 156
================================================================================
AV 73.1 53.1 6.2 FASTST M M 5 MAX(MPH)
MISC ----> 28 320 43 330
================================================================================
NOTES:
# LAST OF SEVERAL OCCURRENCES
COLUMN 17 PEAK WIND IN M.P.H.
PRELIMINARY LOCAL CLIMATOLOGICAL DATA (WS FORM: F-6) , PAGE 2
STATION: WEST PLAINS MO
MONTH: MAY
YEAR: 2021
LATITUDE: 36 52 N
LONGITUDE: 91 55 W
[TEMPERATURE DATA] [PRECIPITATION DATA] SYMBOLS USED IN COLUMN 16
AVERAGE MONTHLY: 63.1 TOTAL FOR MONTH: 5.83 1 = FOG OR MIST
DPTR FM NORMAL: -2.5 DPTR FM NORMAL: 0.28 2 = FOG REDUCING VISIBILITY
HIGHEST: 83 ON 27,24 GRTST 24HR 1.41 ON 27-27 TO 1/4 MILE OR LESS
LOWEST: 39 ON 13 3 = THUNDER
SNOW, ICE PELLETS, HAIL 4 = ICE PELLETS
TOTAL MONTH: M 5 = HAIL
GRTST 24HR M ON M 6 = FREEZING RAIN OR DRIZZLE
GRTST DEPTH: M ON M 7 = DUSTSTORM OR SANDSTORM:
VSBY 1/2 MILE OR LESS
8 = SMOKE OR HAZE
[NO. OF DAYS WITH] [WEATHER - DAYS WITH] 9 = BLOWING SNOW
X = TORNADO
MAX 32 OR BELOW: 0 0.01 INCH OR MORE: 13
MAX 90 OR ABOVE: 0 0.10 INCH OR MORE: 10
MIN 32 OR BELOW: 0 0.50 INCH OR MORE: 4
MIN 0 OR BELOW: 0 1.00 INCH OR MORE: 1
[HDD (BASE 65) ]
TOTAL THIS MO. 129 CLEAR (SCALE 0-3) 10
DPTR FM NORMAL 46 PTCLDY (SCALE 4-7) 14
TOTAL FM JUL 1 4222 CLOUDY (SCALE 8-10) 7
DPTR FM NORMAL -36
[CDD (BASE 65) ]
TOTAL THIS MO. 75
DPTR FM NORMAL -27 [PRESSURE DATA]
TOTAL FM JAN 1 86 HIGHEST SLP M ON M
DPTR FM NORMAL -44 LOWEST SLP 29.54 ON 3
[REMARKS]
#FINAL-05-21#