686
CXUS53 KUNR 010945
CF6UNR
PRELIMINARY LOCAL CLIMATOLOGICAL DATA (WS FORM: F-6)
STATION: EAST RAPID CITY SD
MONTH: AUGUST
YEAR: 2020
LATITUDE: 44 4 N
LONGITUDE: 103 13 W
TEMPERATURE IN F: :PCPN: SNOW: WIND :SUNSHINE: SKY :PK WND
================================================================================
1 2 3 4 5 6A 6B 7 8 9 10 11 12 13 14 15 16 17 18
12Z AVG MX 2MIN
DY MAX MIN AVG DEP HDD CDD WTR SNW DPTH SPD SPD DIR MIN PSBL S-S WX SPD DR
================================================================================
1 80 61 71 -3 0 6 0.00 0.0 0 8.0 18 20 M M M 24 10
2 79 57 68 -6 0 3 0.00 0.0 0 6.5 15 110 M M M 22 120
3 83 53 68 -6 0 3 0.00 0.0 0 9.2 21 130 M M M 31 130
4 83 63 73 -1 0 8 0.00 0.0 0 8.4 24 10 M M M 33 360
5 84 63 74 0 0 9 0.00 0.0 0 7.6 17 10 M M M 24 10
6 92 61 77 3 0 12 0.26 0.0 0 8.2 28 290 M M M 3 41 290
7 91 61 76 3 0 11 0.06 0.0 0 7.5 20 40 M M M 3 28 280
8 87 59 73 0 0 8 0.65 0.0 0 9.0 20 330 M M M 35 36 330
9 81 62 72 -1 0 7 0.00 0.0 0 11.0 29 330 M M M 44 340
10 83 58 71 -2 0 6 0.00 0.0 0 7.6 22 140 M M M 33 140
11 85 63 74 1 0 9 0.03 0.0 0 6.0 17 90 M M M 3 24 190
12 99 60 80 7 0 15 0.00 0.0 0 6.1 16 200 M M M 24 200
13 91 70 81 8 0 16 0.00 0.0 0 7.4 21 360 M M M 28 360
14 81 58 70 -2 0 5 0.00 0.0 0 13.9 46 330 M M M 63 330
15 90 61 76 4 0 11 0.00 0.0 0 5.8 13 20 M M M 17 10
16 89 62 76 4 0 11 0.00 0.0 0 9.0 23 10 M M M 32 10
17 95 65 80 8 0 15 0.00 0.0 0 7.9 21 140 M M M 30 150
18 94 70 82 10 0 17 T 0.0 0 5.7 13 290 M M M 18 250
19 96 73 85 13 0 20 T 0.0 0 5.6 16 270 M M M 3 26 260
20 96 73 85 14 0 20 0.00 0.0 0 7.1 17 20 M M M 21 210
21 92 69 81 10 0 16 0.00 0.0 0 7.7 30 330 M M M 45 320
22 95 68 82 11 0 17 0.00 0.0 0 5.5 10 90 M M M 15 260
23 102 69 86 16 0 21 0.18 0.0 0 6.5 32 360 M M M 35 40 10
24 88 60 74 4 0 9 0.00 0.0 0 6.4 15 10 M M M 20 10
25 96 66 81 11 0 16 0.00 0.0 0 6.9 18 360 M M M 26 360
26 90 70 80 10 0 15 0.00 0.0 0 8.0 16 350 M M M 24 350
27 86 64 75 6 0 10 0.48 0.0 0 8.8 44 360 M M M 3 63 360
28 73 59 66 -3 0 1 0.01 0.0 0 11.6 28 360 M M M 3 44 350
29 87 49 68 -1 0 3 0.05 0.0 0 8.7 26 180 M M M 3 45 170
30 81 52 67 -1 0 2 T 0.0 0 14.3 38 330 M M M 54 350
31 70 48 59 -9 6 0 0.00 0.0 0 6.9 10 120 M M M 18 130
================================================================================
SM 2719 1927 6 322 1.72 0.0 248.8 M M
================================================================================
AV 87.7 62.2 8.0 FASTST M M 0 MAX(MPH)
MISC ----> # 46 330 # 63 330
================================================================================
NOTES:
# LAST OF SEVERAL OCCURRENCES
COLUMN 17 PEAK WIND IN M.P.H.
PRELIMINARY LOCAL CLIMATOLOGICAL DATA (WS FORM: F-6) , PAGE 2
STATION: EAST RAPID CITY SD
MONTH: AUGUST
YEAR: 2020
LATITUDE: 44 4 N
LONGITUDE: 103 13 W
[TEMPERATURE DATA] [PRECIPITATION DATA] SYMBOLS USED IN COLUMN 16
AVERAGE MONTHLY: 74.9 TOTAL FOR MONTH: 1.72 1 = FOG OR MIST
DPTR FM NORMAL: 3.2 DPTR FM NORMAL: -0.25 2 = FOG REDUCING VISIBILITY
HIGHEST: 102 ON 23 GRTST 24HR 0.65 ON 8- 8 TO 1/4 MILE OR LESS
LOWEST: 48 ON 31 3 = THUNDER
SNOW, ICE PELLETS, HAIL 4 = ICE PELLETS
TOTAL MONTH: 0.0 INCH 5 = HAIL
GRTST 24HR 0.0 6 = FREEZING RAIN OR DRIZZLE
GRTST DEPTH: 0 7 = DUSTSTORM OR SANDSTORM:
VSBY 1/2 MILE OR LESS
8 = SMOKE OR HAZE
[NO. OF DAYS WITH] [WEATHER - DAYS WITH] 9 = BLOWING SNOW
X = TORNADO
MAX 32 OR BELOW: 0 0.01 INCH OR MORE: 8
MAX 90 OR ABOVE: 14 0.10 INCH OR MORE: 4
MIN 32 OR BELOW: 0 0.50 INCH OR MORE: 1
MIN 0 OR BELOW: 0 1.00 INCH OR MORE: 0
[HDD (BASE 65) ]
TOTAL THIS MO. 6 CLEAR (SCALE 0-3) 0
DPTR FM NORMAL -12 PTCLDY (SCALE 4-7) 0
TOTAL FM JUL 1 7 CLOUDY (SCALE 8-10) 0
DPTR FM NORMAL -23
[CDD (BASE 65) ]
TOTAL THIS MO. 322
DPTR FM NORMAL 96 [PRESSURE DATA]
TOTAL FM JAN 1 771 HIGHEST SLP M ON M
DPTR FM NORMAL 176 LOWEST SLP 29.23 ON 30
[REMARKS]
#FINAL-08-20#