000
CXUS54 KHGX 011410
CF6UTS
PRELIMINARY LOCAL CLIMATOLOGICAL DATA (WS FORM: F-6)
STATION: HUNTSVILLE
MONTH: MAY
YEAR: 2021
LATITUDE: 30 45 N
LONGITUDE: 95 35 W
TEMPERATURE IN F: :PCPN: SNOW: WIND :SUNSHINE: SKY :PK WND
================================================================================
1 2 3 4 5 6A 6B 7 8 9 10 11 12 13 14 15 16 17 18
12Z AVG MX 2MIN
DY MAX MIN AVG DEP HDD CDD WTR SNW DPTH SPD SPD DIR MIN PSBL S-S WX SPD DR
================================================================================
1 76 67 72 0 0 7 1.02 0.0 0 3.6 12 110 M M 8 1 22 110
2 86 69 78 6 0 13 0.02 0.0 0 8.9 17 240 M M 4 13 24 240
3 92 75 84 12 0 19 0.00 0.0 0 8.8 20 180 M M 6 1 28 180
4 80 63 72 0 0 7 0.58 0.0 0 4.4 30 270 M M 5 13 40 290
5 81 56 69 -4 0 4 0.00 0.0 0 2.7 10 360 M M 0 15 10
6 85 57 71 -2 0 6 0.00 0.0 0 1.7 10 360 M M 0 1 16 320
7 88 59 74 1 0 9 0.00 0.0 0 3.7 13 190 M M 0 1 17 190
8 89 65 77 3 0 12 0.00 0.0 0 10.7 23 190 M M 4 31 180
9 90 73 82 8 0 17 0.02 0.0 0 9.5 18 190 M M 9 1 28 210
10 93 72 83 9 0 18 0.17 0.0 0 3.7 14 230 M M 8 13 17 220
11 89 64 77 2 0 12 0.16 0.0 0 6.3 32 310 M M 7 13 48 310
12 67 62 65 -10 0 0 0.02 0.0 0 5.6 10 330 M M 10 1 15 350
13 79 60 70 -5 0 5 0.01 0.0 0 3.7 10 50 M M 8 1 16 60
14 81 62 72 -4 0 7 0.00 0.0 0 3.3 8 70 M M 6 14 60
15 86 61 74 -2 0 9 0.00 0.0 0 3.5 12 170 M M 2 17 160
16 79 68 74 -2 0 9 0.19 0.0 0 4.6 13 170 M M 4 1 19 140
17 81 64 73 -3 0 8 0.24 0.0 0 3.8 16 110 M M 6 13 28 110
18 84 63 74 -3 0 9 1.44 0.0 0 5.1 22 310 M M 7 13 29 320
19 76 65 71 -6 0 6 0.19 0.0 0 4.0 16 70 M M 6 13 26 50
20 79 69 74 -3 0 9 T 0.0 0 1.4 8 60 M M 7 1 14 50
21 85 71 78 0 0 13 0.10 0.0 0 3.4 10 180 M M 9 13 15 110
22 84 72 78 0 0 13 0.68 0.0 0 4.8 10 150 M M 9 18 19 110
23 81 70 76 -2 0 11 0.12 0.0 0 2.5 14 160 M M 6 1 26 160
24 79 71 75 -3 0 10 0.66 0.0 0 3.6 20 200 M M 8 13 25 200
25 85 69 77 -2 0 12 0.30 0.0 0 4.3 16 180 M M 7 13 22 180
26 91 73 82 3 0 17 0.00 0.0 0 5.5 13 190 M M 5 1 17 170
27 92 74 83 4 0 18 0.00 0.0 0 7.2 14 190 M M 5 18 190
28 86 68 77 -3 0 12 0.27 0.0 0 5.6 25 170 M M 4 13 37 160
29 90 68 79 -1 0 14 0.00 0.0 0 2.3 8 320 M M 1 12 30
30 84 70 77 -3 0 12 0.00 0.0 0 4.6 9 90 M M 3 18 100
31 88 69 79 -1 0 14 0.00 0.0 0 4.8 13 180 M M 3 19 170
================================================================================
SM 2606 2069 0 332 6.19 0.0 147.6 M 167
================================================================================
AV 84.1 66.7 4.8 FASTST M M 5 MAX(MPH)
MISC ----> 32 310 48 310
================================================================================
NOTES:
# LAST OF SEVERAL OCCURRENCES
COLUMN 17 PEAK WIND IN M.P.H.
PRELIMINARY LOCAL CLIMATOLOGICAL DATA (WS FORM: F-6) , PAGE 2
STATION: HUNTSVILLE
MONTH: MAY
YEAR: 2021
LATITUDE: 30 45 N
LONGITUDE: 95 35 W
[TEMPERATURE DATA] [PRECIPITATION DATA] SYMBOLS USED IN COLUMN 16
AVERAGE MONTHLY: 75.4 TOTAL FOR MONTH: 6.19 1 = FOG OR MIST
DPTR FM NORMAL: -0.7 DPTR FM NORMAL: 2.16 2 = FOG REDUCING VISIBILITY
HIGHEST: 93 ON 10 GRTST 24HR 1.58 ON 18-19 TO 1/4 MILE OR LESS
LOWEST: 56 ON 5 3 = THUNDER
SNOW, ICE PELLETS, HAIL 4 = ICE PELLETS
TOTAL MONTH: 0.0 INCH 5 = HAIL
GRTST 24HR 0.0 6 = FREEZING RAIN OR DRIZZLE
GRTST DEPTH: 0 7 = DUSTSTORM OR SANDSTORM:
VSBY 1/2 MILE OR LESS
8 = SMOKE OR HAZE
[NO. OF DAYS WITH] [WEATHER - DAYS WITH] 9 = BLOWING SNOW
X = TORNADO
MAX 32 OR BELOW: 0 0.01 INCH OR MORE: 18
MAX 90 OR ABOVE: 6 0.10 INCH OR MORE: 14
MIN 32 OR BELOW: 0 0.50 INCH OR MORE: 5
MIN 0 OR BELOW: 0 1.00 INCH OR MORE: 2
[HDD (BASE 65) ]
TOTAL THIS MO. 0 CLEAR (SCALE 0-3) 5
DPTR FM NORMAL -4 PTCLDY (SCALE 4-7) 21
TOTAL FM JUL 1 1529 CLOUDY (SCALE 8-10) 5
DPTR FM NORMAL -104
[CDD (BASE 65) ]
TOTAL THIS MO. 332
DPTR FM NORMAL -16 [PRESSURE DATA]
TOTAL FM JAN 1 578 HIGHEST SLP 30.28 ON 13
DPTR FM NORMAL -14 LOWEST SLP 29.54 ON 3
[REMARKS]
#FINAL-05-21#