000
CXUS54 KEWX 011010
CF6UVA
PRELIMINARY LOCAL CLIMATOLOGICAL DATA (WS FORM: F-6)
STATION: UVALDE
MONTH: AUGUST
YEAR: 2023
LATITUDE: 29 12 N
LONGITUDE: 99 44 W
TEMPERATURE IN F: :PCPN: SNOW: WIND :SUNSHINE: SKY :PK WND
================================================================================
1 2 3 4 5 6A 6B 7 8 9 10 11 12 13 14 15 16 17 18
12Z AVG MX 2MIN
DY MAX MIN AVG DEP HDD CDD WTR SNW DPTH SPD SPD DIR MIN PSBL S-S WX SPD DR
================================================================================
1 102 73 88 M 0 23 0.00 M M 4.4 17 110 M M 1 25 110
2 102 72 87 M 0 22 0.00 M M 5.0 17 140 M M 0 22 140
3 101 75 88 M 0 23 0.00 M M 3.6 16 130 M M 2 23 130
4 104 76 90 M 0 25 0.00 M M 5.5 13 130 M M 1 23 180
5 104 73 89 M 0 24 0.00 M M 5.7 15 130 M M 0 21 130
6 105 75 90 M 0 25 0.00 M M 6.4 14 140 M M 0 22 180
7 106 74 90 M 0 25 0.00 M M 5.0 16 130 M M 0 23 130
8 104 74 89 M 0 24 0.00 M M 5.1 17 130 M M 1 25 130
9 106 73 90 M 0 25 0.00 M M 4.8 13 130 M M 1 21 130
10 106 76 91 M 0 26 0.00 M M 4.1 10 110 M M 0 21 110
11 105 79 92 M 0 27 0.00 M M 5.8 16 130 M M 3 24 0
12 103 75 89 M 0 24 0.00 M M 4.4 17 130 M M 3 24 130
13 104 76 90 M 0 25 0.00 M M 7.5 15 130 M M 3 24 130
14 102 73 88 M 0 23 0.00 M M 2.9 14 150 M M 1 21 140
15 103 76 90 M 0 25 0.00 M M 1.7 15 140 M M 1 18 140
16 103 78 91 M 0 26 0.00 M M 2.5 13 70 M M 1 18 70
17 106 74 90 M 0 25 0.00 M M 2.9 10 140 M M 0 18 110
18 103 71 87 M 0 22 0.00 M M 4.2 14 150 M M 0 22 100
19 103 74 89 M 0 24 0.00 M M 4.5 13 130 M M 0 24 130
20 103 73 88 M 0 23 0.00 M M 4.4 15 110 M M 0 25 100
21 103 74 89 M 0 24 0.00 M M 4.5 16 110 M M 3 27 110
22 90 73 82 M 0 17 0.93 M M 6.7 20 100 M M 2 35 120
23 88 74 81 M 0 16 0.16 M M 2.0 16 80 M M 3 22 80
24 94 73 84 M 0 19 0.00 M M 0.0 M M M M 2 M M
25 99 72 86 M 0 21 0.00 M M 1.4 12 140 M M 1 21 0
26 99 73 86 M 0 21 0.00 M M 1.3 9 100 M M 1 M M
27 101 72 87 M 0 22 0.00 M M 1.3 9 190 M M 0 M M
28 98 74 86 M 0 21 0.00 M M 2.0 10 40 M M 2 21 230
29 98 74 86 M 0 21 0.00 M M 3.5 14 40 M M 1 18 70
30 98 71 85 M 0 20 0.00 M M 1.6 15 300 M M 1 24 290
31 100 69 85 M 0 20 0.00 M M 2.7 15 100 M M 1 20 100
================================================================================
SM 3143 2289 0 708 1.09 M 117.3 M 35
================================================================================
AV101.4 73.8 3.8 FASTST M M 1 MAX(MPH)
MISC ----> 20 100 35 120
================================================================================
NOTES:
# LAST OF SEVERAL OCCURRENCES
COLUMN 17 PEAK WIND IN M.P.H.
PRELIMINARY LOCAL CLIMATOLOGICAL DATA (WS FORM: F-6) , PAGE 2
STATION: UVALDE
MONTH: AUGUST
YEAR: 2023
LATITUDE: 29 12 N
LONGITUDE: 99 44 W
[TEMPERATURE DATA] [PRECIPITATION DATA] SYMBOLS USED IN COLUMN 16
AVERAGE MONTHLY: 87.6 TOTAL FOR MONTH: 1.09 1 = FOG OR MIST
DPTR FM NORMAL: 0.0 DPTR FM NORMAL: M 2 = FOG REDUCING VISIBILITY
HIGHEST: 106 ON 17,10 GRTST 24HR 0.93 ON 22-22 TO 1/4 MILE OR LESS
LOWEST: 69 ON 31 3 = THUNDER
SNOW, ICE PELLETS, HAIL 4 = ICE PELLETS
TOTAL MONTH: M 5 = HAIL
GRTST 24HR M ON M 6 = FREEZING RAIN OR DRIZZLE
GRTST DEPTH: M ON M 7 = DUSTSTORM OR SANDSTORM:
VSBY 1/2 MILE OR LESS
8 = SMOKE OR HAZE
[NO. OF DAYS WITH] [WEATHER - DAYS WITH] 9 = BLOWING SNOW
X = TORNADO
MAX 32 OR BELOW: 0 0.01 INCH OR MORE: 2
MAX 90 OR ABOVE: 30 0.10 INCH OR MORE: 2
MIN 32 OR BELOW: 0 0.50 INCH OR MORE: 1
MIN 0 OR BELOW: 0 1.00 INCH OR MORE: 0
[HDD (BASE 65) ]
TOTAL THIS MO. 0 CLEAR (SCALE 0-3) 30
DPTR FM NORMAL M PTCLDY (SCALE 4-7) 1
TOTAL FM JUL 1 0 CLOUDY (SCALE 8-10) 0
DPTR FM NORMAL M
[CDD (BASE 65) ]
TOTAL THIS MO. 708
DPTR FM NORMAL M [PRESSURE DATA]
TOTAL FM JAN 1 2597 HIGHEST SLP M ON M
DPTR FM NORMAL M LOWEST SLP M ON M
[REMARKS]
#FINAL-08-23#