000
CXUS54 KCRP 011457
CLMVCT
CLIMATE REPORT
NATIONAL WEATHER SERVICE CORPUS CHRISTI TX
913 AM CDT FRI SEP 01 2023
...................................
...THE VICTORIA CLIMATE SUMMARY FOR THE MONTH OF AUGUST 2023...
CLIMATE NORMAL PERIOD 1991 TO 2020
CLIMATE RECORD PERIOD 1893 TO 2023
WEATHER OBSERVED NORMAL DEPART LAST YEAR`S
VALUE DATE(S) VALUE FROM VALUE DATE(S)
NORMAL
................................................................
TEMPERATURE (F)
RECORD
HIGH 109 08/28/2011
LOW 61 08/31/1915
HIGHEST 108 08/16 94 14 102 08/10
08/27
LOWEST 66 08/30 75 -9 72 08/10
08/18
AVG. MAXIMUM 102.8 95.5 7.3 95.0
AVG. MINIMUM 77.0 74.1 2.9 75.5
MEAN 89.9 84.8 5.1 85.3
DAYS MAX >= 90 30 28.9 1.1 29
DAYS MAX <= 32 0 0.0 0.0 0
DAYS MIN <= 32 0 0.0 0.0 0
DAYS MIN <= 0 0 0.0 0.0 0
PRECIPITATION (INCHES)
RECORD
MAXIMUM 16.94 2017
MINIMUM 0.00 1902
TOTALS 0.30 3.11 -2.81 3.98
DAILY AVG. 0.01 0.10 -0.09 0.13
DAYS >= .01 1 7.6 -6.6 17
DAYS >= .10 1 4.6 -3.6 10
DAYS >= .50 0 2.1 -2.1 3
DAYS >= 1.00 0 0.8 -0.8 0
GREATEST
24 HR. TOTAL 0.30 08/22 TO 08/22 0.94 08/18 TO 08/19
SNOWFALL (INCHES)
RECORDS
TOTAL 0.0 MM
24 HR TOTAL 0.0 MM
TOTALS 0.0 MM MM 0.0
SINCE 7/1 0.0 MM MM MM
SNOWDEPTH AVG. 0 0
DAYS >= 1.0 0 MM MM 0
GREATEST
SNOW DEPTH 0 0
24 HR TOTAL 0.0 MM
DEGREE DAYS
HEATING TOTAL 0 0 0 0
SINCE 7/1 0 0 0 MM
COOLING TOTAL 782 614 168 636
SINCE 1/1 3035 2462 573 MM
................................................................
WIND (MPH)
AVERAGE WIND SPEED 9.2
HIGHEST WIND SPEED/DIRECTION 32/100 DATE 08/22
HIGHEST GUST SPEED/DIRECTION 45/100 DATE 08/22
SKY COVER
AVERAGE SKY COVER 0.15
AVERAGE RH (PERCENT) 66
WEATHER CONDITIONS. NUMBER OF DAYS WITH
THUNDERSTORM 1 MIXED PRECIP 0
HEAVY RAIN 0 RAIN 1
LIGHT RAIN 1 FREEZING RAIN 0
LT FREEZING RAIN 0 HAIL 0
HEAVY SNOW 0 SNOW 0
LIGHT SNOW 0 SLEET 0
FOG 15 FOG W/VIS <= 1/4 MILE 0
HAZE 4
- INDICATES NEGATIVE NUMBERS.
R INDICATES RECORD WAS SET OR TIED.
MM INDICATES DATA IS MISSING.
T INDICATES TRACE AMOUNT.
$$