000
CXUS53 KSGF 010710
CF6VIH
PRELIMINARY LOCAL CLIMATOLOGICAL DATA (WS FORM: F-6)
STATION: VICHY-ROLLA MO
MONTH: MARCH
YEAR: 2023
LATITUDE: 38 7 N
LONGITUDE: 91 46 W
TEMPERATURE IN F: :PCPN: SNOW: WIND :SUNSHINE: SKY :PK WND
================================================================================
1 2 3 4 5 6A 6B 7 8 9 10 11 12 13 14 15 16 17 18
12Z AVG MX 2MIN
DY MAX MIN AVG DEP HDD CDD WTR SNW DPTH SPD SPD DIR MIN PSBL S-S WX SPD DR
================================================================================
1 65 40 53 13 12 0 0.00 M M 7.6 17 310 M M 0 24 330
2 52 33 43 2 22 0 0.69 M M 10.7 24 100 M M 4 1 33 100
3 45 34 40 -1 25 0 1.52 M M 11.2 28 320 M M 9 1 39 330
4 59 32 46 4 19 0 0.00 M M 6.1 14 310 M M 0 1 18 250
5 66 37 52 10 13 0 0.00 M M 12.6 24 160 M M 1 33 180
6 72 42 57 15 8 0 0.00 M M 12.9 23 260 M M 0 33 260
7 49 38 44 2 21 0 0.21 M M 12.0 22 90 M M 7 1 32 80
8 47 39 43 0 22 0 0.33 M M 10.8 24 110 M M 10 1 34 120
9 48 39 44 1 21 0 0.03 M M 9.3 21 300 M M 10 1 28 310
10 47 35 41 -3 24 0 0.00 M M 10.0 22 310 M M 7 30 330
11 45 33 39 -5 26 0 0.13 M M 10.8 23 130 M M 8 1 32 120
12 42 30 36 -8 29 0 0.00 M M 10.3 20 330 M M 9 12 28 340
13 31 27 29 -16 36 0 0.00 M M 10.8 18 310 M M 10 26 300
14 47 29 38 -7 27 0 0.00 M M 5.2 13 130 M M 5 16 130
15 M M M M M M M M M M M M M M M M M
16 61 34 48 2 17 0 0.26 M M 18.5 28 300 M M 9 1 37 190
17 42 25 34 -12 31 0 0.00 M M 14.1 25 300 M M 3 35 290
18 32 20 26 -20 39 0 0.00 M M 15.5 24 320 M M 6 33 310
19 41 17 29 -18 36 0 0.00 M M 6.8 14 280 M M 0 8 20 280
20 59 25 42 -5 23 0 0.00 M M 15.4 23 210 M M 1 32 200
21 44 40 42 -5 23 0 0.24 M M 13.7 20 160 M M 10 1 29 160
22 72 42 57 9 8 0 0.00 M M 12.7 20 190 M M 9 1 27 200
23 73 44 59 11 6 0 1.54 M M 11.6 21 220 M M 6 13 33 220
24 44 41 43 -5 22 0 1.03 M M 10.1 21 80 M M 10 123 29 70
25 58 40 49 0 16 0 T M M 9.4 21 270 M M 4 1 30 230
26 66 41 54 5 11 0 0.20 M M 10.9 18 320 M M 3 1 27 320
27 54 35 45 -4 20 0 0.00 M M 7.4 14 340 M M 5 20 350
28 46 28 37 -13 28 0 0.11 M M 5.8 16 300 M M 7 1 23 300
29 61 27 44 -6 21 0 0.00 M M 4.6 12 130 M M 0 15 200
30 70 43 57 7 8 0 0.07 M M 15.2 38 180 M M 6 13 52 170
31 76 53 65 14 0 0 0.15 M M 17.3 36 270 M M 7 13 53 260
================================================================================
SM 1614 1043 614 0 6.51 M 329.3 M 166
================================================================================
AV 53.8 34.8 11.0 FASTST M M 6 MAX(MPH)
MISC ----> 38 180 53 260
================================================================================
NOTES:
# LAST OF SEVERAL OCCURRENCES
COLUMN 17 PEAK WIND IN M.P.H.
PRELIMINARY LOCAL CLIMATOLOGICAL DATA (WS FORM: F-6) , PAGE 2
STATION: VICHY-ROLLA MO
MONTH: MARCH
YEAR: 2023
LATITUDE: 38 7 N
LONGITUDE: 91 46 W
[TEMPERATURE DATA] [PRECIPITATION DATA] SYMBOLS USED IN COLUMN 16
AVERAGE MONTHLY: 44.3 TOTAL FOR MONTH: 6.51 1 = FOG OR MIST
DPTR FM NORMAL: -1.3 DPTR FM NORMAL: 3.11 2 = FOG REDUCING VISIBILITY
HIGHEST: 76 ON 31 GRTST 24HR 2.49 ON 23-24 TO 1/4 MILE OR LESS
LOWEST: 17 ON 19 3 = THUNDER
SNOW, ICE PELLETS, HAIL 4 = ICE PELLETS
TOTAL MONTH: M 5 = HAIL
GRTST 24HR M ON M 6 = FREEZING RAIN OR DRIZZLE
GRTST DEPTH: M ON M 7 = DUSTSTORM OR SANDSTORM:
VSBY 1/2 MILE OR LESS
8 = SMOKE OR HAZE
[NO. OF DAYS WITH] [WEATHER - DAYS WITH] 9 = BLOWING SNOW
X = TORNADO
MAX 32 OR BELOW: 2 0.01 INCH OR MORE: 14
MAX 90 OR ABOVE: 0 0.10 INCH OR MORE: 12
MIN 32 OR BELOW: 10 0.50 INCH OR MORE: 4
MIN 0 OR BELOW: 0 1.00 INCH OR MORE: 3
[HDD (BASE 65) ]
TOTAL THIS MO. 614 CLEAR (SCALE 0-3) 9
DPTR FM NORMAL 8 PTCLDY (SCALE 4-7) 12
TOTAL FM JUL 1 3758 CLOUDY (SCALE 8-10) 10
DPTR FM NORMAL -546
[CDD (BASE 65) ]
TOTAL THIS MO. 0
DPTR FM NORMAL -5 [PRESSURE DATA]
TOTAL FM JAN 1 0 HIGHEST SLP M ON M
DPTR FM NORMAL -5 LOWEST SLP 29.27 ON 3
[REMARKS]
#FINAL-03-23#