000
CXUS52 KFFC 011010
CF6VPC
PRELIMINARY LOCAL CLIMATOLOGICAL DATA (WS FORM: F-6)
STATION: CARTERSVILLE
MONTH: JULY
YEAR: 2021
LATITUDE: 34 7 N
LONGITUDE: 84 51 W
TEMPERATURE IN F: :PCPN: SNOW: WIND :SUNSHINE: SKY :PK WND
================================================================================
1 2 3 4 5 6A 6B 7 8 9 10 11 12 13 14 15 16 17 18
12Z AVG MX 2MIN
DY MAX MIN AVG DEP HDD CDD WTR SNW DPTH SPD SPD DIR MIN PSBL S-S WX SPD DR
================================================================================
1 86 68 77 -1 0 12 0.01 0.0 M 2.5 7 260 M M 4 1 12 250
2 84 70 77 -1 0 12 0.39 0.0 M 1.5 6 M M M 5 1 13 99
3 81 64 73 -5 0 8 0.00 0.0 M 2.3 9 360 M M 0 M M
4 84 59 72 -6 0 7 0.00 M M 0.6 6 280 M M 2 128 M M
5 90 64 77 -1 0 12 0.00 M M 1.8 6 99 M M 5 128 M M
6 90 66 78 0 0 13 0.00 M M 3.7 9 120 M M 2 1 21 180
7 84 70 77 -1 0 12 0.33 M M 1.5 16 110 M M 7 1 30 110
8 84 70 77 -1 0 12 0.01 M M 3.0 9 280 M M 6 8 13 0
9 86 70 78 -1 0 13 0.28 M M 2.8 12 280 M M 5 13 24 280
10 88 70 79 0 0 14 0.26 M M 3.3 8 280 M M 5 1 12 99
11 88 70 79 0 0 14 0.05 0.0 M 4.5 15 170 M M 7 22 170
12 88 68 78 -1 0 13 0.51 M M 4.8 13 230 M M 4 1 22 250
13 84 68 76 -3 0 11 0.03 M M 2.7 8 170 M M 6 17 180
14 88 70 79 0 0 14 0.00 M M 1.6 7 150 M M 4 M M
15 88 70 79 0 0 14 0.00 M M 1.2 7 99 M M 2 13 99
16 91 70 81 2 0 16 0.35 M M 2.4 8 160 M M 2 3 20 240
17 86 68 77 -2 0 12 0.43 M M 2.3 10 280 M M 4 13 17 280
18 82 70 76 -3 0 11 1.87 M M 0.6 6 99 M M 8 2 13 0
19 81 72 77 -2 0 12 1.10 M M 0.8 6 160 M M 9 1 M M
20 82 72 77 -2 0 12 0.42 M M 1.9 8 120 M M 8 1 M M
21 86 72 79 0 0 14 0.70 M M 1.8 7 270 M M 6 1 15 280
22 88 70 79 0 0 14 0.00 M M 1.3 8 280 M M 4 18 M M
23 88 68 78 -1 0 13 0.00 M M 1.2 6 350 M M 3 128 M M
24 90 72 81 2 0 16 0.00 M M 1.2 5 90 M M 4 1 14 0
25 84 73 79 0 0 14 0.00 M M 0.4 5 90 M M 2 18 M M
26 91 75 83 4 0 18 0.00 0.0 M 2.4 8 30 M M 2 18 99
27 91 73 82 3 0 17 0.00 M 0 1.2 6 99 M M 2 12 99
28 91 72 82 3 0 17 0.00 0.0 M 1.9 6 350 M M 3 12 99
29 93 72 83 4 0 18 0.00 M M 1.1 5 270 M M 0 1 M M
30 93 72 83 4 0 18 0.60 M M 4.1 17 40 M M 3 138 24 40
31 90 72 81 2 0 16 0.00 M M 2.6 7 270 M M 4 1 12 99
================================================================================
SM 2700 2160 0 419 7.34 0.0 65.0 M 128
================================================================================
AV 87.1 69.7 2.1 FASTST M M 4 MAX(MPH)
MISC ----> 17 40 30 110
================================================================================
NOTES:
# LAST OF SEVERAL OCCURRENCES
COLUMN 17 PEAK WIND IN M.P.H.
PRELIMINARY LOCAL CLIMATOLOGICAL DATA (WS FORM: F-6) , PAGE 2
STATION: CARTERSVILLE
MONTH: JULY
YEAR: 2021
LATITUDE: 34 7 N
LONGITUDE: 84 51 W
[TEMPERATURE DATA] [PRECIPITATION DATA] SYMBOLS USED IN COLUMN 16
AVERAGE MONTHLY: 78.4 TOTAL FOR MONTH: 7.34 1 = FOG OR MIST
DPTR FM NORMAL: -0.4 DPTR FM NORMAL: 3.46 2 = FOG REDUCING VISIBILITY
HIGHEST: 93 ON 30,29 GRTST 24HR 1.87 ON 18-18 TO 1/4 MILE OR LESS
LOWEST: 59 ON 4 3 = THUNDER
SNOW, ICE PELLETS, HAIL 4 = ICE PELLETS
TOTAL MONTH: 0.0 INCH 5 = HAIL
GRTST 24HR 0.0 6 = FREEZING RAIN OR DRIZZLE
GRTST DEPTH: 0 7 = DUSTSTORM OR SANDSTORM:
VSBY 1/2 MILE OR LESS
8 = SMOKE OR HAZE
[NO. OF DAYS WITH] [WEATHER - DAYS WITH] 9 = BLOWING SNOW
X = TORNADO
MAX 32 OR BELOW: 0 0.01 INCH OR MORE: 16
MAX 90 OR ABOVE: 10 0.10 INCH OR MORE: 12
MIN 32 OR BELOW: 0 0.50 INCH OR MORE: 5
MIN 0 OR BELOW: 0 1.00 INCH OR MORE: 2
[HDD (BASE 65) ]
TOTAL THIS MO. 0 CLEAR (SCALE 0-3) 11
DPTR FM NORMAL 0 PTCLDY (SCALE 4-7) 19
TOTAL FM JUL 1 0 CLOUDY (SCALE 8-10) 1
DPTR FM NORMAL 0
[CDD (BASE 65) ]
TOTAL THIS MO. 419
DPTR FM NORMAL -9 [PRESSURE DATA]
TOTAL FM JAN 1 908 HIGHEST SLP M ON M
DPTR FM NORMAL -21 LOWEST SLP M ON M
[REMARKS]
#FINAL-07-21#