000
CXUS52 KMLB 011654
CLMVRB
CLIMATE REPORT
NATIONAL WEATHER SERVICE MELBOURNE FL
1254 PM EDT FRI SEP 01 2023
...................................
...THE VERO BEACH CLIMATE SUMMARY FOR THE MONTH OF AUGUST 2023...
CLIMATE NORMAL PERIOD 1991 TO 2020
CLIMATE RECORD PERIOD 1942 TO 2023
WEATHER OBSERVED NORMAL DEPART LAST YEAR`S
VALUE DATE(S) VALUE FROM VALUE
NORMAL
..............................................................
TEMPERATURE (F)
MONTHLY RECORD
WARMEST 83.8 2020
COOLEST 79.8 1967
DAILY RECORD
HIGH 98 08/17/2022
08/02/1999
08/07/1989
LOW 63 08/03/1972
AUGUST 2023
HIGHEST 98R 08/10 98
LOWEST 72 08/02 70
08/18
08/26
AVG. MAXIMUM 92.0 90.6 1.4 92.5
AVG. MINIMUM 76.6 73.6 3.0 74.3
MEAN 84.3R 82.1 2.2 83.4
DAYS MAX >= 90 28 20.8 7.2 29
DAYS MAX <= 32 0 0.0 0.0 0
DAYS MIN <= 32 0 0.0 0.0 0
DAYS MIN <= 0 0 0.0 0.0 0
PRECIPITATION (INCHES)
MONTHLY RECORD
MAXIMUM 18.91 2008
MINIMUM 1.22 1980
DAILY RECORD
MAXIMUM 6.48 08/27/2012
AUGUST 2023
TOTALS 3.78 7.35 -3.57 1.51
DAYS >= .01 13 15.0 -2.0 8
DAYS >= .10 8 9.5 -1.5 3
DAYS >= .50 2 4.3 -2.3 1
DAYS >= 1.00 1 2.3 -1.3 0
GREATEST
24 HR. TOTAL 3.23 07/31 TO 08/01
SNOWFALL (INCHES)
TOTALS 0.0 0.0 0.0 0.0
SINCE 7/1 0.0 0.0 0.0 MM
DAYS >= TRACE 0 0
DEGREE DAYS
HEATING TOTAL 0 0 0 0
SINCE 7/1 0 0 0 MM
COOLING TOTAL 605 530 75 578
SINCE 1/1 2913 2407 506 MM
..............................................................
WIND (MPH)
AVERAGE WIND SPEED 7.6
HIGHEST WIND SPEED/DIRECTION 39/260 DATE 08/30
HIGHEST GUST SPEED/DIRECTION 52/240 DATE 08/30
SKY COVER
POSSIBLE SUNSHINE (PERCENT) MM
AVERAGE SKY COVER 0.20
NUMBER OF DAYS FAIR 29
NUMBER OF DAYS PC 2
NUMBER OF DAYS CLOUDY 0
AVERAGE RH (PERCENT) 76
WEATHER CONDITIONS. NUMBER OF DAYS WITH
THUNDERSTORM 19 MIXED PRECIP 0
HEAVY RAIN 8 RAIN 6
LIGHT RAIN 12 LT FREEZING RAIN 0
HAIL 0 LIGHT SNOW 0
SLEET 0 FOG 12
FOG W/VIS <= 1/4 MILE 1 HAZE 5
- INDICATES NEGATIVE NUMBERS.
R INDICATES RECORD WAS SET OR TIED.
MM INDICATES DATA IS MISSING.
T INDICATES TRACE AMOUNT.
$$