000
CXUS55 KLBF 011410
CF6VTN
PRELIMINARY LOCAL CLIMATOLOGICAL DATA (WS FORM: F-6)
STATION: VALENTINE
MONTH: AUGUST
YEAR: 2022
LATITUDE: 42 52 N
LONGITUDE: 100 33 W
TEMPERATURE IN F: :PCPN: SNOW: WIND :SUNSHINE: SKY :PK WND
================================================================================
1 2 3 4 5 6A 6B 7 8 9 10 11 12 13 14 15 16 17 18
12Z AVG MX 2MIN
DY MAX MIN AVG DEP HDD CDD WTR SNW DPTH SPD SPD DIR MIN PSBL S-S WX SPD DR
================================================================================
1 101 61 81 5 0 16 0.05 0.0 0 9.7 25 150 M M 0 31 210
2 109 63 86 10 0 21 T 0.0 0 11.1 35 230 M M 0 57 250
3 93 65 79 3 0 14 0.00 0.0 0 9.6 23 50 M M 0 34 50
4 99 65 82 6 0 17 0.71 0.0 0 17.5 35 120 M M 1 3 45 150
5 103 70 87 11 0 22 0.24 0.0 0 18.4 32 330 M M 0 13 44 330
6 79 62 71 -4 0 6 0.14 0.0 0 12.5 26 10 M M 4 13 38 40
7 74 55 65 -10 0 0 0.02 0.0 0 8.9 17 20 M M 7 1 23 350
8 90 50 70 -5 0 5 0.00 0.0 0 6.3 17 110 M M 0 22 130
9 100 62 81 6 0 16 0.00 0.0 0 7.0 21 210 M M 1 27 210
10 97 64 81 6 0 16 0.00 0.0 0 7.7 16 90 M M 0 23 20
11 101 65 83 8 0 18 0.00 0.0 0 13.1 24 180 M M 0 33 180
12 97 69 83 9 0 18 0.00 0.0 0 12.6 22 190 M M 0 31 200
13 84 63 74 0 0 9 T 0.0 0 7.7 15 40 M M 0 19 40
14 80 61 71 -3 0 6 0.19 0.0 0 7.4 22 290 M M 0 13 31 280
15 77 62 70 -4 0 5 0.30 0.0 0 9.8 30 190 M M 5 13 39 190
16 72 60 66 -8 0 1 0.04 0.0 0 7.9 13 130 M M 9 1 18 130
17 85 53 69 -5 0 4 0.00 0.0 0 9.9 20 170 M M 0 1 29 200
18 89 59 74 1 0 9 0.00 0.0 0 11.0 28 330 M M 0 38 340
19 82 58 70 -3 0 5 0.00 0.0 0 10.7 23 330 M M 2 32 330
20 83 56 70 -3 0 5 0.00 0.0 0 6.8 12 130 M M 3 16 50
21 90 57 74 1 0 9 0.00 0.0 0 7.0 16 190 M M 0 28 180
22 95 62 79 7 0 14 0.00 0.0 0 9.6 18 160 M M 1 25 190
23 98 63 81 9 0 16 0.09 0.0 0 9.5 39 190 M M 0 3 48 180
24 90 65 78 6 0 13 T 0.0 0 6.6 16 240 M M 2 23 240
25 85 64 75 3 0 10 T 0.0 0 11.4 20 80 M M 5 12 27 70
26 92 67 80 8 0 15 0.00 0.0 0 9.7 20 360 M M 3 28 360
27 91 62 77 6 0 12 0.00 0.0 0 11.2 25 200 M M 0 33 190
28 88 60 74 3 0 9 0.00 0.0 0 10.4 23 330 M M 0 32 340
29 89 54 72 1 0 7 0.00 0.0 0 8.1 18 340 M M 0 27 30
30 93 45 69 -1 0 4 0.00 0.0 0 5.0 15 130 M M 0 22 140
31 94 56 75 5 0 10 0.00 0.0 0 6.1 30 250 M M 0 39 240
================================================================================
SM 2800 1878 0 332 1.78 0.0 300.2 M 43
================================================================================
AV 90.3 60.6 9.7 FASTST M M 1 MAX(MPH)
MISC ----> 39 190 57 250
================================================================================
NOTES:
# LAST OF SEVERAL OCCURRENCES
COLUMN 17 PEAK WIND IN M.P.H.
PRELIMINARY LOCAL CLIMATOLOGICAL DATA (WS FORM: F-6) , PAGE 2
STATION: VALENTINE
MONTH: AUGUST
YEAR: 2022
LATITUDE: 42 52 N
LONGITUDE: 100 33 W
[TEMPERATURE DATA] [PRECIPITATION DATA] SYMBOLS USED IN COLUMN 16
AVERAGE MONTHLY: 75.5 TOTAL FOR MONTH: 1.78 1 = FOG OR MIST
DPTR FM NORMAL: 1.9 DPTR FM NORMAL: -0.26 2 = FOG REDUCING VISIBILITY
HIGHEST: 109 ON 2 GRTST 24HR 0.71 ON 4- 4 TO 1/4 MILE OR LESS
LOWEST: 45 ON 30 3 = THUNDER
SNOW, ICE PELLETS, HAIL 4 = ICE PELLETS
TOTAL MONTH: 0.0 INCH 5 = HAIL
GRTST 24HR 0.0 6 = FREEZING RAIN OR DRIZZLE
GRTST DEPTH: 0 7 = DUSTSTORM OR SANDSTORM:
VSBY 1/2 MILE OR LESS
8 = SMOKE OR HAZE
[NO. OF DAYS WITH] [WEATHER - DAYS WITH] 9 = BLOWING SNOW
X = TORNADO
MAX 32 OR BELOW: 0 0.01 INCH OR MORE: 9
MAX 90 OR ABOVE: 18 0.10 INCH OR MORE: 5
MIN 32 OR BELOW: 0 0.50 INCH OR MORE: 1
MIN 0 OR BELOW: 0 1.00 INCH OR MORE: 0
[HDD (BASE 65) ]
TOTAL THIS MO. 0 CLEAR (SCALE 0-3) 25
DPTR FM NORMAL -14 PTCLDY (SCALE 4-7) 5
TOTAL FM JUL 1 0 CLOUDY (SCALE 8-10) 1
DPTR FM NORMAL -15
[CDD (BASE 65) ]
TOTAL THIS MO. 332
DPTR FM NORMAL 53 [PRESSURE DATA]
TOTAL FM JAN 1 983 HIGHEST SLP 30.20 ON 30
DPTR FM NORMAL 164 LOWEST SLP 29.50 ON 28
[REMARKS]
#FINAL-08-22#