000
CXUS54 KFWD 161603
CF6XBP
PRELIMINARY LOCAL CLIMATOLOGICAL DATA (WS FORM: F-6)
STATION: BRIDGEPORT
MONTH: JANUARY
YEAR: 2024
LATITUDE: 33 10 N
LONGITUDE: 96 30 W
TEMPERATURE IN F: :PCPN: SNOW: WIND :SUNSHINE: SKY :PK WND
================================================================================
1 2 3 4 5 6A 6B 7 8 9 10 11 12 13 14 15 16 17 18
12Z AVG MX 2MIN
DY MAX MIN AVG DEP HDD CDD WTR SNW DPTH SPD SPD DIR MIN PSBL S-S WX SPD DR
================================================================================
1 43 26 35 -7 30 0 0.00 M M 3.7 10 10 M M 4 17 360
2 47 24 36 -6 29 0 0.67 M M 1.6 9 100 M M 4 18 M M
3 54 35 45 3 20 0 0.00 M M 2.0 7 320 M M 6 1 M M
4 56 34 45 3 20 0 0.26 M M 4.6 13 150 M M 9 12 21 130
5 57 41 49 7 16 0 0.09 M M 6.9 12 290 M M 7 21 310
6 51 36 44 2 21 0 0.00 M M 6.0 12 330 M M 3 M M
7 59 27 43 1 22 0 0.00 M M 7.8 15 140 M M 1 23 140
8 59 37 48 6 17 0 0.42 M M 13.6 29 280 M M 7 3 47 290
9 49 26 38 -4 27 0 0.00 M M 13.7 28 300 M M 1 37 300
10 67 24 46 4 19 0 0.00 M M 8.2 21 220 M M 0 29 220
11 73 29 51 9 14 0 0.00 M M 5.8 13 180 M M 1 18 220
12 60 25 43 1 22 0 0.00 M M 11.2 24 310 M M 2 35 310
13 58 17 38 -4 27 0 0.00 M M 8.2 20 350 M M 0 28 360
14 17 11 14 -28 51 0 T M M 10.1 14 360 M M 8 21 360
15 26 9 18 -24 47 0 0.00 M M 10.6 16 20 M M 3 24 20
16 27 11 19 -23 46 0 0.00 M M 7.2 16 10 M M 1 23 360
17 46 10 28 -14 37 0 0.00 M M 7.7 18 170 M M 0 28 170
18 57 34 46 4 19 0 0.00 M M 6.3 14 190 M M 0 20 190
19 42 21 32 -10 33 0 0.00 M M 11.3 16 360 M M 0 30 350
20 36 17 27 -15 38 0 0.00 M M 3.5 7 100 M M 1 M M
21 39 29 34 -8 31 0 0.09 M M 7.6 15 150 M M 10 21 140
22 39 32 36 -7 29 0 0.08 M M 3.2 7 110 M M 10 1 M M
23 49 39 44 1 21 0 0.18 M M 1.8 7 340 M M 10 1 M M
24 51 42 47 4 18 0 M M M 3.3 7 280 M M 10 1 M M
25 56 40 48 5 17 0 0.00 M M 1.5 6 280 M M 7 1 M M
26 50 42 46 3 19 0 0.24 M M 5.0 9 70 M M 10 12 16 30
27 50 35 43 0 22 0 M M M 7.2 13 330 M M 6 18 330
28 64 28 46 3 19 0 0.00 M M 1.7 6 160 M M 0 8 M M
29 72 33 53 10 12 0 0.00 M M 4.2 14 290 M M 0 21 290
30 75 37 56 13 9 0 0.00 M M 3.0 7 280 M M 0 M M
31 73 35 54 11 11 0 0.00 M M 3.5 10 190 M M 0 16 140
================================================================================
SM 1602 886 763 0 2.03 M 192.0 M 121
================================================================================
AV 51.7 28.6 6.2 FASTST M M 4 MAX(MPH)
MISC ----> 29 280 47 290
================================================================================
NOTES:
# LAST OF SEVERAL OCCURRENCES
COLUMN 17 PEAK WIND IN M.P.H.
PRELIMINARY LOCAL CLIMATOLOGICAL DATA (WS FORM: F-6) , PAGE 2
STATION: BRIDGEPORT
MONTH: JANUARY
YEAR: 2024
LATITUDE: 33 10 N
LONGITUDE: 96 30 W
[TEMPERATURE DATA] [PRECIPITATION DATA] SYMBOLS USED IN COLUMN 16
AVERAGE MONTHLY: 40.1 TOTAL FOR MONTH: 2.03 1 = FOG OR MIST
DPTR FM NORMAL: -2.2 DPTR FM NORMAL: 0.48 2 = FOG REDUCING VISIBILITY
HIGHEST: 75 ON 30 GRTST 24HR 1.03 ON 22-23 TO 1/4 MILE OR LESS
LOWEST: 9 ON 15 3 = THUNDER
SNOW, ICE PELLETS, HAIL 4 = ICE PELLETS
TOTAL MONTH: M 5 = HAIL
GRTST 24HR M ON M 6 = FREEZING RAIN OR DRIZZLE
GRTST DEPTH: M ON M 7 = DUSTSTORM OR SANDSTORM:
VSBY 1/2 MILE OR LESS
8 = SMOKE OR HAZE
[NO. OF DAYS WITH] [WEATHER - DAYS WITH] 9 = BLOWING SNOW
X = TORNADO
MAX 32 OR BELOW: 3 0.01 INCH OR MORE: 8
MAX 90 OR ABOVE: 0 0.10 INCH OR MORE: 5
MIN 32 OR BELOW: 17 0.50 INCH OR MORE: 1
MIN 0 OR BELOW: 0 1.00 INCH OR MORE: 0
[HDD (BASE 65) ]
TOTAL THIS MO. 763 CLEAR (SCALE 0-3) 15
DPTR FM NORMAL 59 PTCLDY (SCALE 4-7) 10
TOTAL FM JUL 1 1690 CLOUDY (SCALE 8-10) 6
DPTR FM NORMAL -187
[CDD (BASE 65) ]
TOTAL THIS MO. 0
DPTR FM NORMAL 0 [PRESSURE DATA]
TOTAL FM JAN 1 0 HIGHEST SLP M ON M
DPTR FM NORMAL 0 LOWEST SLP M ON M
[REMARKS]
#FINAL-01-24#