000
CXUS54 KFWD 010731
CF6XBP
PRELIMINARY LOCAL CLIMATOLOGICAL DATA (WS FORM: F-6)
STATION: BRIDGEPORT
MONTH: APRIL
YEAR: 2020
LATITUDE: 33 10 N
LONGITUDE: 96 30 W
TEMPERATURE IN F: :PCPN: SNOW: WIND :SUNSHINE: SKY :PK WND
================================================================================
1 2 3 4 5 6A 6B 7 8 9 10 11 12 13 14 15 16 17 18
12Z AVG MX 2MIN
DY MAX MIN AVG DEP HDD CDD WTR SNW DPTH SPD SPD DIR MIN PSBL S-S WX SPD DR
================================================================================
1 69 47 58 0 7 0 0.00 0.0 0 8.3 15 160 M M 0 23 160
2 69 58 64 5 1 0 0.00 0.0 0 11.5 16 160 M M 6 22 170
3 66 39 53 -6 12 0 0.11 0.0 0 9.5 18 340 M M 10 1 27 360
4 46 39 43 -16 22 0 0.29 0.0 0 4.8 10 10 M M 10 13 M M
5 62 45 54 -6 11 0 M 0.0 0 3.4 8 140 M M 10 1 M M
6 69 58 64 4 1 0 0.00 0.0 0 5.8 13 170 M M 7 1 16 170
7 86 62 74 14 0 9 0.00 0.0 0 5.6 8 220 M M 0 M M
8 92 61 77 17 0 12 0.00 0.0 0 6.1 13 230 M M 0 22 250
9 73 57 65 4 0 0 0.00 0.0 0 3.9 10 50 M M 1 M M
10 72 51 62 1 3 0 0.00 0.0 0 5.8 13 80 M M 0 16 90
11 69 56 63 2 2 0 0.41 0.0 0 7.6 14 180 M M 6 3 20 180
12 78 42 60 -2 5 0 0.04 0.0 0 10.8 20 330 M M 4 30 340
13 55 36 46 -16 19 0 0.00 0.0 0 9.9 20 360 M M 0 29 360
14 54 35 45 -17 20 0 0.00 0.0 0 6.3 12 340 M M 7 16 360
15 64 31 48 -14 17 0 0.00 0.0 0 3.5 9 160 M M 0 M M
16 74 44 59 -4 6 0 0.00 0.0 0 10.3 17 170 M M 0 24 190
17 64 40 52 -11 13 0 0.00 0.0 0 7.5 14 180 M M 6 20 340
18 64 35 50 -13 15 0 0.00 0.0 0 3.4 12 170 M M 6 1 M M
19 80 56 68 4 0 3 0.00 0.0 0 5.4 10 340 M M 4 20 140
20 75 47 61 -3 4 0 0.00 0.0 0 1.8 7 140 M M 4 128 M M
21 82 53 68 4 0 3 0.00 0.0 0 6.4 14 130 M M 4 1 22 150
22 88 58 73 9 0 8 0.00 0.0 0 9.4 17 260 M M 3 1 28 200
23 83 55 69 5 0 4 0.00 0.0 0 4.4 9 160 M M 0 8 18 310
24 85 57 71 6 0 6 0.00 0.0 0 8.9 15 340 M M 0 24 340
25 76 49 63 -2 2 0 0.00 0.0 0 6.2 12 340 M M 0 18 320
26 82 46 64 -1 1 0 0.00 0.0 0 5.0 10 160 M M 0 18 200
27 86 63 75 9 0 10 0.00 0.0 0 10.8 21 170 M M 0 29 180
28 88 67 78 12 0 13 1.18 0.0 0 9.5 15 170 M M 2 3 23 190
29 77 51 64 -2 1 0 0.00 0.0 0 7.5 20 340 M M 1 3 28 340
30 82 46 64 -2 1 0 0.00 0.0 0 3.9 12 150 M M 0 M M
================================================================================
SM 2210 1484 163 68 2.03 0.0 203.2 M 91
================================================================================
AV 73.7 49.5 6.8 FASTST M M 3 MAX(MPH)
MISC ----> # 21 170 # 30 340
================================================================================
NOTES:
# LAST OF SEVERAL OCCURRENCES
COLUMN 17 PEAK WIND IN M.P.H.
PRELIMINARY LOCAL CLIMATOLOGICAL DATA (WS FORM: F-6) , PAGE 2
STATION: BRIDGEPORT
MONTH: APRIL
YEAR: 2020
LATITUDE: 33 10 N
LONGITUDE: 96 30 W
[TEMPERATURE DATA] [PRECIPITATION DATA] SYMBOLS USED IN COLUMN 16
AVERAGE MONTHLY: 61.6 TOTAL FOR MONTH: 2.03 1 = FOG OR MIST
DPTR FM NORMAL: -0.8 DPTR FM NORMAL: -0.85 2 = FOG REDUCING VISIBILITY
HIGHEST: 92 ON 8 GRTST 24HR 1.18 ON 28-28 TO 1/4 MILE OR LESS
LOWEST: 31 ON 15 3 = THUNDER
SNOW, ICE PELLETS, HAIL 4 = ICE PELLETS
TOTAL MONTH: 0.0 INCH 5 = HAIL
GRTST 24HR 0.0 6 = FREEZING RAIN OR DRIZZLE
GRTST DEPTH: 0 7 = DUSTSTORM OR SANDSTORM:
VSBY 1/2 MILE OR LESS
8 = SMOKE OR HAZE
[NO. OF DAYS WITH] [WEATHER - DAYS WITH] 9 = BLOWING SNOW
X = TORNADO
MAX 32 OR BELOW: 0 0.01 INCH OR MORE: 5
MAX 90 OR ABOVE: 1 0.10 INCH OR MORE: 4
MIN 32 OR BELOW: 1 0.50 INCH OR MORE: 1
MIN 0 OR BELOW: 0 1.00 INCH OR MORE: 1
[HDD (BASE 65) ]
TOTAL THIS MO. 163 CLEAR (SCALE 0-3) 16
DPTR FM NORMAL 24 PTCLDY (SCALE 4-7) 11
TOTAL FM JUL 1 2532 CLOUDY (SCALE 8-10) 3
DPTR FM NORMAL -405
[CDD (BASE 65) ]
TOTAL THIS MO. 68
DPTR FM NORMAL 5 [PRESSURE DATA]
TOTAL FM JAN 1 124 HIGHEST SLP M ON M
DPTR FM NORMAL 45 LOWEST SLP M ON M
[REMARKS]
#FINAL-04-20#