000
CXUS54 KTSA 131517
CF6XNA
PRELIMINARY LOCAL CLIMATOLOGICAL DATA (WS FORM: F-6)
STATION: HIGHFILL ARKANSAS
MONTH: MAY
YEAR: 2021
LATITUDE: 36 16 N
LONGITUDE: 94 19 W
TEMPERATURE IN F: :PCPN: SNOW: WIND :SUNSHINE: SKY :PK WND
================================================================================
1 2 3 4 5 6A 6B 7 8 9 10 11 12 13 14 15 16 17 18
12Z AVG MX 2MIN
DY MAX MIN AVG DEP HDD CDD WTR SNW DPTH SPD SPD DIR MIN PSBL S-S WX SPD DR
================================================================================
1 77 50 64 2 1 0 0.00 0.0 M 7.7 18 180 M M 1 26 190
2 71 57 64 2 1 0 0.07 0.0 M 7.3 18 170 M M 6 1 24 170
3 78 52 65 2 0 0 0.50 0.0 M 7.1 23 220 M M 4 1238 36 230
4 62 43 53 -10 12 0 0.59 0.0 M 9.6 25 350 M M 7 1 34 350
5 71 37 54 -9 11 0 0.00 0.0 M 3.2 12 40 M M 0 1 20 70
6 72 47 60 -4 5 0 0.00 0.0 M 7.9 21 310 M M 0 30 290
7 63 41 52 -12 13 0 0.11 0.0 M 5.1 12 160 M M 6 3 15 170
8 81 53 67 3 0 2 T 0.0 M 14.7 30 180 M M 2 44 200
9 74 51 63 -1 2 0 T 0.0 M 14.4 24 270 M M 9 1 33 200
10 64 48 56 -9 9 0 0.00 0.0 M 8.2 15 60 M M 8 25 70
11 60 47 54 -11 11 0 0.48 0.0 M 8.5 20 70 M M 7 13 31 60
12 69 47 58 -7 7 0 0.00 0.0 M 7.6 16 60 M M 8 28 70
13 71 49 60 -5 5 0 0.00 0.0 M 2.7 9 130 M M 5 20 90
14 72 45 59 -7 6 0 0.00 0.0 M 5.8 17 120 M M 2 24 120
15 72 53 63 -3 2 0 0.16 0.0 M 4.9 15 200 M M 6 13 21 190
16 76 53 65 -1 0 0 0.01 0.0 M 7.8 17 160 M M 4 1 27 120
17 76 63 70 3 0 5 0.56 0.0 M 8.2 20 200 M M 7 1 26 190
18 79 57 68 1 0 3 0.09 0.0 M 7.9 17 170 M M 4 12 23 160
19 73 63 68 1 0 3 0.07 0.0 M 9.3 17 130 M M 8 1 24 110
20 73 66 70 3 0 5 0.08 0.0 M 10.2 18 140 M M 6 1 26 140
21 69 65 67 -1 0 2 0.51 0.0 M 10.3 18 140 M M 9 1 25 160
22 80 64 72 4 0 7 0.09 0.0 M 7.6 24 160 M M 4 1 32 160
23 83 65 74 6 0 9 0.00 0.0 M 4.4 13 190 M M 5 8 17 150
24 77 62 70 1 0 5 T 0.0 M 4.8 13 170 M M 3 18 180
25 73 65 69 0 0 4 0.36 0.0 M 7.0 15 190 M M 8 1 19 190
26 84 64 74 5 0 9 0.00 0.0 M 5.0 10 190 M M 5 15 230
27 83 64 74 4 0 9 1.06 0.0 M 9.3 30 150 M M 5 13 43 290
28 71 52 62 -8 3 0 0.02 0.0 M 9.8 17 350 M M 5 1 27 310
29 65 51 58 -12 7 0 0.00 0.0 M 10.0 15 40 M M 6 25 80
30 73 49 61 -9 4 0 0.00 0.0 M 3.5 14 110 M M 1 19 120
31 69 51 60 -11 5 0 0.38 0.0 M 6.4 16 160 M M 3 1 21 160
================================================================================
SM 2261 1674 104 63 5.14 0.0 236.2 M 154
================================================================================
AV 72.9 54.0 7.6 FASTST M M 5 MAX(MPH)
MISC ----> # 30 180 44 200
================================================================================
NOTES:
# LAST OF SEVERAL OCCURRENCES
COLUMN 17 PEAK WIND IN M.P.H.
PRELIMINARY LOCAL CLIMATOLOGICAL DATA (WS FORM: F-6) , PAGE 2
STATION: HIGHFILL ARKANSAS
MONTH: MAY
YEAR: 2021
LATITUDE: 36 16 N
LONGITUDE: 94 19 W
[TEMPERATURE DATA] [PRECIPITATION DATA] SYMBOLS USED IN COLUMN 16
AVERAGE MONTHLY: 63.5 TOTAL FOR MONTH: 5.14 1 = FOG OR MIST
DPTR FM NORMAL: -2.8 DPTR FM NORMAL: -0.78 2 = FOG REDUCING VISIBILITY
HIGHEST: 84 ON 26 GRTST 24HR 1.09 ON 3- 4 TO 1/4 MILE OR LESS
LOWEST: 37 ON 5 3 = THUNDER
SNOW, ICE PELLETS, HAIL 4 = ICE PELLETS
TOTAL MONTH: 0.0 INCH 5 = HAIL
GRTST 24HR 0.0 6 = FREEZING RAIN OR DRIZZLE
GRTST DEPTH: M ON M 7 = DUSTSTORM OR SANDSTORM:
VSBY 1/2 MILE OR LESS
8 = SMOKE OR HAZE
[NO. OF DAYS WITH] [WEATHER - DAYS WITH] 9 = BLOWING SNOW
X = TORNADO
MAX 32 OR BELOW: 0 0.01 INCH OR MORE: 17
MAX 90 OR ABOVE: 0 0.10 INCH OR MORE: 10
MIN 32 OR BELOW: 0 0.50 INCH OR MORE: 5
MIN 0 OR BELOW: 0 1.00 INCH OR MORE: 1
[HDD (BASE 65) ]
TOTAL THIS MO. 104 CLEAR (SCALE 0-3) 6
DPTR FM NORMAL 32 PTCLDY (SCALE 4-7) 21
TOTAL FM JUL 1 4055 CLOUDY (SCALE 8-10) 4
DPTR FM NORMAL 200
[CDD (BASE 65) ]
TOTAL THIS MO. 63
DPTR FM NORMAL -51 [PRESSURE DATA]
TOTAL FM JAN 1 78 HIGHEST SLP M ON M
DPTR FM NORMAL -72 LOWEST SLP 29.53 ON 2
[REMARKS]
#FINAL-05-21#