000
CXAK57 PAYA 010925
CLMYAK

CLIMATE REPORT
NATIONAL WEATHER SERVICE YAKUTAT, AK
1225 AM AKST TUE MAR 1 2016

...................................

...THE YAKUTAT AP CLIMATE SUMMARY FOR THE MONTH OF FEBRUARY 2016...

CLIMATE NORMAL PERIOD 1981 TO 2010
CLIMATE RECORD PERIOD 1948 TO 2016

WEATHER         OBSERVED          NORMAL  DEPART  LAST YEAR`S
                 VALUE   DATE(S)  VALUE   FROM    VALUE  DATE(S)
                                          NORMAL
................................................................
TEMPERATURE (F)
RECORD
 HIGH              54   2/19/2010
 LOW              -20   2/01/1989
HIGHEST            48   2/25         45       3      47  2/26
LOWEST             16                 3      13      10  2/07
AVG. MAXIMUM       42.0              36.3     5.7    40.2
AVG. MINIMUM       32.3              22.9     9.4    26.7
MEAN               37.1              29.7     7.4    33.5
DAYS MAX >= 90      0                 0.0     0.0     0
DAYS MAX <= 32      0                 6.7    -6.7     4
DAYS MAX >= 80      0                 0.0     0.0     0
DAYS MAX >= 70      0                 0.0     0.0     0
DAYS MIN <= 32     14                22.6    -8.6    17
DAYS MIN <= 0       0                 1.2    -1.2     0

PRECIPITATION (INCHES)
RECORD
 MAXIMUM           32.13   1964
 MINIMUM            0.21   1989
TOTALS             10.87             10.86    0.01   10.35
DAILY AVG.          0.37              0.38   -0.01    0.37
DAYS >= .01        22                18.4     3.6    16
DAYS >= .10        21                14.0     7.0    10
DAYS >= .50         9                 7.1     1.9     8
DAYS >= 1.0         2                 3.3    -1.3     6
GREATEST
 24 HR TOTAL        1.36   2/24                       2.20  2/21

SNOWFALL (INCHES)
RECORDS
 TOTAL             87.3   1965
 24 HR TOTAL       20.5   2-11-1959
 SNOW DEPTH       100     2-18-1972
TOTALS              2.2              28.6   -26.4     4.0
SINCE 7/1          49.2             116.4   -67.2    12.8
SNOWDEPTH AVG.      0                12     -12       0
DAYS >= TRACE       9                14.7    -5.7     4
DAYS >= 1.0         2                 7.3    -5.3     2
DAYS >= 6.0         0                 1.4    -1.4     0
GREATEST
 SNOW DEPTH         1   2/20                          5  2/10
 24 HR TOTAL      1.2   2/19                        2.6  2/08

DEGREE_DAYS
HEATING TOTAL     802               990    -188     941
 SINCE 7/1       5337              6129    -792    5497
COOLING TOTAL       0                 0       0       0
 SINCE 1/1          0                 0       0       0
................................................................

WIND (MPH)
AVERAGE WIND SPEED                5.8
HIGHEST WIND SPEED/DIRECTION     25/130    DATE   02/12
HIGHEST GUST SPEED/DIRECTION     37/140    DATE   02/24

SKY COVER
POSSIBLE SUNSHINE (PERCENT)   MM
AVERAGE SKY COVER             MM
NUMBER OF DAYS FAIR           MM
NUMBER OF DAYS PC             MM
NUMBER OF DAYS CLOUDY         MM

AVERAGE RH (PERCENT)     MM

WEATHER CONDITIONS. NUMBER OF DAYS WITH
THUNDERSTORM              0     ICE PELLETS                 7
RAIN                     23     GLAZE                       0
DRIZZLE                   0     HAIL                        0
SNOW                      3     HAZE                        1
FOG                      26     FOG W/VIS <= 1/4 MILE       0
BLOWING SNOW              0


-  INDICATES NEGATIVE NUMBERS.
R  INDICATES RECORD WAS SET OR TIED.
MM INDICATES DATA IS MISSING.
T  INDICATES TRACE AMOUNT.

&&
THE MONTH OF FEBRUARY WAS WARMER AND WINDIER THEN USUAL, BECAUSE OF THIS YAKUTAT
WAS WELL UNDER THE MONTHLY AVERAGE WITH SNOWFALL. WHILE WE REPEATEDLY HIT MAX
TEMPERATURES IN THE 40`S WE DID NOT BREAK ANY RECORDS AND ONLY DROPPED BELOW
FREEZING 10 TIMES. THE RAINFALL WAS JUST OVER 10 INCHES WHICH IS ABOUT NORMAL FOR
THIS TIME OF YEAR. WE HAD SEVERAL DAYS WITH THE WINDS ABOVE 30 MPH WITH THE PEAK
WIND HITTING 37 MPH ON THE 24TH.

$$
DC MAR 16
