000
CXAK57 PAYA 060902
CLMYAK

CLIMATE REPORT
NATIONAL WEATHER SERVICE YAKUTAT, AK
1202 AM AKST THU MAR 6 2014

...................................

...THE YAKUTAT AP CLIMATE SUMMARY FOR THE MONTH OF FEBRUARY 2014...

CLIMATE NORMAL PERIOD 1981 TO 2010
CLIMATE RECORD PERIOD 1948 TO 2014

WEATHER         OBSERVED          NORMAL  DEPART  LAST YEAR`S
                 VALUE   DATE(S)  VALUE   FROM    VALUE  DATE(S)
                                          NORMAL
................................................................
TEMPERATURE (F)
RECORD
 HIGH              54   2/19/2010
 LOW              -20   2/01/1989
HIGHEST            48   2/27         45       3      43  2/09
LOWEST             -3                 3      -6      22  2/05
AVG. MAXIMUM       35.5              36.3    -0.8    38.1
AVG. MINIMUM       11.5              22.9   -11.4    31.0
MEAN               23.5              29.7    -6.2    34.6
DAYS MAX >= 90      0                 0.0     0.0     0
DAYS MAX <= 32      7                 6.7     0.3     0
DAYS MAX >= 80      0                 0.0     0.0     0
DAYS MAX >= 70      0                 0.0     0.0     0
DAYS MIN <= 32     28                22.6     5.4    16
DAYS MIN <= 0       2                 1.2     0.8     0

PRECIPITATION (INCHES)
RECORD
 MAXIMUM           32.13   1964
 MINIMUM            0.21   1989
TOTALS              2.08             10.86   -8.78   14.88
DAILY AVG.          0.07              0.38   -0.31    0.53
DAYS >= .01        11                18.4    -7.4    26
DAYS >= .10         6                14.0    -8.0    23
DAYS >= .50         1                 7.1    -6.1    13
DAYS >= 1.0         0                 3.3    -3.3     3
GREATEST
 24 HR TOTAL        0.90   2/15                       2.58  2/09

SNOWFALL (INCHES)
RECORDS
 TOTAL             87.3   1965
 24 HR TOTAL       20.5   2-11-1959
 SNOW DEPTH       100     2-18-1972
TOTALS             28.1              28.6    -0.5    45.5
SINCE 7/1          95.4             116.4   -21.0   115.9
SNOWDEPTH AVG.      9                12      -3       7
DAYS >= TRACE      11                14.7    -3.7    23
DAYS >= 1.0         6                 7.3    -1.3    11
DAYS >= 6.0         1                 1.4    -0.4     2
GREATEST
 SNOW DEPTH        17   2/22                         18  2/28
 24 HR TOTAL     10.2   2/13                        9.9  2/17

DEGREE_DAYS
HEATING TOTAL    1217               990     227     911
 SINCE 7/1       5878              6129    -251    6310
COOLING TOTAL       0                 0       0       0
 SINCE 1/1          0                 0       0       0
................................................................

WIND (MPH)
AVERAGE WIND SPEED                2.8
HIGHEST WIND SPEED/DIRECTION     36/120    DATE   02/15
HIGHEST GUST SPEED/DIRECTION     52/140    DATE   02/15

SKY COVER
POSSIBLE SUNSHINE (PERCENT)   MM
AVERAGE SKY COVER             MM
NUMBER OF DAYS FAIR           MM
NUMBER OF DAYS PC             MM
NUMBER OF DAYS CLOUDY         MM

AVERAGE RH (PERCENT)     MM

WEATHER CONDITIONS. NUMBER OF DAYS WITH
THUNDERSTORM              0     ICE PELLETS                 0
RAIN                      3     GLAZE                       0
DRIZZLE                   0     HAIL                        0
SNOW                     10     HAZE                        5
FOG                      21     FOG W/VIS <= 1/4 MILE       8
BLOWING SNOW              0


-  INDICATES NEGATIVE NUMBERS.
R  INDICATES RECORD WAS SET OR TIED.
MM INDICATES DATA IS MISSING.
T  INDICATES TRACE AMOUNT.

&&


THE TEMPERATURES AVERAGED IN THE MID 30`S DURING THE DAYS AND THE LOW TEENS
DURING THE NIGHTS THIS MONTH. WITH VERY LITTLE SNOWFALL FEB. TURNED OUT TO BE A
CLEAR AND COLD MONTH, WITH VERY FEW PEOPLE COMPLAINING. WE HAD 3 WIND EVENTS
WITH THE WINDS PEAKING OVER 35 KT AND OUR STRONGEST WIND WAS 52 KTS OUT OF THE
SOUTHEAST.

$$
DC MAR 14
