000
CXAK57 PAJK 020734
CLMYAK
NATIONAL WEATHER SERVICE JUNEAU AK
1028 PM AKST FRI DEC 01 2023
...................................
...THE YAKUTAT CLIMATE SUMMARY FOR THE MONTH OF NOVEMBER 2023...
CLIMATE NORMAL PERIOD: 1991 TO 2020
CLIMATE RECORD PERIOD: 1917 TO 2023
WEATHER OBSERVED NORMAL DEPART LAST YEAR`S
VALUE DATE(S) VALUE FROM VALUE
NORMAL
..............................................................
TEMPERATURE (F)
RECORD
HIGH 59 11/01/1947
LOW -10 11/27/1948
HIGHEST 55 11/08 48 7
LOWEST 21 11/19 12 9
AVG. MAXIMUM 43.6 40.1 3.5
AVG. MINIMUM 33.0 27.3 5.7
MEAN 38.3 33.7 4.6
DAYS MAX >= 90 0 0.0 0.0
DAYS MAX <= 32 1 4.1 -3.1
DAYS MIN <= 32 13 20.8 -7.8
DAYS MIN <= 0 0 0.2 -0.2
PRECIPITATION (INCHES)
RECORD
MAXIMUM 43.88 1956
MINIMUM 1.82 2006
TOTALS 19.27 13.55 5.72
DAILY AVG. 0.64 0.45 0.19
DAYS >= .01 25 21.8 3.2
DAYS >= .10 21 17.4 3.6
DAYS >= .50 16 9.7 6.3
DAYS >= 1.00 8 4.4 3.6
GREATEST
24 HR. TOTAL 2.88 11/25 TO 11/26
DEGREE DAYS
HEATING TOTAL 793 939 -146
SINCE 7/1 2452 2745 -293
COOLING TOTAL 0 0 0
SINCE 1/1 0 0 0
FREEZE DATES
EARLIEST 09/25
LATEST 05/07
..............................................................
WIND (MPH)
AVERAGE WIND SPEED 7.4
HIGHEST WIND SPEED/DIRECTION 43/060 DATE 11/20
HIGHEST GUST SPEED/DIRECTION 61/110 DATE 11/08
WEATHER CONDITIONS. NUMBER OF DAYS WITH
THUNDERSTORM 0 MIXED PRECIP 0
HEAVY RAIN 9 RAIN 20
LIGHT RAIN 27 FREEZING RAIN 0
LT FREEZING RAIN 1 HAIL 0
HEAVY SNOW 1 SNOW 1
LIGHT SNOW 5 SLEET 0
FOG 27 FOG W/VIS <= 1/4 MILE 4
HAZE 0
- INDICATES NEGATIVE NUMBERS.
R INDICATES RECORD WAS SET OR TIED.
MM INDICATES DATA IS MISSING.
T INDICATES TRACE AMOUNT.
$$
...A WARMER AND WETTER THAN NORMAL NOVEMBER FOR SOUTHEAST ALASKA...
A weather pattern heavily influenced by the strong El Nino brought
much wetter and warmer weather to Southeast Alaska for the month of
November. Multiple strong Gale and Storm-Force frontal systems
affected Southeast Alaska with strong southerly flow, warm air
advection, and plenty of precipitation. Around mid-month, cold,
northerly outflow from a strong area of high pressure located over
the Yukon established cold temperatures in the lower and mid levels
of the atmosphere. This atmospheric setup preceeded a strong frontal
system approaching from the south, resulting in a classic
overrunning scenario. On the 20th, A storm force frontal system
moved into the Panhandle, bringing high winds and blizzard
conditions to the Downtown Juneau and Douglas area. Much of the
remainder of the Panhandle received heavy snowfall that day before
post frontal warm air displaced the much colder near surface
airmass. As is usually the case in Southeast Alaska, post frontal
precipitation transitioned from snow to rain from south to north.
The southern third of the Panhandle received heavy rain and high
winds from that storm. Prince of Wales Island encountered a series
of minor landslides on the 20th. Late that same night, the city of
Wrangell experienced a tragic and devastating landslide due to the
heavy rain and strong winds associated with that storm.
While much of the month recorded above normal temperatures, daily
averages in the middle of the month and then again at the end were
much more seasonable. On Wednesday, November 8th, both the Juneau
and Yakutat Airports set new daily high temperature records. Juneau
recorded 50, which broke their old record of 49 set in 2016, and
Yakutat recorded 55, which broke their old record of 52 set back in
1930.
Chambers/Fritsch
$$