000
CXUS54 KHGX 281415
CF611R
PRELIMINARY LOCAL CLIMATOLOGICAL DATA (WS FORM: F-6)

                                          STATION:   BRENHAM
                                          MONTH:     JULY
                                          YEAR:      2014
                                          LATITUDE:   30 13 N
                                          LONGITUDE:  96 22 W

  TEMPERATURE IN F:       :PCPN:    SNOW:  WIND      :SUNSHINE: SKY     :PK WND
================================================================================
1   2   3   4   5  6A  6B    7    8   9   10  11  12  13   14  15   16   17  18
                                     12Z  AVG MX 2MIN
DY MAX MIN AVG DEP HDD CDD  WTR  SNW DPTH SPD SPD DIR MIN PSBL S-S WX    SPD DR
================================================================================

 1  93  76  85   M   0  20 0.00  0.0    0  7.0 14 160   M    M   4         M  M
 2  93  71  82   M   0  17 0.00  0.0    0  2.0  5 160   M    M   2 12      M  M
 3  92  72  82   M   0  17 0.00  0.0    0  2.3  8  10   M    M   1         M  M
 4  89  71  80   M   0  15 0.00  0.0    0  2.2  6  70   M    M   0         M  M
 5  90  69  80   M   0  15 0.00  0.0    0  4.3 14 160   M    M   1 13     17 160
 6  91  69  80   M   0  15 0.00  0.0    0  4.3 16 180   M    M   1 13     20 180
 7  93  72  83   M   0  18 0.00  0.0    0  6.1 12 150   M    M   0        17 190
 8  94  72  83   M   0  18 0.00  0.0    0  6.6 12 180   M    M   0 1      16 190
 9  94  72  83   M   0  18 0.00  0.0    0  6.0 12 200   M    M   0 1       M  M
10  93  73  83   M   0  18 0.00  0.0    0  6.3 16 190   M    M   1 1      25 190
11  93  69  81   M   0  16 0.00  0.0    0  4.8 13 190   M    M   0        28 150
12  93  69  81   M   0  16 0.00  0.0    0  2.5  8 180   M    M   1 1       M  M
13  95  74  85   M   0  20 0.00  0.0    0  3.6  9 190   M    M   0 3       M  M
14  95  75  85   M   0  20 0.00  0.0    0  5.9 12 230   M    M   0         M  M
15  86  73  80   M   0  15 0.18  0.0    0  3.1  7 210   M    M   2 3       M  M
16  92  74  83   M   0  18 0.00  0.0    0  3.8 14 150   M    M   1        18 150
17  90  75  83   M   0  18 0.49  0.0    0  5.3 14 170   M    M   3 3      20 170
18  81  73  77   M   0  12 0.39  0.0    0  6.2 10 360   M    M   7 3       M  M
19  83  71  77   M   0  12 0.00  0.0    0  3.5  6  50   M    M   5         M  M
20  92  72  82   M   0  17 0.00  0.0    0  2.9  7 140   M    M   4         M  M
21  95  76  86   M   0  21 0.00  0.0    0  3.5  8 180   M    M   4 1       M  M
22  93  74  84   M   0  19 0.00  0.0    0  1.4  6 230   M    M   2 1       M  M
23  93  75  84   M   0  19 0.00  0.0    0  3.2  9  60   M    M   0 1      20  60
24  92  75  84   M   0  19 0.00  0.0    0  3.2  7  80   M    M   1 3       M  M
25  94  75  85   M   0  20 0.00  0.0    0  4.6  9 190   M    M   1         M  M
26  96  75  86   M   0  21 0.00  0.0    0  7.1 14 190   M    M   2 1      18 200
27  96  75  86   M   0  21 0.00  0.0    0  7.0 12 180   M    M   3         M  M
================================================================================
SM 2481 1967         0 475  1.06     0.0 118.7          M       46
================================================================================
AV 91.9 72.9                               4.4 FASTST   M    M   2    MAX(MPH)
                                 MISC ---->    16   M                 28    M
================================================================================
NOTES:
# LAST OF SEVERAL OCCURRENCES

COLUMN 17 PEAK WIND IN M.P.H.

PRELIMINARY LOCAL CLIMATOLOGICAL DATA (WS FORM: F-6) , PAGE 2

                                          STATION:  BRENHAM
                                          MONTH:    JULY
                                          YEAR:     2014
                                          LATITUDE:   30 13 N
                                          LONGITUDE:  96 22 W

[TEMPERATURE DATA]      [PRECIPITATION DATA]       SYMBOLS USED IN COLUMN 16

AVERAGE MONTHLY: 82.4   TOTAL FOR MONTH:   1.06    1 = FOG OR MIST
DPTR FM NORMAL:     M   DPTR FM NORMAL:       M    2 = FOG REDUCING VISIBILITY
HIGHEST:    96 ON 27,26 GRTST 24HR  0.49 ON 17-17      TO 1/4 MILE OR LESS
LOWEST:     69 ON 12,11                            3 = THUNDER
                        SNOW, ICE PELLETS, HAIL    4 = ICE PELLETS
                        TOTAL MONTH:   0.0 INCH    5 = HAIL
                        GRTST 24HR     0.0         6 = FREEZING RAIN OR DRIZZLE
                        GRTST DEPTH:   0           7 = DUSTSTORM OR SANDSTORM:
                                                       VSBY 1/2 MILE OR LESS
                                                   8 = SMOKE OR HAZE
[NO. OF DAYS WITH]      [WEATHER - DAYS WITH]      9 = BLOWING SNOW
                                                   X = TORNADO
MAX 32 OR BELOW:   0    0.01 INCH OR MORE:   3
MAX 90 OR ABOVE:  23    0.10 INCH OR MORE:   3
MIN 32 OR BELOW:   0    0.50 INCH OR MORE:   0
MIN  0 OR BELOW:   0    1.00 INCH OR MORE:   0

[HDD (BASE 65) ]
TOTAL THIS MO.     0    CLEAR  (SCALE 0-3)  21
DPTR FM NORMAL     M    PTCLDY (SCALE 4-7)   6
TOTAL FM JUL 1     0    CLOUDY (SCALE 8-10)  0
DPTR FM NORMAL     M

[CDD (BASE 65) ]
TOTAL THIS MO.   475
DPTR FM NORMAL     M    [PRESSURE DATA]
TOTAL FM JAN 1  1480    HIGHEST SLP M ON M
DPTR FM NORMAL     M    LOWEST  SLP M ON M

[REMARKS]
