000
CXUS54 KHGX 161515
CF611R
PRELIMINARY LOCAL CLIMATOLOGICAL DATA (WS FORM: F-6)

                                          STATION:   BRENHAM
                                          MONTH:     JANUARY
                                          YEAR:      2017
                                          LATITUDE:   30 13 N
                                          LONGITUDE:  96 22 W

  TEMPERATURE IN F:       :PCPN:    SNOW:  WIND      :SUNSHINE: SKY     :PK WND
================================================================================
1   2   3   4   5  6A  6B    7    8   9   10  11  12  13   14  15   16   17  18
                                     12Z  AVG MX 2MIN
DY MAX MIN AVG DEP HDD CDD  WTR  SNW DPTH SPD SPD DIR MIN PSBL S-S WX    SPD DR
================================================================================

 1  74  61  68   M   0   3 0.00  0.0    0  2.5  7 160   M    M   7 1       M  M
 2  75  52  64   M   1   0 0.97  0.0    0  5.2 24 320   M    M   4 13     31 320
 3  77  44  61   M   4   0 0.00  0.0    0  6.7 16 340   M    M   0        22 340
 4  48  38  43   M  22   0 0.00  0.0    0  7.4 13 350   M    M   5        17 340
 5  65  39  52   M  13   0 0.00  0.0    0  6.1 17 360   M    M  10 1      23 360
 6  41  25  33   M  32   0 0.00  0.0    0 16.1 24 340   M    M   8 4      29 340
 7  41  20  31   M  34   0 0.00  0.0    0  9.1 16 350   M    M   0        23 350
 8  52  19  36   M  29   0 0.00  0.0    0  4.4 12 180   M    M   1        20 190
 9  72  44  58   M   7   0 0.00  0.0    0  7.7 20 190   M    M   7        25 190
10  81  62  72   M   0   7 0.00  0.0    0 13.4 24 200   M    M   7        32 200
11  80  66  73   M   0   8 0.00  0.0    0 14.4 24 190   M    M  10        33 200
12  83  68  76   M   0  11 0.00  0.0    0 10.8 15 180   M    M   9        24 180
13  81  67  74   M   0   9 0.04  0.0    0  7.3 13 140   M    M   9 1      17 160
14  76  61  69   M   0   4 0.00  0.0    0  3.7 12 130   M    M   9 18      M  M
15  74  60  67   M   0   2 0.51  0.0    0  7.7 16 150   M    M  10 13     27 150
================================================================================
SM 1020  726       142  44  1.52     0.0 122.5          M       96
================================================================================
AV 68.0 48.4                               8.2 FASTST   M    M   6    MAX(MPH)
                                 MISC ---->    24   M                 33    M
================================================================================
NOTES:
# LAST OF SEVERAL OCCURRENCES

COLUMN 17 PEAK WIND IN M.P.H.

PRELIMINARY LOCAL CLIMATOLOGICAL DATA (WS FORM: F-6) , PAGE 2

                                          STATION:  BRENHAM
                                          MONTH:    JANUARY
                                          YEAR:     2017
                                          LATITUDE:   30 13 N
                                          LONGITUDE:  96 22 W

[TEMPERATURE DATA]      [PRECIPITATION DATA]       SYMBOLS USED IN COLUMN 16

AVERAGE MONTHLY: 58.2   TOTAL FOR MONTH:   1.52    1 = FOG OR MIST
DPTR FM NORMAL:     M   DPTR FM NORMAL:       M    2 = FOG REDUCING VISIBILITY
HIGHEST:    83 ON 12    GRTST 24HR  0.97 ON  2- 2      TO 1/4 MILE OR LESS
LOWEST:     19 ON  8                               3 = THUNDER
                        SNOW, ICE PELLETS, HAIL    4 = ICE PELLETS
                        TOTAL MONTH:   0.0 INCH    5 = HAIL
                        GRTST 24HR     0.0         6 = FREEZING RAIN OR DRIZZLE
                        GRTST DEPTH:   0           7 = DUSTSTORM OR SANDSTORM:
                                                       VSBY 1/2 MILE OR LESS
                                                   8 = SMOKE OR HAZE
[NO. OF DAYS WITH]      [WEATHER - DAYS WITH]      9 = BLOWING SNOW
                                                   X = TORNADO
MAX 32 OR BELOW:   0    0.01 INCH OR MORE:   3
MAX 90 OR ABOVE:   0    0.10 INCH OR MORE:   2
MIN 32 OR BELOW:   3    0.50 INCH OR MORE:   2
MIN  0 OR BELOW:   0    1.00 INCH OR MORE:   0

[HDD (BASE 65) ]
TOTAL THIS MO.   142    CLEAR  (SCALE 0-3)   3
DPTR FM NORMAL     M    PTCLDY (SCALE 4-7)   6
TOTAL FM JUL 1   490    CLOUDY (SCALE 8-10)  6
DPTR FM NORMAL     M

[CDD (BASE 65) ]
TOTAL THIS MO.    44
DPTR FM NORMAL     M    [PRESSURE DATA]
TOTAL FM JAN 1    44    HIGHEST SLP M ON M
DPTR FM NORMAL     M    LOWEST  SLP M ON M

[REMARKS]
