000
CXUS55 KBOU 261443
CF620V
PRELIMINARY LOCAL CLIMATOLOGICAL DATA (WS FORM: F-6)

                                          STATION:   Kremmling
                                          MONTH:     JANUARY
                                          YEAR:      2015
                                          LATITUDE:   40  3 N
                                          LONGITUDE: 106 22 W

  TEMPERATURE IN F:       :PCPN:    SNOW:  WIND      :SUNSHINE: SKY     :PK WND
================================================================================
1   2   3   4   5  6A  6B    7    8   9   10  11  12  13   14  15   16   17  18
                                     12Z  AVG MX 2MIN
DY MAX MIN AVG DEP HDD CDD  WTR  SNW DPTH SPD SPD DIR MIN PSBL S-S WX    SPD DR
================================================================================

 1  -2 -22 -12   M  77   0    M    M    M  0.0  M   M   M    M   1 8       M  M
 2   9 -17  -4   M  69   0    M    M    M  0.1  4 210   M    M   3 8       M  M
 3  14  -6   4   M  61   0    M    M    M  0.2  6 260   M    M  10         M  M
 4  30   1  16   M  49   0    M    M    M  3.5 14 260   M    M   9        16 250
 5  46  18  32   M  33   0    M    M    M  7.0 16 250   M    M   6        28 250
 6  43  30  37   M  28   0    M    M    M  3.8 16 260   M    M   7         9  80
 7  34  12  23   M  42   0    M    M    M  0.3  5 110   M    M   4 12      M  M
 8  34  10  22   M  43   0    M    M    M  0.3  4  80   M    M   4 12      M  M
 9  28   7  18   M  47   0    M    M    M  0.3  4  50   M    M   4 128     M  M
10  25   5  15   M  50   0    M    M    M  0.0  M   M   M    M   8 128     M  M
11  30  14  22   M  43   0    M    M    M  0.5  5 150   M    M  10 1       M  M
12  36  12  24   M  41   0    M    M    M  0.1  4 260   M    M   7 12      M  M
13  34  10  22   M  43   0    M    M    M  0.0  M   M   M    M   8 12      M  M
14  30  10  20   M  45   0    M    M    M  0.4  6  60   M    M   9 1       M  M
15  19  -6   7   M  58   0    M    M    M  0.8  5  90   M    M   5 18      M  M
16  34  -9  13   M  52   0    M    M    M  1.0  6  20   M    M   7 28      M  M
17  37   7  22   M  43   0    M    M    M  7.4 23 290   M    M   3        30 290
18  45   1  23   M  42   0    M    M    M  3.5 10 240   M    M   4        17 230
19  41  14  28   M  37   0    M    M    M  3.6 12 240   M    M   7         M  M
20  32  14  23   M  42   0    M    M    M  4.1  9 270   M    M   6        20 270
21  28   9  19   M  46   0    M    M    M  2.7 14 330   M    M   6        18 330
22  12  -9   2   M  63   0    M    M    M  0.3  5 110   M    M   1 8       M  M
23  19  -9   5   M  60   0    M    M    M  0.0  M   M   M    M   5 8       M  M
24  21  -6   8   M  57   0    M    M    M  0.4  4 130   M    M   5         M  M
25  41  18  30   M  35   0    M    M    M  4.5 16 240   M    M   6        23 240
================================================================================
SM  720  108      1206   0    M     M     44.8          M      145
================================================================================
AV 28.8  4.3                               1.8 FASTST   M    M   6    MAX(MPH)
                                 MISC ---->  # 23 290                 30    M
================================================================================
NOTES:
# LAST OF SEVERAL OCCURRENCES

COLUMN 17 PEAK WIND IN M.P.H.

PRELIMINARY LOCAL CLIMATOLOGICAL DATA (WS FORM: F-6) , PAGE 2

                                          STATION:  Kremmling
                                          MONTH:    JANUARY
                                          YEAR:     2015
                                          LATITUDE:   40  3 N
                                          LONGITUDE: 106 22 W

[TEMPERATURE DATA]      [PRECIPITATION DATA]       SYMBOLS USED IN COLUMN 16

AVERAGE MONTHLY: 16.6   TOTAL FOR MONTH:      M    1 = FOG OR MIST
DPTR FM NORMAL:     M   DPTR FM NORMAL:       M    2 = FOG REDUCING VISIBILITY
HIGHEST:    46 ON  5    GRTST 24HR    M  ON   M        TO 1/4 MILE OR LESS
LOWEST:    -22 ON  1                               3 = THUNDER
                        SNOW, ICE PELLETS, HAIL    4 = ICE PELLETS
                        TOTAL MONTH:    M          5 = HAIL
                        GRTST 24HR    M  ON   M    6 = FREEZING RAIN OR DRIZZLE
                        GRTST DEPTH:  M  ON   M    7 = DUSTSTORM OR SANDSTORM:
                                                       VSBY 1/2 MILE OR LESS
                                                   8 = SMOKE OR HAZE
[NO. OF DAYS WITH]      [WEATHER - DAYS WITH]      9 = BLOWING SNOW
                                                   X = TORNADO
MAX 32 OR BELOW:  14    0.01 INCH OR MORE:   0
MAX 90 OR ABOVE:   0    0.10 INCH OR MORE:   0
MIN 32 OR BELOW:  25    0.50 INCH OR MORE:   0
MIN  0 OR BELOW:   8    1.00 INCH OR MORE:   0

[HDD (BASE 65) ]
TOTAL THIS MO.  1206    CLEAR  (SCALE 0-3)   2
DPTR FM NORMAL     M    PTCLDY (SCALE 4-7)  18
TOTAL FM JUL 1  4579    CLOUDY (SCALE 8-10)  5
DPTR FM NORMAL     M

[CDD (BASE 65) ]
TOTAL THIS MO.     0
DPTR FM NORMAL     M    [PRESSURE DATA]
TOTAL FM JAN 1     0    HIGHEST SLP M ON M
DPTR FM NORMAL     M    LOWEST  SLP M ON M

[REMARKS]
