000
CXUS55 KBOU 221310
CF633V
PRELIMINARY LOCAL CLIMATOLOGICAL DATA (WS FORM: F-6)

                                          STATION:   Walden
                                          MONTH:     JULY
                                          YEAR:      2014
                                          LATITUDE:   40 45 N
                                          LONGITUDE: 106 16 W

  TEMPERATURE IN F:       :PCPN:    SNOW:  WIND      :SUNSHINE: SKY     :PK WND
================================================================================
1   2   3   4   5  6A  6B    7    8   9   10  11  12  13   14  15   16   17  18
                                     12Z  AVG MX 2MIN
DY MAX MIN AVG DEP HDD CDD  WTR  SNW DPTH SPD SPD DIR MIN PSBL S-S WX    SPD DR
================================================================================

 1  70  34  52   M  13   0    M    M    M  6.3 14 320   M    M   0         M  M
 2  73  34  54   M  11   0    M    M    M  4.5  9 320   M    M   0         M  M
 3  79  37  58   M   7   0    M    M    M  5.5 23 310   M    M   2        30 310
 4  79  43  61   M   4   0    M    M    M  7.3 18 290   M    M   3        18 120
 5  77  37  57   M   8   0    M    M    M  5.6 15 250   M    M   1        17  10
 6  81  41  61   M   4   0    M    M    M  5.6 13 320   M    M   1        18 280
 7  82  41  62   M   3   0    M    M    M  9.6 20 260   M    M   0        29 260
 8  81  43  62   M   3   0    M    M    M  6.4 16  30   M    M   0        27 340
 9  81  43  62   M   3   0    M    M    M  7.6 14 160   M    M   3        23  90
10  79  43  61   M   4   0    M    M    M  7.0 14 250   M    M   3        25 240
11  77  52  65   M   0   0    M    M    M  5.9 14 140   M    M   4        16 220
12  72  52  62   M   3   0    M    M    M  7.1 20 360   M    M   6        16  60
13  73  41  57   M   8   0    M    M    M  5.4 15  30   M    M   2        17 320
14  73  41  57   M   8   0    M    M    M  5.5 12  20   M    M   2        18 310
15  73  43  58   M   7   0    M    M    M  7.3 21 360   M    M   5        36 360
16  66  43  55   M  10   0    M    M    M  7.9 24 350   M    M   4        28 350
17  70  37  54   M  11   0    M    M    M  4.0  9 330   M    M   3         M  M
18  77  41  59   M   6   0    M    M    M  8.4 21 230   M    M   4        30 230
19  79  39  59   M   6   0    M    M    M  7.7 17 280   M    M   1        23 280
20  81  39  60   M   5   0    M    M    M  7.6 22 230   M    M   1        29 230
21  79  43  61   M   4   0    M    M    M 10.1 20 240   M    M   1        24 230
================================================================================
SM 1602  867       128   0    M     M    142.3          M       46
================================================================================
AV 76.3 41.3                               6.8 FASTST   M    M   2    MAX(MPH)
                                 MISC ---->    24   M                 36    M
================================================================================
NOTES:
# LAST OF SEVERAL OCCURRENCES

COLUMN 17 PEAK WIND IN M.P.H.

PRELIMINARY LOCAL CLIMATOLOGICAL DATA (WS FORM: F-6) , PAGE 2

                                          STATION:  Walden
                                          MONTH:    JULY
                                          YEAR:     2014
                                          LATITUDE:   40 45 N
                                          LONGITUDE: 106 16 W

[TEMPERATURE DATA]      [PRECIPITATION DATA]       SYMBOLS USED IN COLUMN 16

AVERAGE MONTHLY: 58.8   TOTAL FOR MONTH:      M    1 = FOG OR MIST
DPTR FM NORMAL:     M   DPTR FM NORMAL:       M    2 = FOG REDUCING VISIBILITY
HIGHEST:    82 ON  7    GRTST 24HR    M  ON   M        TO 1/4 MILE OR LESS
LOWEST:     34 ON  2, 1                            3 = THUNDER
                        SNOW, ICE PELLETS, HAIL    4 = ICE PELLETS
                        TOTAL MONTH:    M          5 = HAIL
                        GRTST 24HR    M  ON   M    6 = FREEZING RAIN OR DRIZZLE
                        GRTST DEPTH:  M  ON   M    7 = DUSTSTORM OR SANDSTORM:
                                                       VSBY 1/2 MILE OR LESS
                                                   8 = SMOKE OR HAZE
[NO. OF DAYS WITH]      [WEATHER - DAYS WITH]      9 = BLOWING SNOW
                                                   X = TORNADO
MAX 32 OR BELOW:   0    0.01 INCH OR MORE:   0
MAX 90 OR ABOVE:   0    0.10 INCH OR MORE:   0
MIN 32 OR BELOW:   0    0.50 INCH OR MORE:   0
MIN  0 OR BELOW:   0    1.00 INCH OR MORE:   0

[HDD (BASE 65) ]
TOTAL THIS MO.   128    CLEAR  (SCALE 0-3)  16
DPTR FM NORMAL     M    PTCLDY (SCALE 4-7)   5
TOTAL FM JUL 1   128    CLOUDY (SCALE 8-10)  0
DPTR FM NORMAL     M

[CDD (BASE 65) ]
TOTAL THIS MO.     0
DPTR FM NORMAL     M    [PRESSURE DATA]
TOTAL FM JAN 1     0    HIGHEST SLP M ON M
DPTR FM NORMAL     M    LOWEST  SLP M ON M

[REMARKS]
