000
CXUS54 KEWX 240910
CF63T5
PRELIMINARY LOCAL CLIMATOLOGICAL DATA (WS FORM: F-6)

                                          STATION:   LA GRANGE
                                          MONTH:     MARCH
                                          YEAR:      2017
                                          LATITUDE:   29 54 N
                                          LONGITUDE:  96 57 W

  TEMPERATURE IN F:       :PCPN:    SNOW:  WIND      :SUNSHINE: SKY     :PK WND
================================================================================
1   2   3   4   5  6A  6B    7    8   9   10  11  12  13   14  15   16   17  18
                                     12Z  AVG MX 2MIN
DY MAX MIN AVG DEP HDD CDD  WTR  SNW DPTH SPD SPD DIR MIN PSBL S-S WX    SPD DR
================================================================================

 1  75  52  64   M   1   0 0.00    M    M  8.4 16  10   M    M   5 1      25 340
 2  67  44  56   M   9   0 0.00    M    M  4.3 13  60   M    M   0         M  M
 3  71  39  55   M  10   0 0.00    M    M  4.6 12 150   M    M   4        27 140
 4  63  57  60   M   5   0 0.34    M    M  4.0 12 120   M    M  10        18 120
 5  78  60  69   M   0   4 0.59    M    M  5.3  9 170   M    M   9         M  M
 6  83  70  77   M   0  12 0.00    M    M 12.1 20 170   M    M   9        29 180
 7  79  62  71   M   0   6 0.00    M    M  5.4 12 360   M    M   9 1      18 360
 8  78  58  68   M   0   3 0.00    M    M  3.9  7 120   M    M   9 1       M  M
 9  78  67  73   M   0   8 0.32    M    M  4.7 16 200   M    M   9 13      M  M
10  77  63  70   M   0   5 0.16    M    M  1.6  8 180   M    M   5 123     M  M
11  72  64  68   M   0   3 0.68    M    M  4.3  9 100   M    M  10         M  M
12  65  47  56   M   9   0 0.00    M    M  6.9 15  20   M    M  10        22  10
13  69  48  59   M   6   0 0.00    M    M  3.9 12  10   M    M   6 1      18  10
14  71  41  56   M   9   0 0.00    M    M  2.3  8 180   M    M   0         M  M
15  74  46  60   M   5   0 0.00    M    M  3.9  9 110   M    M   1 1       M  M
16  80  58  69   M   0   4 0.00    M    M  8.4 13 190   M    M   8        22 160
17  81  66  74   M   0   9 0.00    M    M 10.4 15 160   M    M   7        23 190
18  82  63  73   M   0   8    M    M    M  3.5  9 160   M    M   6 12      M  M
19  84  65  75   M   0  10 0.00    M    M  6.7 13 180   M    M   5 1      16 170
20  84  65  75   M   0  10 0.00    M    M  8.2 13 190   M    M   4        17 210
21  83  63  73   M   0   8 0.00    M    M  7.6 15 200   M    M   3 1      22 200
22  82  67  75   M   0  10 0.00    M    M  7.0 12 180   M    M   6        18 180
23  85  64  75   M   0  10 0.00  0.0    0 11.1 18 160   M    M   4 1      30 180
================================================================================
SM 1761 1329        54 110  2.09     0.0 138.5          M      139
================================================================================
AV 76.6 57.8                               6.0 FASTST   M    M   6    MAX(MPH)
                                 MISC ---->  # 20 170               # 30  180
================================================================================
NOTES:
# LAST OF SEVERAL OCCURRENCES

COLUMN 17 PEAK WIND IN M.P.H.

PRELIMINARY LOCAL CLIMATOLOGICAL DATA (WS FORM: F-6) , PAGE 2

                                          STATION:  LA GRANGE
                                          MONTH:    MARCH
                                          YEAR:     2017
                                          LATITUDE:   29 54 N
                                          LONGITUDE:  96 57 W

[TEMPERATURE DATA]      [PRECIPITATION DATA]       SYMBOLS USED IN COLUMN 16

AVERAGE MONTHLY: 67.2   TOTAL FOR MONTH:   2.09    1 = FOG OR MIST
DPTR FM NORMAL:     M   DPTR FM NORMAL:       M    2 = FOG REDUCING VISIBILITY
HIGHEST:    85 ON 23    GRTST 24HR  0.68 ON 11-11      TO 1/4 MILE OR LESS
LOWEST:     39 ON  3                               3 = THUNDER
                        SNOW, ICE PELLETS, HAIL    4 = ICE PELLETS
                        TOTAL MONTH:   0.0 INCH    5 = HAIL
                        GRTST 24HR     0.0         6 = FREEZING RAIN OR DRIZZLE
                        GRTST DEPTH:   0           7 = DUSTSTORM OR SANDSTORM:
                                                       VSBY 1/2 MILE OR LESS
                                                   8 = SMOKE OR HAZE
[NO. OF DAYS WITH]      [WEATHER - DAYS WITH]      9 = BLOWING SNOW
                                                   X = TORNADO
MAX 32 OR BELOW:   0    0.01 INCH OR MORE:   5
MAX 90 OR ABOVE:   0    0.10 INCH OR MORE:   5
MIN 32 OR BELOW:   0    0.50 INCH OR MORE:   2
MIN  0 OR BELOW:   0    1.00 INCH OR MORE:   0

[HDD (BASE 65) ]
TOTAL THIS MO.    54    CLEAR  (SCALE 0-3)   4
DPTR FM NORMAL     M    PTCLDY (SCALE 4-7)  11
TOTAL FM JUL 1   721    CLOUDY (SCALE 8-10)  8
DPTR FM NORMAL     M

[CDD (BASE 65) ]
TOTAL THIS MO.   110
DPTR FM NORMAL     M    [PRESSURE DATA]
TOTAL FM JAN 1   279    HIGHEST SLP M ON M
DPTR FM NORMAL     M    LOWEST  SLP M ON M

[REMARKS]
