000
CXUS54 KMAF 241100
CF66R6
PRELIMINARY LOCAL CLIMATOLOGICAL DATA (WS FORM: F-6)

                                          STATION:   Terrell County Airport
                                          MONTH:     JULY
                                          YEAR:      2016
                                          LATITUDE:   30  2 N
                                          LONGITUDE: 102 13 W

  TEMPERATURE IN F:       :PCPN:    SNOW:  WIND      :SUNSHINE: SKY     :PK WND
================================================================================
1   2   3   4   5  6A  6B    7    8   9   10  11  12  13   14  15   16   17  18
                                     12Z  AVG MX 2MIN
DY MAX MIN AVG DEP HDD CDD  WTR  SNW DPTH SPD SPD DIR MIN PSBL S-S WX    SPD DR
================================================================================

 1  99  75  87   4   0  22 0.00  0.0    0 11.4 22 110   M    M   0        29  90
 2  96  76  86   3   0  21 0.30  0.0    0  6.3 29 260   M    M   0        37 250
 3 106  72  89   6   0  24 0.00  0.0    0  7.1 20 140   M    M   0        26 150
 4 107  73  90   7   0  25 0.00  0.0    0  8.0 20 110   M    M   0        28 130
 5 106  75  91   8   0  26 0.00  0.0    0 10.5 25 130   M    M   0        32 130
 6 103  76  90   7   0  25 0.00  0.0    0 10.4 21 100   M    M   0        29  90
 7 103  77  90   7   0  25 0.00  0.0    0 10.4 21 110   M    M   0        27 100
 8 101  77  89   6   0  24 0.00  0.0    0  9.9 22 100   M    M   0        28 120
 9  97  75  86   3   0  21 0.03  0.0    0  8.2 17 100   M    M   0        24 100
10 101  77  89   6   0  24 0.00  0.0    0  9.9 22 140   M    M   0        29 150
11 104  73  89   6   0  24 0.00  0.0    0  9.2 23 130   M    M   0        29 110
12 103  78  91   8   0  26 0.00  0.0    0 13.9 24 120   M    M   0        31 110
13 104  76  90   7   0  25 0.00  0.0    0 11.2 22 130   M    M   0        28 120
14 104  78  91   8   0  26 0.00  0.0    0 11.6 22 120   M    M   0        28 130
15 101  78  90   7   0  25 0.00  0.0    0 11.9 21 130   M    M   0        29 100
16 101  76  89   6   0  24 0.00  0.0    0 12.1 25 110   M    M   0        33 120
17 100  76  88   5   0  23 0.00  0.0    0 14.6 25 110   M    M   0        31 110
18  99  76  88   5   0  23 0.00  0.0    0 14.8 22 120   M    M   0        28 100
19  98  77  88   5   0  23 0.00  0.0    0 14.6 24 120   M    M   0        32 110
20  98  76  87   4   0  22 0.00  0.0    0 15.6 28 110   M    M   0        34 100
21  99  74  87   4   0  22 0.00  0.0    0 12.1 23 100   M    M   0        33  90
22 100  73  87   4   0  22 0.00  0.0    0 10.9 22 110   M    M   0        27  90
23 101  73  87   4   0  22 0.00  0.0    0 10.3 22 120   M    M   0        29 100
================================================================================
SM 2331 1737         0 544  0.33     0.0 254.9          M        0
================================================================================
AV101.3 75.5                              11.1 FASTST   M    M   0    MAX(MPH)
                                 MISC ---->  # 29 260               # 37  250
================================================================================
NOTES:
# LAST OF SEVERAL OCCURRENCES

COLUMN 17 PEAK WIND IN M.P.H.

PRELIMINARY LOCAL CLIMATOLOGICAL DATA (WS FORM: F-6) , PAGE 2

                                          STATION:  Terrell County Airport
                                          MONTH:    JULY
                                          YEAR:     2016
                                          LATITUDE:   30  2 N
                                          LONGITUDE: 102 13 W

[TEMPERATURE DATA]      [PRECIPITATION DATA]       SYMBOLS USED IN COLUMN 16

AVERAGE MONTHLY: 88.4   TOTAL FOR MONTH:   0.33    1 = FOG OR MIST
DPTR FM NORMAL:   5.4   DPTR FM NORMAL:   -0.96    2 = FOG REDUCING VISIBILITY
HIGHEST:   107 ON  4    GRTST 24HR  0.30 ON  2- 2      TO 1/4 MILE OR LESS
LOWEST:     72 ON  3                               3 = THUNDER
                        SNOW, ICE PELLETS, HAIL    4 = ICE PELLETS
                        TOTAL MONTH:   0.0 INCH    5 = HAIL
                        GRTST 24HR     0.0         6 = FREEZING RAIN OR DRIZZLE
                        GRTST DEPTH:   0           7 = DUSTSTORM OR SANDSTORM:
                                                       VSBY 1/2 MILE OR LESS
                                                   8 = SMOKE OR HAZE
[NO. OF DAYS WITH]      [WEATHER - DAYS WITH]      9 = BLOWING SNOW
                                                   X = TORNADO
MAX 32 OR BELOW:   0    0.01 INCH OR MORE:   2
MAX 90 OR ABOVE:  23    0.10 INCH OR MORE:   1
MIN 32 OR BELOW:   0    0.50 INCH OR MORE:   0
MIN  0 OR BELOW:   0    1.00 INCH OR MORE:   0

[HDD (BASE 65) ]
TOTAL THIS MO.     0    CLEAR  (SCALE 0-3)  23
DPTR FM NORMAL     0    PTCLDY (SCALE 4-7)   0
TOTAL FM JUL 1     0    CLOUDY (SCALE 8-10)  0
DPTR FM NORMAL     0

[CDD (BASE 65) ]
TOTAL THIS MO.   544
DPTR FM NORMAL   130    [PRESSURE DATA]
TOTAL FM JAN 1  1731    HIGHEST SLP M ON M
DPTR FM NORMAL   224    LOWEST  SLP 29.62 ON 11

[REMARKS]
