000
CXUS55 KABR 011400
CF68D3
PRELIMINARY LOCAL CLIMATOLOGICAL DATA (WS FORM: F-6)

                                          STATION:   SISSETON SD
                                          MONTH:     APRIL
                                          YEAR:      2016
                                          LATITUDE:   45 40 N
                                          LONGITUDE:  96 59 W

  TEMPERATURE IN F:       :PCPN:    SNOW:  WIND      :SUNSHINE: SKY     :PK WND
================================================================================
1   2   3   4   5  6A  6B    7    8   9   10  11  12  13   14  15   16   17  18
                                     12Z  AVG MX 2MIN
DY MAX MIN AVG DEP HDD CDD  WTR  SNW DPTH SPD SPD DIR MIN PSBL S-S WX    SPD DR
================================================================================

 1  44  25  35  -2  30   0 0.00  0.0    0 20.2 32 340   M    M   0        40 340
 2  43  22  33  -5  32   0 0.00  0.0    0 17.3 35 350   M    M   0        43 360
 3  63  26  45   7  20   0 0.00  0.0    0 21.2 32 360   M    M   0        40 360
 4  45  21  33  -6  32   0 0.00  0.0    0  8.2 16 360   M    M   0        20 360
 5  61  26  44   5  21   0 0.01  0.0    0 13.0 29 200   M    M   0        36 190
 6  48  34  41   1  24   0 0.01  0.0    0 15.5 30 340   M    M   0        36 340
 7  42  31  37  -3  28   0 0.01  0.0    0 19.3 33 340   M    M   0        42 360
 8  35  14  25 -16  40   0 0.00  0.0    0 17.0 33 360   M    M   0        41 360
 9  54  13  34  -7  31   0 0.00  0.0    0 17.8 37 190   M    M   0        46 170
10  53  33  43   1  22   0 0.00  0.0    0 20.9 35 340   M    M   0        43 340
11  43  18  31 -11  34   0 0.00  0.0    0 15.5 26 350   M    M   0        34 360
12  52  14  33 -10  32   0 0.00  0.0    0 11.9 28 160   M    M   0        34 160
13  70  23  47   4  18   0 0.00  0.0    0  6.7 14 150   M    M   0        20 130
14  84  34  59  15   6   0 0.00  0.0    0 16.7 36 240   M    M   0        44 250
15  70  49  60  16   5   0 0.09  0.0    0 16.7 37 190   M    M   0        43 190
16  77  47  62  17   3   0 0.17  0.0    0 11.6 30 200   M    M   0        38 200
17  59  40  50   5  15   0 0.00  0.0    0 12.8 21 340   M    M   0        24 350
18  60  41  51   5  14   0 0.72  0.0    0 12.2 21 100   M    M   0        27  90
19  51  45  48   2  17   0 0.26  0.0    0  5.6 14 120   M    M   0        16 120
20  61  47  54   7  11   0 0.00  0.0    0  4.5 13 330   M    M   0        14 330
21  59  34  47   0  18   0 0.00  0.0    0 15.8 31  20   M    M   0        37  30
22  63  30  47  -1  18   0 0.00  0.0    0  7.7 16 140   M    M   0        21 150
23  80  38  59  11   6   0 0.00  0.0    0 16.6 31 150   M    M   0        41 170
24  68  45  57   8   8   0 0.42  0.0    0 15.4 29  90   M    M   0        35 100
25  49  43  46  -3  19   0 0.65  0.0    0  7.6 16 350   M    M   0        20 340
26  44  38  41  -9  24   0 0.03  0.0    0  9.8 21  90   M    M   0        24  80
27  49  38  44  -6  21   0 0.09  0.0    0 16.0 28 120   M    M   0        41  80
28  48  38  43  -7  22   0 0.00  0.0    0  9.1 17  70   M    M   0        22  70
29  60  38  49  -2  16   0 0.00  0.0    0  5.5 15 150   M    M   0        23 170
30  60  36  48  -3  17   0 0.00  0.0    0 13.0 26  80   M    M   0        37  80
================================================================================
SM 1695  981       604   0  2.46     0.0 401.1          M        0
================================================================================
AV 56.5 32.7                              13.4 FASTST   M    M   0    MAX(MPH)
                                 MISC ---->  # 37 190               # 46  170
================================================================================
NOTES:
# LAST OF SEVERAL OCCURRENCES

COLUMN 17 PEAK WIND IN M.P.H.

PRELIMINARY LOCAL CLIMATOLOGICAL DATA (WS FORM: F-6) , PAGE 2

                                          STATION:  SISSETON SD
                                          MONTH:    APRIL
                                          YEAR:     2016
                                          LATITUDE:   45 40 N
                                          LONGITUDE:  96 59 W

[TEMPERATURE DATA]      [PRECIPITATION DATA]       SYMBOLS USED IN COLUMN 16

AVERAGE MONTHLY: 44.6   TOTAL FOR MONTH:   2.46    1 = FOG OR MIST
DPTR FM NORMAL:   0.1   DPTR FM NORMAL:    0.18    2 = FOG REDUCING VISIBILITY
HIGHEST:    84 ON 14    GRTST 24HR  1.04 ON 24-25      TO 1/4 MILE OR LESS
LOWEST:     13 ON  9                               3 = THUNDER
                        SNOW, ICE PELLETS, HAIL    4 = ICE PELLETS
                        TOTAL MONTH:   0.0 INCH    5 = HAIL
                        GRTST 24HR     0.0         6 = FREEZING RAIN OR DRIZZLE
                        GRTST DEPTH:   0           7 = DUSTSTORM OR SANDSTORM:
                                                       VSBY 1/2 MILE OR LESS
                                                   8 = SMOKE OR HAZE
[NO. OF DAYS WITH]      [WEATHER - DAYS WITH]      9 = BLOWING SNOW
                                                   X = TORNADO
MAX 32 OR BELOW:   0    0.01 INCH OR MORE:  11
MAX 90 OR ABOVE:   0    0.10 INCH OR MORE:   5
MIN 32 OR BELOW:  12    0.50 INCH OR MORE:   2
MIN  0 OR BELOW:   0    1.00 INCH OR MORE:   0

[HDD (BASE 65) ]
TOTAL THIS MO.   604    CLEAR  (SCALE 0-3)  30
DPTR FM NORMAL   -13    PTCLDY (SCALE 4-7)   0
TOTAL FM JUL 1  6711    CLOUDY (SCALE 8-10)  0
DPTR FM NORMAL -1248

[CDD (BASE 65) ]
TOTAL THIS MO.     0
DPTR FM NORMAL    -1    [PRESSURE DATA]
TOTAL FM JAN 1     0    HIGHEST SLP 30.39 ON  4
DPTR FM NORMAL    -1    LOWEST  SLP 29.46 ON  3

[REMARKS]
#FINAL-04-16#
