000
CXUS52 KTAE 190800
CF6AAF
PRELIMINARY LOCAL CLIMATOLOGICAL DATA (WS FORM: F-6)

                                          STATION:   APALACHICOLA
                                          MONTH:     AUGUST
                                          YEAR:      2017
                                          LATITUDE:   29 43 N
                                          LONGITUDE:  85  2 W

  TEMPERATURE IN F:       :PCPN:    SNOW:  WIND      :SUNSHINE: SKY     :PK WND
================================================================================
1   2   3   4   5  6A  6B    7    8   9   10  11  12  13   14  15   16   17  18
                                     12Z  AVG MX 2MIN
DY MAX MIN AVG DEP HDD CDD  WTR  SNW DPTH SPD SPD DIR MIN PSBL S-S WX    SPD DR
================================================================================

 1  87  69  78  -4   0  13 0.00  0.0    0  6.7 15 140   M    M   0        18 130
 2  89  71  80  -2   0  15 0.00  0.0    0  6.8 18 120   M    M   3        24 120
 3  81  74  78  -4   0  13 1.45  0.0    0  6.4 15 240   M    M   5 13     23 240
 4  88  75  82   0   0  17 0.64  0.0    0  8.5 21 280   M    M   3 13     29 280
 5  87  73  80  -2   0  15 0.86  0.0    0  3.9 18  10   M    M   2 13     23 360
 6  86  75  81  -1   0  16 0.25  0.0    0  5.8 16  60   M    M   2 13     22  60
 7  90  77  84   2   0  19 0.00  0.0    0  4.9 13 180   M    M   1        16 170
 8  90  76  83   1   0  18    T  0.0    0  4.6 13 220   M    M   0        18 210
 9  90  76  83   1   0  18    T  0.0    0  4.5 12 160   M    M   1 3      14 150
10  91  75  83   1   0  18 0.00  0.0    0  4.0 13 150   M    M   1 3      16 160
11  92  75  84   2   0  19 0.00  0.0    0  5.6 21 240   M    M   1        23 240
12  87  76  82   0   0  17 1.00  0.0    0  3.7 25 290   M    M   2 13     30 290
13  91  77  84   2   0  19 0.01  0.0    0  5.4 16 210   M    M   1 3      20 210
14  91  80  86   4   0  21    T  0.0    0  8.7 18 240   M    M   1 3      22 260
15  91  79  85   3   0  20 0.01  0.0    0  6.9 17  20   M    M   2 3      21  10
16  93  77  85   3   0  20 0.02  0.0    0  5.9 16 240   M    M   1 13     21 250
17  95  77  86   4   0  21 0.00  0.0    0  4.6 14 300   M    M   2        18 230
18  95  79  87   5   0  22 0.22  0.0    0  5.7 21 320   M    M   1 38     30 320
================================================================================
SM 1614 1361         0 321  4.46     0.0 102.6          M       29
================================================================================
AV 89.7 75.6                               5.7 FASTST   M    M   2    MAX(MPH)
                                 MISC ---->  # 25 290               # 30  290
================================================================================
NOTES:
# LAST OF SEVERAL OCCURRENCES

COLUMN 17 PEAK WIND IN M.P.H.

PRELIMINARY LOCAL CLIMATOLOGICAL DATA (WS FORM: F-6) , PAGE 2

                                          STATION:  APALACHICOLA
                                          MONTH:    AUGUST
                                          YEAR:     2017
                                          LATITUDE:   29 43 N
                                          LONGITUDE:  85  2 W

[TEMPERATURE DATA]      [PRECIPITATION DATA]       SYMBOLS USED IN COLUMN 16

AVERAGE MONTHLY: 82.6   TOTAL FOR MONTH:   4.46    1 = FOG OR MIST
DPTR FM NORMAL:   0.6   DPTR FM NORMAL:   -0.38    2 = FOG REDUCING VISIBILITY
HIGHEST:    95 ON 18,17 GRTST 24HR  1.45 ON  3- 3      TO 1/4 MILE OR LESS
LOWEST:     69 ON  1                               3 = THUNDER
                        SNOW, ICE PELLETS, HAIL    4 = ICE PELLETS
                        TOTAL MONTH:   0.0 INCH    5 = HAIL
                        GRTST 24HR     0.0         6 = FREEZING RAIN OR DRIZZLE
                        GRTST DEPTH:   0           7 = DUSTSTORM OR SANDSTORM:
                                                       VSBY 1/2 MILE OR LESS
                                                   8 = SMOKE OR HAZE
[NO. OF DAYS WITH]      [WEATHER - DAYS WITH]      9 = BLOWING SNOW
                                                   X = TORNADO
MAX 32 OR BELOW:   0    0.01 INCH OR MORE:   9
MAX 90 OR ABOVE:  11    0.10 INCH OR MORE:   6
MIN 32 OR BELOW:   0    0.50 INCH OR MORE:   4
MIN  0 OR BELOW:   0    1.00 INCH OR MORE:   2

[HDD (BASE 65) ]
TOTAL THIS MO.     0    CLEAR  (SCALE 0-3)  16
DPTR FM NORMAL     0    PTCLDY (SCALE 4-7)   2
TOTAL FM JUL 1     0    CLOUDY (SCALE 8-10)  0
DPTR FM NORMAL     0

[CDD (BASE 65) ]
TOTAL THIS MO.   321
DPTR FM NORMAL    15    [PRESSURE DATA]
TOTAL FM JAN 1  1892    HIGHEST SLP M ON M
DPTR FM NORMAL   178    LOWEST  SLP 29.88 ON 14

[REMARKS]
