000
CXUS52 KTAE 240800
CF6AAF
PRELIMINARY LOCAL CLIMATOLOGICAL DATA (WS FORM: F-6)

                                          STATION:   APALACHICOLA
                                          MONTH:     MAY
                                          YEAR:      2015
                                          LATITUDE:   29 43 N
                                          LONGITUDE:  85  2 W

  TEMPERATURE IN F:       :PCPN:    SNOW:  WIND      :SUNSHINE: SKY     :PK WND
================================================================================
1   2   3   4   5  6A  6B    7    8   9   10  11  12  13   14  15   16   17  18
                                     12Z  AVG MX 2MIN
DY MAX MIN AVG DEP HDD CDD  WTR  SNW DPTH SPD SPD DIR MIN PSBL S-S WX    SPD DR
================================================================================

 1  85  58  72   2   0   7 0.00  0.0    0  6.8 17  20   M    M   0        22 310
 2  80  55  68  -3   0   3 0.00  0.0    0  6.3 15 160   M    M   0        19 140
 3  81  58  70  -1   0   5 0.00  0.0    0  6.2 17 150   M    M   0        23 150
 4  83  63  73   2   0   8 0.00  0.0    0  7.1 16 110   M    M   1        20 110
 5  84  65  75   3   0  10 0.00  0.0    M   M   M   M   M    M   M         M  M
 6  84  67  76   4   0  11 0.00  0.0    0  7.7 15 150   M    M   5        20 110
 7  85  66  76   4   0  11 0.00  0.0    0  6.8 14 210   M    M   1        18 220
 8  87  67  77   5   0  12 0.00  0.0    0  5.9 13 250   M    M   2 12     17 200
 9  92  70  81   8   0  16 0.00  0.0    0  6.9 13 200   M    M   1        16 330
10  88  70  79   6   0  14 0.00  0.0    0  4.5 14 180   M    M   0        17 180
11  88  66  77   4   0  12 0.00  0.0    0  4.6 14 160   M    M   0 18     17 160
12  90  68  79   6   0  14 0.00  0.0    0  5.3 14 200   M    M   3 1238   16 200
13  91  73  82   8   0  17 0.00  0.0    0  5.6 14 180   M    M   1 3      19 150
14  89  73  81   7   0  16 0.00  0.0    0  6.9 16  80   M    M   0        23  80
15  89  80  85  11   0  20 0.00  0.0    0 11.0 18 130   M    M   3        25 110
16  86  73  80   6   0  15 0.00  0.0    0  9.8 16 150   M    M   6        25 130
17  88  73  81   6   0  16 0.00  0.0    0  8.1 16 150   M    M   2        21 150
18  89  73  81   6   0  16 0.00  0.0    0  5.9 15 160   M    M   2 18     19 190
19  92  72  82   7   0  17 0.00  0.0    0  6.4 17 260   M    M   1 13     22 230
20  92  71  82   6   0  17 0.00  0.0    0  7.8 21 250   M    M   1        26 270
21  96  71  84   8   0  19 0.00  0.0    0  8.5 21 250   M    M   1 3      24 240
22  88  72  80   4   0  15 0.00  0.0    0  6.4 14 210   M    M   0        20 200
23  89  68  79   3   0  14 0.00  0.0    0  8.4 17 110   M    M   1        24 110
================================================================================
SM 2016 1572         0 305  0.00     0.0 152.9          M       31
================================================================================
AV 87.7 68.3                               6.9 FASTST   M    M   1    MAX(MPH)
                                 MISC ---->  # 21 250               # 26  270
================================================================================
NOTES:
# LAST OF SEVERAL OCCURRENCES

COLUMN 17 PEAK WIND IN M.P.H.

PRELIMINARY LOCAL CLIMATOLOGICAL DATA (WS FORM: F-6) , PAGE 2

                                          STATION:  APALACHICOLA
                                          MONTH:    MAY
                                          YEAR:     2015
                                          LATITUDE:   29 43 N
                                          LONGITUDE:  85  2 W

[TEMPERATURE DATA]      [PRECIPITATION DATA]       SYMBOLS USED IN COLUMN 16

AVERAGE MONTHLY: 78.0   TOTAL FOR MONTH:   0.00    1 = FOG OR MIST
DPTR FM NORMAL:   4.6   DPTR FM NORMAL:   -1.65    2 = FOG REDUCING VISIBILITY
HIGHEST:    96 ON 21    GRTST 24HR  0.00 ON 23-23      TO 1/4 MILE OR LESS
LOWEST:     55 ON  2                               3 = THUNDER
                        SNOW, ICE PELLETS, HAIL    4 = ICE PELLETS
                        TOTAL MONTH:   0.0 INCH    5 = HAIL
                        GRTST 24HR     0.0         6 = FREEZING RAIN OR DRIZZLE
                        GRTST DEPTH:   0           7 = DUSTSTORM OR SANDSTORM:
                                                       VSBY 1/2 MILE OR LESS
                                                   8 = SMOKE OR HAZE
[NO. OF DAYS WITH]      [WEATHER - DAYS WITH]      9 = BLOWING SNOW
                                                   X = TORNADO
MAX 32 OR BELOW:   0    0.01 INCH OR MORE:   0
MAX 90 OR ABOVE:   6    0.10 INCH OR MORE:   0
MIN 32 OR BELOW:   0    0.50 INCH OR MORE:   0
MIN  0 OR BELOW:   0    1.00 INCH OR MORE:   0

[HDD (BASE 65) ]
TOTAL THIS MO.     0    CLEAR  (SCALE 0-3)  19
DPTR FM NORMAL     0    PTCLDY (SCALE 4-7)   3
TOTAL FM JUL 1  1022    CLOUDY (SCALE 8-10)  0
DPTR FM NORMAL  -367

[CDD (BASE 65) ]
TOTAL THIS MO.   305
DPTR FM NORMAL   112    [PRESSURE DATA]
TOTAL FM JAN 1   772    HIGHEST SLP M ON M
DPTR FM NORMAL   449    LOWEST  SLP 29.94 ON 20

[REMARKS]
