000
CXUS56 KMFR 291000
CF6AAT
PRELIMINARY LOCAL CLIMATOLOGICAL DATA (WS FORM: F-6)

                                          STATION:   ALTURAS CA
                                          MONTH:     MARCH
                                          YEAR:      2015
                                          LATITUDE:   41 29 N
                                          LONGITUDE: 120 34 W

  TEMPERATURE IN F:       :PCPN:    SNOW:  WIND      :SUNSHINE: SKY     :PK WND
================================================================================
1   2   3   4   5  6A  6B    7    8   9   10  11  12  13   14  15   16   17  18
                                     12Z  AVG MX 2MIN
DY MAX MIN AVG DEP HDD CDD  WTR  SNW DPTH SPD SPD DIR MIN PSBL S-S WX    SPD DR
================================================================================

 1  48  21  35  -2  30   0 0.00    M    M  4.2 15  10   M    M   1 18     20  20
 2  49  22  36  -1  29   0 0.00    M    M  5.5 20 290   M    M   8 18     24 290
 3  48  19  34  -3  31   0 0.00    M    M  5.4 16 360   M    M   2        21  10
 4  56  12  34  -3  31   0 0.00    M    M  1.3  7 100   M    M   0 18      9 130
 5  63  14  39   2  26   0 0.00    M    M  2.2 12 280   M    M   0 18     14 280
 6  68  17  43   6  22   0 0.00    M    M  1.4  9 130   M    M   0 8      11 130
 7  69  18  44   6  21   0 0.00    M    M  1.6  7 300   M    M   0 8       9 350
 8  70  19  45   7  20   0 0.00    M    M  2.3 16 340   M    M   0 8      21 340
 9  70  17  44   6  21   0 0.00    M    M  1.2  7  70   M    M   0 18     10 340
10  68  20  44   6  21   0 0.00    M    M  4.7 18 170   M    M   1 8      22 170
11  53  41  47   9  18   0 0.01    M    M  9.2 26 200   M    M   9        33 200
12  63  27  45   7  20   0 0.00    M    M  1.8 10 110   M    M   4 128    12  90
13  71  28  50  12  15   0 0.00    M    M  6.5 18 170   M    M   0        25 150
14  66  44  55  17  10   0    T    M    M  4.6 18 190   M    M   7        24 190
15  72  44  58  20   7   0 0.00    M    M 15.1 37 210   M    M   3        48 210
16  61  42  52  14  13   0 0.01    M    M  2.8 18 280   M    M   9 1      22 290
17  60  35  48   9  17   0 0.08    M    M  5.8 20 320   M    M   7 12     26 320
18  63  21  42   3  23   0 0.00    M    M  3.5 12  30   M    M   0        16 360
19  70  17  44   5  21   0 0.00    M    M  4.1 15 250   M    M   0        20 260
20  64  23  44   5  21   0 0.00    M    M  5.5 18 270   M    M   0        23 280
21  64  37  51  12  14   0    T    M    M  5.2 13 280   M    M   3        18 260
22  61  33  47   8  18   0 0.24    M    M 10.0 25 300   M    M   7 1      31 300
23  46  33  40   1  25   0 0.15    M    M 10.9 22 240   M    M   8 1      30 260
24  50  35  43   4  22   0 0.04    M    M  8.7 18 280   M    M   9 1      23 280
25  64  29  47   8  18   0 0.00    M    M  2.3 10 170   M    M   1 128    13 160
26  75  29  52  13  13   0 0.00    M    M  3.1 12 190   M    M   0 1      17 170
27  75  32  54  14  11   0 0.00    M    M  6.9 24 250   M    M   0        31 250
28  64  31  48   8  17   0 0.00    M    M  4.6 17 310   M    M   1        23 310
================================================================================
SM 1751  760       555   0  0.53    M    140.4          M       80
================================================================================
AV 62.5 27.1                               5.0 FASTST   M    M   3    MAX(MPH)
                                 MISC ---->  # 37 210               # 48  210
================================================================================
NOTES:
# LAST OF SEVERAL OCCURRENCES

COLUMN 17 PEAK WIND IN M.P.H.

PRELIMINARY LOCAL CLIMATOLOGICAL DATA (WS FORM: F-6) , PAGE 2

                                          STATION:  ALTURAS CA
                                          MONTH:    MARCH
                                          YEAR:     2015
                                          LATITUDE:   41 29 N
                                          LONGITUDE: 120 34 W

[TEMPERATURE DATA]      [PRECIPITATION DATA]       SYMBOLS USED IN COLUMN 16

AVERAGE MONTHLY: 44.8   TOTAL FOR MONTH:   0.53    1 = FOG OR MIST
DPTR FM NORMAL:   6.6   DPTR FM NORMAL:   -0.83    2 = FOG REDUCING VISIBILITY
HIGHEST:    75 ON 27,26 GRTST 24HR  0.24 ON 22-22      TO 1/4 MILE OR LESS
LOWEST:     12 ON  4                               3 = THUNDER
                        SNOW, ICE PELLETS, HAIL    4 = ICE PELLETS
                        TOTAL MONTH:    M          5 = HAIL
                        GRTST 24HR    M  ON   M    6 = FREEZING RAIN OR DRIZZLE
                        GRTST DEPTH:  M  ON   M    7 = DUSTSTORM OR SANDSTORM:
                                                       VSBY 1/2 MILE OR LESS
                                                   8 = SMOKE OR HAZE
[NO. OF DAYS WITH]      [WEATHER - DAYS WITH]      9 = BLOWING SNOW
                                                   X = TORNADO
MAX 32 OR BELOW:   0    0.01 INCH OR MORE:   6
MAX 90 OR ABOVE:   0    0.10 INCH OR MORE:   2
MIN 32 OR BELOW:  19    0.50 INCH OR MORE:   0
MIN  0 OR BELOW:   0    1.00 INCH OR MORE:   0

[HDD (BASE 65) ]
TOTAL THIS MO.   555    CLEAR  (SCALE 0-3)  19
DPTR FM NORMAL  -194    PTCLDY (SCALE 4-7)   5
TOTAL FM JUL 1  4182    CLOUDY (SCALE 8-10)  4
DPTR FM NORMAL -1434

[CDD (BASE 65) ]
TOTAL THIS MO.     0
DPTR FM NORMAL     0    [PRESSURE DATA]
TOTAL FM JAN 1     0    HIGHEST SLP M ON M
DPTR FM NORMAL     0    LOWEST  SLP 29.84 ON  2

[REMARKS]
