000
CXUS51 KPHI 280800
CF6ABE
PRELIMINARY LOCAL CLIMATOLOGICAL DATA (WS FORM: F-6)

                                          STATION:   ALLENTOWN PA
                                          MONTH:     FEBRUARY
                                          YEAR:      2015
                                          LATITUDE:   40 39 N
                                          LONGITUDE:  75 26 W

  TEMPERATURE IN F:       :PCPN:    SNOW:  WIND      :SUNSHINE: SKY     :PK WND
================================================================================
1   2   3   4   5  6A  6B    7    8   9   10  11  12  13   14  15   16   17  18
                                     12Z  AVG MX 2MIN
DY MAX MIN AVG DEP HDD CDD  WTR  SNW DPTH SPD SPD DIR MIN PSBL S-S WX    SPD DR
================================================================================

 1  35  10  23  -5  42   0 0.11  1.4    5  5.5 13 230   M    M   9 1      15 120
 2  34  15  25  -3  40   0 0.80  2.5    6 11.4 35 330   M    M   9 169    45 320
 3  24   9  17 -12  48   0 0.00  0.0    6  7.6 18 300   M    M   1        23 270
 4  34   8  21  -8  44   0 0.00  0.0    6  1.6  7  50   M    M   6         8 100
 5  32  11  22  -7  43   0    T  0.1    6 13.4 28 330   M    M   5 8      36 340
 6  27   3  15 -14  50   0 0.00  0.0    6  7.4 20 250   M    M   2        25 250
 7  40   8  24  -5  41   0 0.00  0.0    6  1.3  9 200   M    M   8        12 210
 8  39  31  35   6  30   0 0.00  0.0    5  5.1 12  90   M    M   5 18     16  60
 9  35  25  30   0  35   0 0.14  0.4    5 11.7 17  90   M    M  10 168    22  90
10  36  22  29  -1  36   0    T    T    5  8.4 16  20   M    M   8 1      20  50
11  35  14  25  -5  40   0 0.00  0.0    5  2.3  9  60   M    M   1        10  50
12  38  11  25  -5  40   0 0.02  0.2    4 10.2 26 330   M    M   8 18     35 320
13  19   5  12 -18  53   0 0.00  0.0    4 10.0 26 310   M    M   0        35 310
14  26   3  15 -15  50   0 0.13  2.4    4  5.2 30 320   M    M   8 128    39 310
15  18   2  10 -21  55   0    T    T    5 19.3 31 320   M    M   5 89     46 300
16  17  -1   8 -23  57   0    T    T    5  9.2 22 290   M    M   2        29 300
17  25   7  16 -15  49   0 0.08  2.4    6  4.8 12 240   M    M   4 8      14 240
18  31  -2  15 -16  50   0    T    T    5  4.5 20 250   M    M   3 18     26 270
19  20   4  12 -20  53   0    T    T    4 15.1 25 300   M    M   4 8      35 280
20  15  -1   7 -25  58   0 0.00  0.0    4 10.5 22 290   M    M   0        33 280
21  25  -3  11 -21  54   0 0.40  2.8    3  4.4 16 180   M    M   7 1      20 170
22  43  25  34   2  31   0 0.14  1.0    8  3.0 12 260   M    M   6 18     15 260
23  33   3  18 -14  47   0 0.00  0.0    5 10.9 22 350   M    M   2        26 320
24  23  -8   8 -25  57   0 0.00  0.0    5  4.2 15 180   M    M   0        20 180
25  35   8  22 -11  43   0 0.00  0.0    5  7.0 20 250   M    M   2        25 250
26  27  16  22 -11  43   0 0.01    T    4  5.9 15  50   M    M   7        18  50
27  26   9  18 -16  47   0 0.00  0.0    4  5.2 14 300   M    M   3        18 280
================================================================================
SM  792  234      1236   0  1.83    13.2 205.1          M      125
================================================================================
AV 29.3  8.7                               7.6 FASTST   M    M   5    MAX(MPH)
                                 MISC ---->  # 35 330               # 46  300
================================================================================
NOTES:
# LAST OF SEVERAL OCCURRENCES

COLUMN 17 PEAK WIND IN M.P.H.

PRELIMINARY LOCAL CLIMATOLOGICAL DATA (WS FORM: F-6) , PAGE 2

                                          STATION:  ALLENTOWN PA
                                          MONTH:    FEBRUARY
                                          YEAR:     2015
                                          LATITUDE:   40 39 N
                                          LONGITUDE:  75 26 W

[TEMPERATURE DATA]      [PRECIPITATION DATA]       SYMBOLS USED IN COLUMN 16

AVERAGE MONTHLY: 19.0   TOTAL FOR MONTH:   1.83    1 = FOG OR MIST
DPTR FM NORMAL: -11.6   DPTR FM NORMAL:   -0.77    2 = FOG REDUCING VISIBILITY
HIGHEST:    43 ON 22    GRTST 24HR  0.91 ON  1- 2      TO 1/4 MILE OR LESS
LOWEST:     -8 ON 24                               3 = THUNDER
                        SNOW, ICE PELLETS, HAIL    4 = ICE PELLETS
                        TOTAL MONTH:  13.2 INCHES  5 = HAIL
                        GRTST 24HR   2.8 ON   M    6 = FREEZING RAIN OR DRIZZLE
                        GRTST DEPTH:   8 ON 22     7 = DUSTSTORM OR SANDSTORM:
                                                       VSBY 1/2 MILE OR LESS
                                                   8 = SMOKE OR HAZE
[NO. OF DAYS WITH]      [WEATHER - DAYS WITH]      9 = BLOWING SNOW
                                                   X = TORNADO
MAX 32 OR BELOW:  15    0.01 INCH OR MORE:   9
MAX 90 OR ABOVE:   0    0.10 INCH OR MORE:   6
MIN 32 OR BELOW:  27    0.50 INCH OR MORE:   1
MIN  0 OR BELOW:   5    1.00 INCH OR MORE:   0

[HDD (BASE 65) ]
TOTAL THIS MO.  1236    CLEAR  (SCALE 0-3)   9
DPTR FM NORMAL   309    PTCLDY (SCALE 4-7)  14
TOTAL FM JUL 1  4433    CLOUDY (SCALE 8-10)  4
DPTR FM NORMAL   156

[CDD (BASE 65) ]
TOTAL THIS MO.     0
DPTR FM NORMAL     0    [PRESSURE DATA]
TOTAL FM JAN 1     0    HIGHEST SLP M ON M
DPTR FM NORMAL     0    LOWEST  SLP 29.36 ON  2

[REMARKS]
