000
CXUS54 KSJT 280900
CF6ABI
PRELIMINARY LOCAL CLIMATOLOGICAL DATA (WS FORM: F-6)

                                          STATION:   ABILENE
                                          MONTH:     DECEMBER
                                          YEAR:      2014
                                          LATITUDE:   32 25 N
                                          LONGITUDE:  99 41 W

  TEMPERATURE IN F:       :PCPN:    SNOW:  WIND      :SUNSHINE: SKY     :PK WND
================================================================================
1   2   3   4   5  6A  6B    7    8   9   10  11  12  13   14  15   16   17  18
                                     12Z  AVG MX 2MIN
DY MAX MIN AVG DEP HDD CDD  WTR  SNW DPTH SPD SPD DIR MIN PSBL S-S WX    SPD DR
================================================================================

 1  42  26  34 -14  31   0 0.00  0.0    0 14.4 28 360   M    M   5        33 360
 2  51  32  42  -6  23   0 0.00  0.0    0  7.3 21 170   M    M   8        25 180
 3  68  49  59  11   6   0 0.00  0.0    0 12.7 24 200   M    M   6        32 190
 4  71  50  61  14   4   0 0.00  0.0    0  9.1 22 170   M    M   7        28 180
 5  78  49  64  17   1   0 0.00  0.0    0 13.0 21 310   M    M   2        27 220
 6  63  44  54   7  11   0 0.00  0.0    0  7.0 15 360   M    M   4 1      18 350
 7  57  46  52   6  13   0 0.00  0.0    0  6.2 14 350   M    M  10 1      17 350
 8  67  39  53   7  12   0 0.00  0.0    0  4.6 10  80   M    M   1 1      14 310
 9  69  41  55   9  10   0 0.00  0.0    0  5.3 15 160   M    M   0 1      19 150
10  64  50  57  11   8   0 0.00  0.0    0  9.8 16 180   M    M   9        20 180
11  65  57  61  15   4   0    T  0.0    0  6.1 13 190   M    M  10        15 190
12  71  58  65  20   0   0 0.00  0.0    0 10.1 22 210   M    M   7        27 220
13  70  60  65  20   0   0 0.00  0.0    0 16.3 25 160   M    M   7        31 160
14  74  54  64  19   1   0 0.01  0.0    0 17.2 30 240   M    M   5        40 230
15  63  40  52   7  13   0 0.00  0.0    0  9.4 20 280   M    M   0        25 290
16  57  34  46   1  19   0 0.00  0.0    0  6.6 14 360   M    M   3        16 360
17  52  46  49   4  16   0    T  0.0    0 11.9 24 120   M    M  10        28 120
18  65  42  54  10  11   0 0.00  0.0    0  7.4 14  10   M    M   2 1      18  20
19  48  42  45   1  20   0 0.01  0.0    0  5.7 14 350   M    M  10 1      16  40
20  52  43  48   4  17   0 0.00  0.0    0  6.3 18 160   M    M  10        23 140
21  61  42  52   8  13   0 0.00  0.0    0 17.0 25 200   M    M   5        32 210
22  66  48  57  13   8   0 0.00  0.0    0 11.2 24 340   M    M   0        32 200
23  50  39  45   1  20   0 0.26  0.0    0 16.3 29 340   M    M   9 1      35 320
24  51  34  43  -1  22   0 0.00  0.0    0 12.4 30 350   M    M   2        34 350
25  62  35  49   5  16   0 0.00  0.0    0 18.9 38 190   M    M   0        47 180
26  69  48  59  15   6   0 0.00  0.0    0 15.9 28 180   M    M   0        36 180
27  47  30  39  -5  26   0 0.14    T    0 13.0 26 350   M    M   9 146    29 340
================================================================================
SM 1653 1178       331   0  0.42    T    291.1          M      141
================================================================================
AV 61.2 43.6                              10.8 FASTST   M    M   5    MAX(MPH)
                                 MISC ---->  # 38 190               # 47  180
================================================================================
NOTES:
# LAST OF SEVERAL OCCURRENCES

COLUMN 17 PEAK WIND IN M.P.H.

PRELIMINARY LOCAL CLIMATOLOGICAL DATA (WS FORM: F-6) , PAGE 2

                                          STATION:  ABILENE
                                          MONTH:    DECEMBER
                                          YEAR:     2014
                                          LATITUDE:   32 25 N
                                          LONGITUDE:  99 41 W

[TEMPERATURE DATA]      [PRECIPITATION DATA]       SYMBOLS USED IN COLUMN 16

AVERAGE MONTHLY: 52.4   TOTAL FOR MONTH:   0.42    1 = FOG OR MIST
DPTR FM NORMAL:   7.1   DPTR FM NORMAL:   -0.66    2 = FOG REDUCING VISIBILITY
HIGHEST:    78 ON  5    GRTST 24HR  0.26 ON 23-23      TO 1/4 MILE OR LESS
LOWEST:     26 ON  1                               3 = THUNDER
                        SNOW, ICE PELLETS, HAIL    4 = ICE PELLETS
                        TOTAL MONTH:    T          5 = HAIL
                        GRTST 24HR    T  ON 27-27  6 = FREEZING RAIN OR DRIZZLE
                        GRTST DEPTH:   0           7 = DUSTSTORM OR SANDSTORM:
                                                       VSBY 1/2 MILE OR LESS
                                                   8 = SMOKE OR HAZE
[NO. OF DAYS WITH]      [WEATHER - DAYS WITH]      9 = BLOWING SNOW
                                                   X = TORNADO
MAX 32 OR BELOW:   0    0.01 INCH OR MORE:   4
MAX 90 OR ABOVE:   0    0.10 INCH OR MORE:   2
MIN 32 OR BELOW:   3    0.50 INCH OR MORE:   0
MIN  0 OR BELOW:   0    1.00 INCH OR MORE:   0

[HDD (BASE 65) ]
TOTAL THIS MO.   331    CLEAR  (SCALE 0-3)  10
DPTR FM NORMAL  -197    PTCLDY (SCALE 4-7)   8
TOTAL FM JUL 1   748    CLOUDY (SCALE 8-10)  9
DPTR FM NORMAL  -213

[CDD (BASE 65) ]
TOTAL THIS MO.     0
DPTR FM NORMAL     0    [PRESSURE DATA]
TOTAL FM JAN 1  2819    HIGHEST SLP M ON M
DPTR FM NORMAL   411    LOWEST  SLP 29.57 ON 22

[REMARKS]
