000
CXUS55 KABR 221400
CF6ABR
PRELIMINARY LOCAL CLIMATOLOGICAL DATA (WS FORM: F-6)

                                          STATION:   ABERDEEN SD
                                          MONTH:     FEBRUARY
                                          YEAR:      2018
                                          LATITUDE:   45 27 N
                                          LONGITUDE:  98 26 W

  TEMPERATURE IN F:       :PCPN:    SNOW:  WIND      :SUNSHINE: SKY     :PK WND
================================================================================
1   2   3   4   5  6A  6B    7    8   9   10  11  12  13   14  15   16   17  18
                                     12Z  AVG MX 2MIN
DY MAX MIN AVG DEP HDD CDD  WTR  SNW DPTH SPD SPD DIR MIN PSBL S-S WX    SPD DR
================================================================================

 1  11  -8   2 -11  63   0 0.00  0.0    0  9.1 20 330   M    M   0 8      26 330
 2  26  -8   9  -5  56   0 0.00  0.0    0  7.5 16 170   M    M   4 1      19 190
 3  19  -4   8  -6  57   0 0.04  1.0    0 16.6 28 360   M    M   9 18     37  10
 4   7 -15  -4 -18  69   0 0.00  0.0    1 10.1 18 350   M    M   2        22 350
 5  11 -14  -1 -15  66   0 0.00  0.0    1 10.4 26 330   M    M   2        32 330
 6  12 -21  -4 -19  69   0 0.00  0.0    1 10.1 25 340   M    M   5        31 340
 7  15 -16   0 -15  65   0    T  0.1    1  7.5 21 330   M    M   3 18     26 320
 8  10  -2   4 -11  61   0 0.06  0.5    1  8.5 17  30   M    M   6 1      22  30
 9   9 -12  -1 -17  66   0    T    T    1  7.5 13 290   M    M   2        20 300
10  10 -21  -5 -21  70   0 0.00  0.0    1  9.0 14 220   M    M   0        19 230
11  19 -13   3 -13  62   0    T    T    1  7.7 17 350   M    M   3 8      20 350
12  13  -5   4 -12  61   0    T    T    1  7.9 20 160   M    M   6        24 160
13  28   8  18   1  47   0 0.00  0.0    1 13.2 23 210   M    M   2        27 210
14  49   6  28  11  37   0 0.00  0.0    1 10.0 16 200   M    M   2 18     20 210
15  39   3  21   3  44   0    T  0.1    0 17.2 29  10   M    M   7 18     36  10
16  26  -9   9  -9  56   0 0.00  0.0    T 11.6 24 190   M    M   1        30 170
17  34  11  23   5  42   0 0.00  0.0    T  8.6 22 320   M    M   5        32 330
18  30  11  21   2  44   0    T    T    0 17.8 33  10   M    M   8 1      41  20
19  13   4   9 -10  56   0 0.10  3.0    1 20.4 28  10   M    M  10 1      35 360
20  12 -14  -1 -20  66   0 0.05  1.3    4 14.8 22 310   M    M   5 19     27 340
21  12 -24  -6 -26  71   0 0.00  0.0    4  8.0 18 140   M    M   0        20 150
================================================================================
SM  405 -143      1228   0  0.25     6.0 233.5          M       82
================================================================================
AV 19.3 -6.8                              11.1 FASTST   M    M   4    MAX(MPH)
                                 MISC ---->  # 33  10               # 41   20
================================================================================
NOTES:
# LAST OF SEVERAL OCCURRENCES

COLUMN 17 PEAK WIND IN M.P.H.

PRELIMINARY LOCAL CLIMATOLOGICAL DATA (WS FORM: F-6) , PAGE 2

                                          STATION:  ABERDEEN SD
                                          MONTH:    FEBRUARY
                                          YEAR:     2018
                                          LATITUDE:   45 27 N
                                          LONGITUDE:  98 26 W

[TEMPERATURE DATA]      [PRECIPITATION DATA]       SYMBOLS USED IN COLUMN 16

AVERAGE MONTHLY:  6.2   TOTAL FOR MONTH:   0.25    1 = FOG OR MIST
DPTR FM NORMAL: -10.1   DPTR FM NORMAL:   -0.12    2 = FOG REDUCING VISIBILITY
HIGHEST:    49 ON 14    GRTST 24HR  0.10 ON 19-19      TO 1/4 MILE OR LESS
LOWEST:    -24 ON 21                               3 = THUNDER
                        SNOW, ICE PELLETS, HAIL    4 = ICE PELLETS
                        TOTAL MONTH:   6.0 INCHES  5 = HAIL
                        GRTST 24HR   3.0 ON 19-19  6 = FREEZING RAIN OR DRIZZLE
                        GRTST DEPTH:   4 ON 21,20  7 = DUSTSTORM OR SANDSTORM:
                                                       VSBY 1/2 MILE OR LESS
                                                   8 = SMOKE OR HAZE
[NO. OF DAYS WITH]      [WEATHER - DAYS WITH]      9 = BLOWING SNOW
                                                   X = TORNADO
MAX 32 OR BELOW:  18    0.01 INCH OR MORE:   4
MAX 90 OR ABOVE:   0    0.10 INCH OR MORE:   1
MIN 32 OR BELOW:  21    0.50 INCH OR MORE:   0
MIN  0 OR BELOW:  15    1.00 INCH OR MORE:   0

[HDD (BASE 65) ]
TOTAL THIS MO.  1228    CLEAR  (SCALE 0-3)  10
DPTR FM NORMAL   204    PTCLDY (SCALE 4-7)   9
TOTAL FM JUL 1  5997    CLOUDY (SCALE 8-10)  2
DPTR FM NORMAL  -161

[CDD (BASE 65) ]
TOTAL THIS MO.     0
DPTR FM NORMAL     0    [PRESSURE DATA]
TOTAL FM JAN 1     0    HIGHEST SLP M ON M
DPTR FM NORMAL     0    LOWEST  SLP 29.56 ON 18

[REMARKS]
