000
CXUS55 KABR 211400
CF6ABR
PRELIMINARY LOCAL CLIMATOLOGICAL DATA (WS FORM: F-6)

                                          STATION:   ABERDEEN SD
                                          MONTH:     OCTOBER
                                          YEAR:      2017
                                          LATITUDE:   45 27 N
                                          LONGITUDE:  98 26 W

  TEMPERATURE IN F:       :PCPN:    SNOW:  WIND      :SUNSHINE: SKY     :PK WND
================================================================================
1   2   3   4   5  6A  6B    7    8   9   10  11  12  13   14  15   16   17  18
                                     12Z  AVG MX 2MIN
DY MAX MIN AVG DEP HDD CDD  WTR  SNW DPTH SPD SPD DIR MIN PSBL S-S WX    SPD DR
================================================================================

 1  79  55  67  15   0   2 0.01  0.0    0 15.0 26 160   M    M   5        33 220
 2  59  46  53   1  12   0 0.07  0.0    0  3.7  8 340   M    M   5 1      10 300
 3  62  38  50  -1  15   0 0.06  0.0    0  9.7 21 310   M    M   5 1      26 250
 4  62  31  47  -4  18   0 0.00  0.0    0  7.5 15 290   M    M   2        20 290
 5  68  41  55   5  10   0 0.00  0.0    0  3.5 12 360   M    M   6        14  20
 6  68  37  53   3  12   0 0.00  0.0    0  3.1 12  70   M    M   2 1      14  70
 7  77  35  56   7   9   0 0.00  0.0    0  7.3 20 300   M    M   1 8      23 300
 8  63  41  52   3  13   0 0.00  0.0    0  9.6 20 330   M    M   4        23 300
 9  50  23  37 -11  28   0 0.00  0.0    0  7.6 18 300   M    M   1 8      24 300
10  61  18  40  -8  25   0 0.00  0.0    0  5.9 13 180   M    M   0        18 170
11  64  30  47  -1  18   0 0.00  0.0    0 17.4 30 160   M    M   0        40 150
12  72  45  59  12   6   0 0.00  0.0    0 16.8 26 280   M    M   0        37 290
13  60  27  44  -3  21   0 0.00  0.0    0  5.5 13 100   M    M   0 1      16 140
14  50  34  42  -4  23   0 0.54  0.0    0  9.0 20 330   M    M   7 1      23 320
15  60  26  43  -3  22   0 0.00  0.0    0  8.8 23 300   M    M   1        30 300
16  71  26  49   4  16   0 0.00  0.0    0  7.6 15 190   M    M   0        20 190
17  79  28  54   9  11   0 0.00  0.0    0  8.1 20 200   M    M   0        25 200
18  63  34  49   5  16   0 0.00  0.0    0  9.1 28 330   M    M   0        34 330
19  75  34  55  11  10   0 0.00  0.0    0 12.0 22 200   M    M   0        29 210
20  79  55  67  24   0   2 0.00  0.0    0 19.5 33 170   M    M   0        44 180
================================================================================
SM 1322  704       285   4  0.68     0.0 186.7          M       39
================================================================================
AV 66.1 35.2                               9.3 FASTST   M    M   2    MAX(MPH)
                                 MISC ---->  # 33 170               # 44  180
================================================================================
NOTES:
# LAST OF SEVERAL OCCURRENCES

COLUMN 17 PEAK WIND IN M.P.H.

PRELIMINARY LOCAL CLIMATOLOGICAL DATA (WS FORM: F-6) , PAGE 2

                                          STATION:  ABERDEEN SD
                                          MONTH:    OCTOBER
                                          YEAR:     2017
                                          LATITUDE:   45 27 N
                                          LONGITUDE:  98 26 W

[TEMPERATURE DATA]      [PRECIPITATION DATA]       SYMBOLS USED IN COLUMN 16

AVERAGE MONTHLY: 50.7   TOTAL FOR MONTH:   0.68    1 = FOG OR MIST
DPTR FM NORMAL:   2.9   DPTR FM NORMAL:   -0.75    2 = FOG REDUCING VISIBILITY
HIGHEST:    79 ON 20,17 GRTST 24HR  0.54 ON 14-14      TO 1/4 MILE OR LESS
LOWEST:     18 ON 10                               3 = THUNDER
                        SNOW, ICE PELLETS, HAIL    4 = ICE PELLETS
                        TOTAL MONTH:   0.0 INCH    5 = HAIL
                        GRTST 24HR     0.0         6 = FREEZING RAIN OR DRIZZLE
                        GRTST DEPTH:   0           7 = DUSTSTORM OR SANDSTORM:
                                                       VSBY 1/2 MILE OR LESS
                                                   8 = SMOKE OR HAZE
[NO. OF DAYS WITH]      [WEATHER - DAYS WITH]      9 = BLOWING SNOW
                                                   X = TORNADO
MAX 32 OR BELOW:   0    0.01 INCH OR MORE:   4
MAX 90 OR ABOVE:   0    0.10 INCH OR MORE:   1
MIN 32 OR BELOW:   8    0.50 INCH OR MORE:   1
MIN  0 OR BELOW:   0    1.00 INCH OR MORE:   0

[HDD (BASE 65) ]
TOTAL THIS MO.   285    CLEAR  (SCALE 0-3)  14
DPTR FM NORMAL   -63    PTCLDY (SCALE 4-7)   6
TOTAL FM JUL 1   458    CLOUDY (SCALE 8-10)  0
DPTR FM NORMAL  -164

[CDD (BASE 65) ]
TOTAL THIS MO.     4
DPTR FM NORMAL     4    [PRESSURE DATA]
TOTAL FM JAN 1   552    HIGHEST SLP M ON M
DPTR FM NORMAL    29    LOWEST  SLP 29.36 ON 20

[REMARKS]
