000
CXUS52 KTAE 290800
CF6ABY
PRELIMINARY LOCAL CLIMATOLOGICAL DATA (WS FORM: F-6)

                                          STATION:   ALBANY
                                          MONTH:     APRIL
                                          YEAR:      2016
                                          LATITUDE:   31 31 N
                                          LONGITUDE:  84 11 W

  TEMPERATURE IN F:       :PCPN:    SNOW:  WIND      :SUNSHINE: SKY     :PK WND
================================================================================
1   2   3   4   5  6A  6B    7    8   9   10  11  12  13   14  15   16   17  18
                                     12Z  AVG MX 2MIN
DY MAX MIN AVG DEP HDD CDD  WTR  SNW DPTH SPD SPD DIR MIN PSBL S-S WX    SPD DR
================================================================================

 1  77  64  71   8   0   6 2.82  0.0    0  9.3 20 330   M    M  10 138    26 340
 2  73  55  64   1   1   0 0.12  0.0    0  9.4 21 310   M    M   5 13     29 320
 3  74  47  61  -2   4   0 0.00  0.0    0  5.3 15 330   M    M   0        22 310
 4  79  45  62  -2   3   0 0.00    M    0  2.7 14 280   M    M   0        19 270
 5  79  50  65   1   0   0 0.00  0.0    0  3.7 15 330   M    M   0        19 330
 6  75  52  64   0   1   0 0.02  0.0    0 11.0 22 210   M    M   2 3      27 170
 7  77  59  68   4   0   3 0.42  0.0    0  7.1 17 260   M    M   3 1      22 250
 8  73  52  63  -1   2   0 0.00  0.0    0  8.8 22 280   M    M   0        30 310
 9  74  43  59  -6   6   0 0.00  0.0    0  7.6 24 320   M    M   0        36 330
10  73  44  59  -6   6   0 0.00  0.0    0  5.8 15  70   M    M   0        21  90
11  81  52  67   2   0   2    T  0.0    0  8.5 20 190   M    M   2        30 200
12  76  60  68   3   0   3 0.20  0.0    0  4.6 14 330   M    M   7 1      18 330
13  76  55  66   0   0   1 0.04  0.0    0  6.4 17  80   M    M   5 1      20  90
14  64  57  61  -5   4   0 2.18  0.0    0  7.9 16  60   M    M  10 1      20  70
15  66  54  60  -6   5   0 0.01  0.0    0 12.7 21  70   M    M  10 1      27  70
16  75  57  66   0   0   1 0.01  0.0    0 11.5 21  70   M    M   7 1      25  90
17  77  51  64  -2   1   0 0.00  0.0    0  8.3 18  50   M    M   0        24  80
18  80  44  62  -5   3   0 0.00  0.0    0  4.0 15 110   M    M   0        20  80
19  83  46  65  -2   0   0 0.00  0.0    0  1.1 10  80   M    M   0        13  80
20  84  55  70   3   0   5 0.00  0.0    0  2.0 10 150   M    M   0        16 140
21  81  60  71   3   0   6 0.00  0.0    0  6.4 17 160   M    M   3        23 140
22  73  57  65  -3   0   0 0.14  0.0    0  4.0 14 190   M    M   5 18     17 200
23  82  60  71   3   0   6 0.00  0.0    0  6.2 17 310   M    M   3 1      23 340
24  85  53  69   1   0   4 0.00  0.0    0  3.6 13 110   M    M   0        17 120
25  85  62  74   5   0   9 0.33  0.0    0  3.4 20 210   M    M   3 1      24 200
26  86  60  73   4   0   8 0.00  0.0    0  3.4 12 250   M    M   3 12     15 200
27  86  63  75   6   0  10 0.58  0.0    0  6.4 21 210   M    M   5 123    26 200
28  83  69  76   6   0  11    T  0.0    0  4.5 14 220   M    M   5 1      17 220
================================================================================
SM 2177 1526        36  75  6.87     0.0 175.6          M       88
================================================================================
AV 77.8 54.5                               6.3 FASTST   M    M   3    MAX(MPH)
                                 MISC ---->  # 24 320               # 36  330
================================================================================
NOTES:
# LAST OF SEVERAL OCCURRENCES

COLUMN 17 PEAK WIND IN M.P.H.

PRELIMINARY LOCAL CLIMATOLOGICAL DATA (WS FORM: F-6) , PAGE 2

                                          STATION:  ALBANY
                                          MONTH:    APRIL
                                          YEAR:     2016
                                          LATITUDE:   31 31 N
                                          LONGITUDE:  84 11 W

[TEMPERATURE DATA]      [PRECIPITATION DATA]       SYMBOLS USED IN COLUMN 16

AVERAGE MONTHLY: 66.1   TOTAL FOR MONTH:   6.87    1 = FOG OR MIST
DPTR FM NORMAL:   0.1   DPTR FM NORMAL:    3.38    2 = FOG REDUCING VISIBILITY
HIGHEST:    86 ON 27,26 GRTST 24HR  2.94 ON  1- 2      TO 1/4 MILE OR LESS
LOWEST:     43 ON  9                               3 = THUNDER
                        SNOW, ICE PELLETS, HAIL    4 = ICE PELLETS
                        TOTAL MONTH:   0.0 INCH    5 = HAIL
                        GRTST 24HR     0.0         6 = FREEZING RAIN OR DRIZZLE
                        GRTST DEPTH:   0           7 = DUSTSTORM OR SANDSTORM:
                                                       VSBY 1/2 MILE OR LESS
                                                   8 = SMOKE OR HAZE
[NO. OF DAYS WITH]      [WEATHER - DAYS WITH]      9 = BLOWING SNOW
                                                   X = TORNADO
MAX 32 OR BELOW:   0    0.01 INCH OR MORE:  12
MAX 90 OR ABOVE:   0    0.10 INCH OR MORE:   8
MIN 32 OR BELOW:   0    0.50 INCH OR MORE:   3
MIN  0 OR BELOW:   0    1.00 INCH OR MORE:   2

[HDD (BASE 65) ]
TOTAL THIS MO.    36    CLEAR  (SCALE 0-3)  17
DPTR FM NORMAL   -29    PTCLDY (SCALE 4-7)   8
TOTAL FM JUL 1  1286    CLOUDY (SCALE 8-10)  3
DPTR FM NORMAL  -548

[CDD (BASE 65) ]
TOTAL THIS MO.    75
DPTR FM NORMAL   -16    [PRESSURE DATA]
TOTAL FM JAN 1   160    HIGHEST SLP M ON M
DPTR FM NORMAL    31    LOWEST  SLP 29.77 ON  1

[REMARKS]
