000
CXUS52 KTAE 190800
CF6ABY
PRELIMINARY LOCAL CLIMATOLOGICAL DATA (WS FORM: F-6)

                                          STATION:   ALBANY
                                          MONTH:     FEBRUARY
                                          YEAR:      2017
                                          LATITUDE:   31 31 N
                                          LONGITUDE:  84 11 W

  TEMPERATURE IN F:       :PCPN:    SNOW:  WIND      :SUNSHINE: SKY     :PK WND
================================================================================
1   2   3   4   5  6A  6B    7    8   9   10  11  12  13   14  15   16   17  18
                                     12Z  AVG MX 2MIN
DY MAX MIN AVG DEP HDD CDD  WTR  SNW DPTH SPD SPD DIR MIN PSBL S-S WX    SPD DR
================================================================================

 1  74  44  59   9   6   0 0.00  0.0    0  4.4 17 220   M    M   3 12     23 260
 2  76  46  61  11   4   0 0.00  0.0    0  3.5 13 240   M    M   3 12     18 250
 3  68  49  59   9   6   0 0.02  0.0    0  6.4 17 310   M    M   8 18     21 310
 4  59  37  48  -3  17   0 0.00  0.0    0  7.7 21  50   M    M   1 8      24  50
 5  63  37  50  -1  15   0 0.00  0.0    0  2.5 10 320   M    M   5        13 320
 6  76  47  62  11   3   0 0.00  0.0    0  2.3  9 240   M    M   3 1      15 240
 7  79  49  64  13   1   0 1.99  0.0    0  7.5 24 200   M    M   3 13     29 180
 8  77  54  66  15   0   1 0.00  0.0    0  8.1 17 240   M    M   6 12     24 250
 9  71  46  59   8   6   0 0.00  0.0    0 13.0 28 310   M    M   2        38 310
10  67  35  51  -1  14   0 0.00  0.0    0  3.7 13  60   M    M   0        15  60
11  79  39  59   7   6   0 0.00  0.0    0  6.1 20 200   M    M   0 1      26  90
12  80  59  70  18   0   5 0.00  0.0    0  7.4 17 270   M    M   8 1      24 250
13  74  48  61   9   4   0 0.00  0.0    0  5.5 14 340   M    M   2        23 350
14  78  42  60   8   5   0 0.00  0.0    0  3.4 13 210   M    M   0        24 300
15  74  49  62  10   3   0 0.08    M    0 12.4 26 230   M    M   4 1      37 220
16  64  39  52  -1  13   0 0.00  0.0    0  5.7 15 320   M    M   0        20 360
17  72  34  53   0  12   0 0.00  0.0    0  2.6 15 220   M    M   0 18     19 220
18  70  50  60   7   5   0 0.02  0.0    0  4.2 14 110   M    M   4 18     17 100
================================================================================
SM 1301  804       120   6  2.11     0.0 106.4          M       52
================================================================================
AV 72.3 44.7                               5.9 FASTST   M    M   3    MAX(MPH)
                                 MISC ---->  # 28 310               # 38  310
================================================================================
NOTES:
# LAST OF SEVERAL OCCURRENCES

COLUMN 17 PEAK WIND IN M.P.H.

PRELIMINARY LOCAL CLIMATOLOGICAL DATA (WS FORM: F-6) , PAGE 2

                                          STATION:  ALBANY
                                          MONTH:    FEBRUARY
                                          YEAR:     2017
                                          LATITUDE:   31 31 N
                                          LONGITUDE:  84 11 W

[TEMPERATURE DATA]      [PRECIPITATION DATA]       SYMBOLS USED IN COLUMN 16

AVERAGE MONTHLY: 58.5   TOTAL FOR MONTH:   2.11    1 = FOG OR MIST
DPTR FM NORMAL:   7.0   DPTR FM NORMAL:   -0.41    2 = FOG REDUCING VISIBILITY
HIGHEST:    80 ON 12    GRTST 24HR  1.99 ON  7- 7      TO 1/4 MILE OR LESS
LOWEST:     34 ON 17                               3 = THUNDER
                        SNOW, ICE PELLETS, HAIL    4 = ICE PELLETS
                        TOTAL MONTH:   0.0 INCH    5 = HAIL
                        GRTST 24HR     0.0         6 = FREEZING RAIN OR DRIZZLE
                        GRTST DEPTH:   0           7 = DUSTSTORM OR SANDSTORM:
                                                       VSBY 1/2 MILE OR LESS
                                                   8 = SMOKE OR HAZE
[NO. OF DAYS WITH]      [WEATHER - DAYS WITH]      9 = BLOWING SNOW
                                                   X = TORNADO
MAX 32 OR BELOW:   0    0.01 INCH OR MORE:   4
MAX 90 OR ABOVE:   0    0.10 INCH OR MORE:   1
MIN 32 OR BELOW:   0    0.50 INCH OR MORE:   1
MIN  0 OR BELOW:   0    1.00 INCH OR MORE:   1

[HDD (BASE 65) ]
TOTAL THIS MO.   120    CLEAR  (SCALE 0-3)  11
DPTR FM NORMAL  -125    PTCLDY (SCALE 4-7)   6
TOTAL FM JUL 1   784    CLOUDY (SCALE 8-10)  1
DPTR FM NORMAL  -665

[CDD (BASE 65) ]
TOTAL THIS MO.     6
DPTR FM NORMAL     6    [PRESSURE DATA]
TOTAL FM JAN 1    26    HIGHEST SLP M ON M
DPTR FM NORMAL    22    LOWEST  SLP 29.67 ON 15

[REMARKS]
