000
CXUS54 KFWD 220730
CF6ACT
PRELIMINARY LOCAL CLIMATOLOGICAL DATA (WS FORM: F-6)

                                          STATION:   WACO
                                          MONTH:     AUGUST
                                          YEAR:      2014
                                          LATITUDE:   31 37 N
                                          LONGITUDE:  97 13 W

  TEMPERATURE IN F:       :PCPN:    SNOW:  WIND      :SUNSHINE: SKY     :PK WND
================================================================================
1   2   3   4   5  6A  6B    7    8   9   10  11  12  13   14  15   16   17  18
                                     12Z  AVG MX 2MIN
DY MAX MIN AVG DEP HDD CDD  WTR  SNW DPTH SPD SPD DIR MIN PSBL S-S WX    SPD DR
================================================================================

 1  84  71  78  -8   0  13 0.00  0.0    0  9.1 15  30   M    M  10        18  50
 2  90  67  79  -7   0  14 0.00  0.0    0  8.7 20  50   M    M   5        29  20
 3  95  68  82  -4   0  17 0.00  0.0    0  8.7 20  70   M    M   2 18     25  20
 4  96  70  83  -3   0  18 0.00  0.0    0  6.5 16  30   M    M   1 18     21  30
 5  98  71  85  -1   0  20 0.00  0.0    0  5.8 15 160   M    M   1 18     18 160
 6  98  75  87   1   0  22 0.00  0.0    0 10.0 16 160   M    M   0        21 160
 7 101  77  89   3   0  24 0.00  0.0    0 12.2 17 190   M    M   0        21 180
 8 102  78  90   4   0  25 0.00  0.0    0 11.8 18 180   M    M   0        24 160
 9 100  77  89   3   0  24 0.00  0.0    0 10.1 17 160   M    M   0        28 140
10 102  76  89   3   0  24 0.00  0.0    0  8.3 17 150   M    M   0        21 170
11 101  75  88   2   0  23 0.21  0.0    0  6.7 20 120   M    M   2 138    26 110
12  99  71  85  -1   0  20 0.00  0.0    0  6.6 20  20   M    M   1        24  20
13  96  62  79  -7   0  14 0.00  0.0    0  4.8 16  20   M    M   0        19  40
14  97  67  82  -4   0  17 0.00  0.0    0  5.9 15 120   M    M   0        22  90
15  99  73  86   0   0  21 0.00  0.0    0 10.1 16 160   M    M   0        21 180
16 102  78  90   4   0  25 0.00  0.0    0 13.0 20 170   M    M   0        24 170
17  89  74  82  -4   0  17 0.25  0.0    0 10.1 22 180   M    M   3 13     29 180
18  98  75  87   1   0  22    T  0.0    0  7.3 17 200   M    M   1        22 190
19  97  75  86   1   0  21    T  0.0    0 11.4 23 120   M    M   1        29 120
20 100  78  89   4   0  24 0.00  0.0    0 14.9 24 140   M    M   1        30 130
21 101  78  90   5   0  25 0.00  0.0    0 16.6 28 170   M    M   1        35 170
================================================================================
SM 2045 1536         0 430  0.46     0.0 198.6          M       29
================================================================================
AV 97.4 73.1                               9.5 FASTST   M    M   1    MAX(MPH)
                                 MISC ---->  # 28 170               # 35  170
================================================================================
NOTES:
# LAST OF SEVERAL OCCURRENCES

COLUMN 17 PEAK WIND IN M.P.H.

PRELIMINARY LOCAL CLIMATOLOGICAL DATA (WS FORM: F-6) , PAGE 2

                                          STATION:  WACO
                                          MONTH:    AUGUST
                                          YEAR:     2014
                                          LATITUDE:   31 37 N
                                          LONGITUDE:  97 13 W

[TEMPERATURE DATA]      [PRECIPITATION DATA]       SYMBOLS USED IN COLUMN 16

AVERAGE MONTHLY: 85.3   TOTAL FOR MONTH:   0.46    1 = FOG OR MIST
DPTR FM NORMAL:  -0.6   DPTR FM NORMAL:   -0.81    2 = FOG REDUCING VISIBILITY
HIGHEST:   102 ON 16,10 GRTST 24HR  0.25 ON 17-17      TO 1/4 MILE OR LESS
LOWEST:     62 ON 13                               3 = THUNDER
                        SNOW, ICE PELLETS, HAIL    4 = ICE PELLETS
                        TOTAL MONTH:   0.0 INCH    5 = HAIL
                        GRTST 24HR     0.0         6 = FREEZING RAIN OR DRIZZLE
                        GRTST DEPTH:   0           7 = DUSTSTORM OR SANDSTORM:
                                                       VSBY 1/2 MILE OR LESS
                                                   8 = SMOKE OR HAZE
[NO. OF DAYS WITH]      [WEATHER - DAYS WITH]      9 = BLOWING SNOW
                                                   X = TORNADO
MAX 32 OR BELOW:   0    0.01 INCH OR MORE:   2
MAX 90 OR ABOVE:  19    0.10 INCH OR MORE:   2
MIN 32 OR BELOW:   0    0.50 INCH OR MORE:   0
MIN  0 OR BELOW:   0    1.00 INCH OR MORE:   0

[HDD (BASE 65) ]
TOTAL THIS MO.     0    CLEAR  (SCALE 0-3)  18
DPTR FM NORMAL     0    PTCLDY (SCALE 4-7)   2
TOTAL FM JUL 1     0    CLOUDY (SCALE 8-10)  1
DPTR FM NORMAL     0

[CDD (BASE 65) ]
TOTAL THIS MO.   430
DPTR FM NORMAL    -7    [PRESSURE DATA]
TOTAL FM JAN 1  1861    HIGHEST SLP M ON M
DPTR FM NORMAL  -142    LOWEST  SLP 29.75 ON  7

[REMARKS]
