000
CXUS56 KEKA 291230
CF6ACV
PRELIMINARY LOCAL CLIMATOLOGICAL DATA (WS FORM: F-6)

                                          STATION:   ARCATA CA
                                          MONTH:     JUNE
                                          YEAR:      2015
                                          LATITUDE:   40 58 N
                                          LONGITUDE: 124  6 W

  TEMPERATURE IN F:       :PCPN:    SNOW:  WIND      :SUNSHINE: SKY     :PK WND
================================================================================
1   2   3   4   5  6A  6B    7    8   9   10  11  12  13   14  15   16   17  18
                                     12Z  AVG MX 2MIN
DY MAX MIN AVG DEP HDD CDD  WTR  SNW DPTH SPD SPD DIR MIN PSBL S-S WX    SPD DR
================================================================================

 1  59  51  55   2  10   0 0.05  0.0    0  2.7 12 230   M    M  10 2      15 240
 2  61  48  55   2  10   0 0.00  0.0    0  7.3 17 320   M    M   5 2      23 330
 3  60  48  54   1  11   0 0.00  0.0    0  8.8 20 310   M    M   7 1      25 320
 4  62  50  56   3   9   0 0.00  0.0    0  8.3 23 310   M    M   4 18     28 320
 5  62  45  54   1  11   0 0.00  0.0    0  4.3 15 320   M    M   2 18     20 320
 6  63  48  56   3   9   0 0.00  0.0    0  5.5 13 240   M    M   2 1      16 240
 7  59  52  56   2   9   0 0.00  0.0    0  4.8 10 190   M    M   9 2      13 290
 8  62  51  57   3   8   0 0.00  0.0    0  3.6  9 310   M    M   4 2      16 160
 9  64  49  57   3   8   0 0.00  0.0    0  5.2 14 190   M    M   5 18     20 230
10  58  52  55   1  10   0 0.00  0.0    0  6.3 13 160   M    M  10 28     16 160
11  64  50  57   3   8   0 0.00  0.0    0  4.6 15 320   M    M   5 18     20 320
12  64  47  56   2   9   0 0.00  0.0    0  5.4 15 320   M    M   2 18     19 320
13  66  44  55   1  10   0 0.00  0.0    0  8.0 28 320   M    M   6 18     33 320
14  59  44  52  -2  13   0 0.00  0.0    0  5.7 15 320   M    M   8 18     18 310
15  58  50  54   0  11   0 0.00  0.0    0  7.2 16 320   M    M  10 1      22 310
16  59  46  53  -1  12   0 0.00  0.0    0  6.3 13 320   M    M   7         M  M
17  58  49  54   0  11   0 0.00  0.0    0  5.4 10 330   M    M   8 1      15 320
18  58  50  54   0  11   0 0.00  0.0    0  5.9 15 330   M    M   8 1      22 340
19  58  51  55   1  10   0 0.00  0.0    0  5.0 10 330   M    M   9 1      13 320
20  60  50  55   1  10   0 0.00  0.0    0  3.6  M   M   M    M   6 28      M  M
21  63  52  58   4   7   0 0.00  0.0    0  6.0 12 250   M    M  10 1      18 220
22  59  47  53  -1  12   0 0.00  0.0    0  5.7 16 330   M    M   6 18     21 340
23  61  46  54   0  11   0 0.00  0.0    0  4.2 13 300   M    M   6 1      15 300
24  61  52  57   3   8   0 0.00  0.0    0  5.4 17 300   M    M   6 2      32 290
25  64  54  59   4   6   0 0.00  0.0    0  4.7 13 320   M    M   5 1      15 320
26  71  52  62   7   3   0 0.00  0.0    0  4.4 12 230   M    M   1 28     17 250
27  63  51  57   2   8   0 0.00  0.0    0  4.7 14 320   M    M   8 2      20 280
28  64  56  60   5   5   0 0.00  0.0    0  5.3 13 290   M    M   8 1      17 220
================================================================================
SM 1720 1385       260   0  0.05     0.0 154.3          M      177
================================================================================
AV 61.4 49.5                               5.5 FASTST   M    M   6    MAX(MPH)
                                 MISC ---->  # 28 320               # 33  320
================================================================================
NOTES:
# LAST OF SEVERAL OCCURRENCES

COLUMN 17 PEAK WIND IN M.P.H.

PRELIMINARY LOCAL CLIMATOLOGICAL DATA (WS FORM: F-6) , PAGE 2

                                          STATION:  ARCATA CA
                                          MONTH:    JUNE
                                          YEAR:     2015
                                          LATITUDE:   40 58 N
                                          LONGITUDE: 124  6 W

[TEMPERATURE DATA]      [PRECIPITATION DATA]       SYMBOLS USED IN COLUMN 16

AVERAGE MONTHLY: 55.4   TOTAL FOR MONTH:   0.05    1 = FOG OR MIST
DPTR FM NORMAL:   1.5   DPTR FM NORMAL:   -1.23    2 = FOG REDUCING VISIBILITY
HIGHEST:    71 ON 26    GRTST 24HR  0.10 ON 31- 1      TO 1/4 MILE OR LESS
LOWEST:     44 ON 14,13                            3 = THUNDER
                        SNOW, ICE PELLETS, HAIL    4 = ICE PELLETS
                        TOTAL MONTH:   0.0 INCH    5 = HAIL
                        GRTST 24HR     0.0         6 = FREEZING RAIN OR DRIZZLE
                        GRTST DEPTH:   0           7 = DUSTSTORM OR SANDSTORM:
                                                       VSBY 1/2 MILE OR LESS
                                                   8 = SMOKE OR HAZE
[NO. OF DAYS WITH]      [WEATHER - DAYS WITH]      9 = BLOWING SNOW
                                                   X = TORNADO
MAX 32 OR BELOW:   0    0.01 INCH OR MORE:   1
MAX 90 OR ABOVE:   0    0.10 INCH OR MORE:   0
MIN 32 OR BELOW:   0    0.50 INCH OR MORE:   0
MIN  0 OR BELOW:   0    1.00 INCH OR MORE:   0

[HDD (BASE 65) ]
TOTAL THIS MO.   260    CLEAR  (SCALE 0-3)   4
DPTR FM NORMAL   -50    PTCLDY (SCALE 4-7)  16
TOTAL FM JUL 1  3861    CLOUDY (SCALE 8-10)  8
DPTR FM NORMAL -1184

[CDD (BASE 65) ]
TOTAL THIS MO.     0
DPTR FM NORMAL     0    [PRESSURE DATA]
TOTAL FM JAN 1     0    HIGHEST SLP M ON M
DPTR FM NORMAL     0    LOWEST  SLP 29.79 ON 13

[REMARKS]
