000
CXUS54 KLZK 221430
CF6ADF
PRELIMINARY LOCAL CLIMATOLOGICAL DATA (WS FORM: F-6)

                                          STATION:   Arkadelphia Airport
                                          MONTH:     DECEMBER
                                          YEAR:      2014
                                          LATITUDE:   34  9 N
                                          LONGITUDE:  93  4 W

  TEMPERATURE IN F:       :PCPN:    SNOW:  WIND      :SUNSHINE: SKY     :PK WND
================================================================================
1   2   3   4   5  6A  6B    7    8   9   10  11  12  13   14  15   16   17  18
                                     12Z  AVG MX 2MIN
DY MAX MIN AVG DEP HDD CDD  WTR  SNW DPTH SPD SPD DIR MIN PSBL S-S WX    SPD DR
================================================================================

 1  63  35  49   2  16   0 0.03    M    0  7.1 17  40   M    M   8 1       M  M
 2  42  35  39  -7  26   0 0.00  0.0    0  2.8  7  50   M    M   9 1       M  M
 3  46  40  43  -3  22   0 0.04    M    0  3.5  7  40   M    M  10 12      M  M
 4  56  45  51   5  14   0 0.00  0.0    0  1.2  5  30   M    M  10 12      M  M
 5  72  53  63  17   2   0 0.68  0.0    0  3.8  8 200   M    M   8 12      M  M
 6  65  49  57  12   8   0    T    M    0  7.7 15  30   M    M   6 1       M  M
 7  49  41  45   0  20   0 0.00  0.0    0  5.8  9  40   M    M   6 1       M  M
 8  61  35  48   3  17   0 0.00  0.0    0  1.9  8 300   M    M   1 1       M  M
 9  66  33  50   6  15   0 0.00  0.0    0  4.0 12 350   M    M   1 1       M  M
10  52  32  42  -2  23   0 0.00  0.0    0  2.6  8  40   M    M   1 1       M  M
11  48  39  44   0  21   0 0.03    M    0  1.6  5  40   M    M   7 1       M  M
12  47  43  45   1  20   0 0.16    M    0  3.2  6  90   M    M  10 12      M  M
13  61  43  52   8  13   0 0.00  0.0    0  2.3  6 320   M    M   7 12      M  M
14  68  40  54  11  11   0 0.00  0.0    0  3.2  9 140   M    M   6 12      M  M
15  67  43  55  12  10   0 0.15    M    0  9.8 22 230   M    M   4        32 220
16  53  33  43   0  22   0 0.00  0.0    0  5.7 12 290   M    M   0         M  M
17  41  31  36  -7  29   0 0.24    M    0  3.7  8  40   M    M   3 18      M  M
18  44  37  41  -2  24   0 0.09    M    0  5.0  7  40   M    M  10 1       M  M
19  45  41  43   1  22   0 0.04    M    0  6.1  9  20   M    M  10 1       M  M
20  52  35  44   2  21   0 0.00  0.0    0  2.5  6  40   M    M   7 12      M  M
21  57  31  44   2  21   0 0.00  0.0    0  2.5  7 120   M    M   2 1       M  M
================================================================================
SM 1155  814       377   0  1.46     0.0  86.0          M      126
================================================================================
AV 55.0 38.8                               4.1 FASTST   M    M   6    MAX(MPH)
                                 MISC ---->    22   M                 32    M
================================================================================
NOTES:
# LAST OF SEVERAL OCCURRENCES

COLUMN 17 PEAK WIND IN M.P.H.

PRELIMINARY LOCAL CLIMATOLOGICAL DATA (WS FORM: F-6) , PAGE 2

                                          STATION:  Arkadelphia Airport
                                          MONTH:    DECEMBER
                                          YEAR:     2014
                                          LATITUDE:   34  9 N
                                          LONGITUDE:  93  4 W

[TEMPERATURE DATA]      [PRECIPITATION DATA]       SYMBOLS USED IN COLUMN 16

AVERAGE MONTHLY: 46.9   TOTAL FOR MONTH:   1.46    1 = FOG OR MIST
DPTR FM NORMAL:   2.7   DPTR FM NORMAL:   -2.25    2 = FOG REDUCING VISIBILITY
HIGHEST:    72 ON  5    GRTST 24HR  0.68 ON  5- 5      TO 1/4 MILE OR LESS
LOWEST:     31 ON 21,17                            3 = THUNDER
                        SNOW, ICE PELLETS, HAIL    4 = ICE PELLETS
                        TOTAL MONTH:   0.0 INCH    5 = HAIL
                        GRTST 24HR     0.0         6 = FREEZING RAIN OR DRIZZLE
                        GRTST DEPTH:   0           7 = DUSTSTORM OR SANDSTORM:
                                                       VSBY 1/2 MILE OR LESS
                                                   8 = SMOKE OR HAZE
[NO. OF DAYS WITH]      [WEATHER - DAYS WITH]      9 = BLOWING SNOW
                                                   X = TORNADO
MAX 32 OR BELOW:   0    0.01 INCH OR MORE:   9
MAX 90 OR ABOVE:   0    0.10 INCH OR MORE:   4
MIN 32 OR BELOW:   3    0.50 INCH OR MORE:   1
MIN  0 OR BELOW:   0    1.00 INCH OR MORE:   0

[HDD (BASE 65) ]
TOTAL THIS MO.   377    CLEAR  (SCALE 0-3)   6
DPTR FM NORMAL   -61    PTCLDY (SCALE 4-7)   7
TOTAL FM JUL 1   964    CLOUDY (SCALE 8-10)  8
DPTR FM NORMAL   -23

[CDD (BASE 65) ]
TOTAL THIS MO.     0
DPTR FM NORMAL     0    [PRESSURE DATA]
TOTAL FM JAN 1  2030    HIGHEST SLP M ON M
DPTR FM NORMAL   113    LOWEST  SLP M ON M

[REMARKS]
