000
CXAK56 PADQ 281038
CF6ADQ

PRELIMINARY LOCAL CLIMATOLOGICAL DATA (WS FORM: F-6)

                                          STATION:   KODIAK
                                          MONTH:     03
                                          YEAR:      2015
                                          LATITUDE:   57 45 N
                                          LONGITUDE: 152 30 W

  TEMPERATURE IN F:       :PCPN:    SNOW:  WIND      :SUNSHINE: SKY     :PK WND
================================================================================
1   2   3   4   5  6A  6B    7     8   9   10  11  12  13   14  15   16  17  18
                                      12Z  AVG MX 2MIN
DY MAX MIN AVG DEP HDD CDD  WTR   SNW DPTH SPD SPD DIR MIN PSBL S-S WX   SPD DR
================================================================================

 1  40  28  34   2  31   0  0.03  0.0   0  3.6  9   90   M    M   M 1     11  90
 2  43  37  40   8  25   0  1.68  0.0   0 14.5 24   70   M    M   M 1     30  80
 3  45  34  40   8  25   0  0.01  0.0   0  4.3 12  100   M    M   M 1     14 100
 4  44  39  42  10  23   0  0.02  0.0   0  5.4 13  300   M    M   M 1     18 330
 5  47  38  43  11  22   0  0.07  0.0   0  6.2 15  320   M    M   M 1     22 320
 6  45  36  41   9  24   0  0.00  0.0   0  6.9 21  170   M    M   M 1     24 170
 7  47  33  40   8  25   0     T  0.0   0 11.7 31  270   M    M   M       37 260
 8  36  29  33   1  32   0     T    T   0 16.8 33  270   M    M   M       44 300
 9  30  16  23  -9  42   0     T    T   0 13.5 33  280   M    M   M       42 280
10  31  14  23  -9  42   0  0.00  0.0   0  7.7 16  330   M    M   M       22 340
11  30  18  24  -8  41   0  0.00  0.0   0 13.5 24  300   M    M   M       36 290
12  23  13  18 -14  47   0     T    T   0 12.1 25  310   M    M   M       33 310
13  23  13  18 -15  47   0  0.01  0.3   T 19.3 36  280   M    M   M 19    43 270
14  34  16  25  -8  40   0  0.04  0.4   T 10.6 25   80   M    M   M       29  80
15  41  33  37   4  28   0  0.88  0.8   0 19.7 36  110   M    M   M 1     42 110
16  45  37  41   8  24   0  0.54  0.0   0 12.2 33  100   M    M   M 1     40 100
17  44  38  41   8  24   0  0.71  0.0   0 17.7 35   20   M    M   M 1     45  30
18  43  37  40   7  25   0  1.14  0.0   0  9.7 23   60   M    M   M 1     28  50
19  43  37  40   7  25   0  0.26  0.0   0 13.2 32   50   M    M   M 18    39  50
20  46  40  43  10  22   0  0.01  0.0   0 13.8 29   50   M    M   M 1     37  50
21  44  32  38   5  27   0  0.00  0.0   0  6.0 13  100   M    M   M 1     15  90
22  46  36  41   8  24   0  0.10  0.0   0 11.0 21   50   M    M   M 1     24  50
23  45  39  42   9  23   0     T  0.0   0 11.7 21   60   M    M   M 1     25  60
24  44  41  43  10  22   0  0.10  0.0   0 20.7 33   60   M    M   M 1     43  80
25  43  42  43   9  22   0  0.85  0.0   0 26.8 37   40   M    M   M 1     47  50
26  47  40  44  10  21   0  0.14  0.0   0 11.5 24  120   M    M   M 1     31 110
27  44  38  41   7  24   0  0.20  0.0   0 18.5 37   70   M    M   M 1     44  60
================================================================================
SM 1093  854       777   0  6.79 1.5    338.6           M        M
================================================================================
AV 40.5 31.6                             12.5 FASTST  PSBL  %   M    MAX(MPH)
                                 MISC ---->  #  37   70                 47  50
================================================================================
NOTES:
# LAST OF SEVERAL OCCURRENCES

COLUMN 17 PEAK WIND IN M.P.H.

PRELIMINARY LOCAL CLIMATOLOGICAL DATA (WS FORM: F-6) , PAGE 2

                                          STATION:   KODIAK
                                          MONTH:     03
                                          YEAR:      2015
                                          LATITUDE:  57 45 N
                                          LONGITUDE: 152 30 W

[TEMPERATURE DATA]      [PRECIPITATION DATA]       SYMBOLS USED IN COLUMN 16

AVERAGE MONTHLY:36.1   TOTAL FOR MONTH: 6.79       1 = FOG
DPTR FM NORMAL:  3.4   DPTR FM NORMAL: 1.96       2 = FOG REDUCING VISIBILITY
HIGHEST:    47 ON 26    GRTST 24HR   1.68 ON  2        TO 1/4 MILE OR LESS
LOWEST:     13 ON 13                               3 = THUNDER
                        SNOW, ICE PELLETS, HAIL    4 = ICE PELLETS
                        TOTAL MONTH: 1.5 INCHES  5 = HAIL
                        GRTST 24HR   0.8 ON 15     6 = GLAZE OR RIME
                        GRTST DEPTH:   T ON 14    7 = BLOWING DUST OR SAND:
                                                       VSBY 1/2 MILE OR LESS
                                                   8 = SMOKE OR HAZE
[NO. OF DAYS WITH]      [WEATHER - DAYS WITH]      9 = BLOWING SNOW
                                                   X = TORNADO
MAX 32 OR BELOW:   5    0.01 INCH OR MORE:  18
MAX 70 OR ABOVE:   0    0.10 INCH OR MORE:  11
MIN 32 OR BELOW:   9    0.50 INCH OR MORE:   6
MIN  0 OR BELOW:   0    1.00 INCH OR MORE:   2

[HDD (BASE 65) ]
TOTAL THIS MO.   777    CLEAR  (SCALE 0-3)   M
DPTR FM NORMAL   -97    PTCLDY (SCALE 4-7)   M
SEASONAL TOTAL  5695    CLOUDY (SCALE 8-10)  M
DPTR FM NORMAL -1052

[CDD (BASE 65) ]
TOTAL THIS MO.     0
DPTR FM NORMAL     0    [PRESSURE DATA]
SEASONAL TOTAL     0    HIGHEST SLP     M
DPTR FM NORMAL     0    LOWEST  SLP     M

[REMARKS]
