000
CXAK56 PADQ 230904
CF6ADQ

PRELIMINARY LOCAL CLIMATOLOGICAL DATA (WS FORM: F-6)

                                          STATION:   KODIAK
                                          MONTH:     04
                                          YEAR:      2014
                                          LATITUDE:   57 45 N
                                          LONGITUDE: 152 30 W

  TEMPERATURE IN F:       :PCPN:    SNOW:  WIND      :SUNSHINE: SKY     :PK WND
================================================================================
1   2   3   4   5  6A  6B    7     8   9   10  11  12  13   14  15   16  17  18
                                      12Z  AVG MX 2MIN
DY MAX MIN AVG DEP HDD CDD  WTR   SNW DPTH SPD SPD DIR MIN PSBL S-S WX   SPD DR
================================================================================

 1  39  24  32  -3  33   0     T    T   0  7.2 17   90   M    M   M 1     18 110
 2  39  33  36   1  29   0  0.07  0.7   T  6.5 15  110   M    M   M 1     17 120
 3  41  35  38   3  27   0  0.50  0.0   0 10.8 22   80   M    M   M 1     29  90
 4  41  37  39   4  26   0  0.84  0.0   0 18.4 30   40   M    M   M 1     40  60
 5  46  37  42   7  23   0  0.02  0.0   0  6.9 16  300   M    M   M 1     21 300
 6  43  31  37   2  28   0  0.00  0.0   0  4.8 13  100   M    M   M       16 310
 7  46  29  38   2  27   0     T    T   0  8.4 20  260   M    M   M       26 250
 8  39  25  32  -4  33   0  0.00  0.0   0  8.5 21  290   M    M   M       31 280
 9  41  19  30  -6  35   0  0.00  0.0   0  7.0 15  290   M    M   M       20 300
10  43  27  35  -1  30   0  0.00  0.0   0  8.3 16  300   M    M   M       20 300
11  42  21  32  -4  33   0  0.17  0.0   0 13.1 28  110   M    M   M 1     33 100
12  42  39  41   4  24   0  2.24  0.0   0 19.2 29  100   M    M   M 1     35  90
13  47  38  43   6  22   0  0.06  0.0   0 12.7 17  110   M    M   M 1     20 120
14  45  37  41   4  24   0     T  0.0   0  5.9 13   50   M    M   M       16  20
15  45  33  39   2  26   0     T  0.0   0  4.3 10   60   M    M   M 1     13  60
16  43  38  41   3  24   0  0.24  0.0   0  5.9 15   40   M    M   M 1     17  40
17  43  37  40   2  25   0  0.14  0.0   0  6.8 14  300   M    M   M 1     17 290
18  43  32  38   0  27   0  0.21  0.2   0 10.3 25   50   M    M   M 1     31  50
19  42  39  41   3  24   0  1.03  0.0   0 22.9 32   30   M    M   M 1     43  20
20  49  40  45   6  20   0  0.44  0.0   0 14.9 29   30   M    M   M 1     40  30
21  44  41  43   4  22   0  0.05  0.0   0 10.2 17   50   M    M   M 1     22  80
22  46  40  43   4  22   0  0.01  0.0   0 11.8 18  100   M    M   M 1     25 100
================================================================================
SM  949  732       584   0  6.02 0.9    224.8           M        M
================================================================================
AV 43.1 33.3                             10.2 FASTST  PSBL  %   M    MAX(MPH)
                                 MISC ---->     32   30                 43  20
================================================================================
NOTES:
# LAST OF SEVERAL OCCURRENCES

COLUMN 17 PEAK WIND IN M.P.H.

PRELIMINARY LOCAL CLIMATOLOGICAL DATA (WS FORM: F-6) , PAGE 2

                                          STATION:   KODIAK
                                          MONTH:     04
                                          YEAR:      2014
                                          LATITUDE:  57 45 N
                                          LONGITUDE: 152 30 W

[TEMPERATURE DATA]      [PRECIPITATION DATA]       SYMBOLS USED IN COLUMN 16

AVERAGE MONTHLY:38.2   TOTAL FOR MONTH: 6.02       1 = FOG
DPTR FM NORMAL:  1.5   DPTR FM NORMAL: 1.71       2 = FOG REDUCING VISIBILITY
HIGHEST:    49 ON 20    GRTST 24HR   2.24 ON 12        TO 1/4 MILE OR LESS
LOWEST:     19 ON  9                               3 = THUNDER
                        SNOW, ICE PELLETS, HAIL    4 = ICE PELLETS
                        TOTAL MONTH: 0.9   INCH  5 = HAIL
                        GRTST 24HR   0.7 ON  2     6 = GLAZE OR RIME
                        GRTST DEPTH:   T ON  2    7 = BLOWING DUST OR SAND:
                                                       VSBY 1/2 MILE OR LESS
                                                   8 = SMOKE OR HAZE
[NO. OF DAYS WITH]      [WEATHER - DAYS WITH]      9 = BLOWING SNOW
                                                   X = TORNADO
MAX 32 OR BELOW:   0    0.01 INCH OR MORE:  14
MAX 70 OR ABOVE:   0    0.10 INCH OR MORE:   9
MIN 32 OR BELOW:   8    0.50 INCH OR MORE:   4
MIN  0 OR BELOW:   0    1.00 INCH OR MORE:   2

[HDD (BASE 65) ]
TOTAL THIS MO.   584    CLEAR  (SCALE 0-3)   M
DPTR FM NORMAL   -39    PTCLDY (SCALE 4-7)   M
SEASONAL TOTAL  6840    CLOUDY (SCALE 8-10)  M
DPTR FM NORMAL  -654

[CDD (BASE 65) ]
TOTAL THIS MO.     0
DPTR FM NORMAL     0    [PRESSURE DATA]
SEASONAL TOTAL     0    HIGHEST SLP     M
DPTR FM NORMAL     0    LOWEST  SLP     M

[REMARKS]
