000
CXUS51 KPHI 181842 CCA
CF6AIY

CXUS51 KPHI 031700
CF6AIY
PRELIMINARY LOCAL CLIMATOLOGICAL DATA (WS FORM F-6)

                                          STATION:   ATLANTIC CITY MARINA
                                          MONTH:     FEBRUARY
                                          YEAR:      2015
                                          LATITUDE:  39 23 N
                                          LONGITUDE: 74 25 W

TEMPERATURE IN F:       :PCPN:    SNOW:  WIND      :SUNSHINE:  SKY       :PK WND
================================================================================
1   2   3   4   5  6A  6B    7    8   9   10  11  12  13   14  15   16   17  18
                                     12Z  AVG MX 2MIN
DY MAX MIN AVG DEP HDD CDD  WTR  SNW DPTH SPD SPD DIR MIN PSBL S-S WX    SPD DR
================================================================================
1  38  25  32  -4  33   0   0.00  M  M    6.8 10 130  M   M    M   M     20 290
2  47  24  36   0  29   0   0.99  M  M   14.3 21 330  M   M    M   M     40 330
3  31  20  26 -10  39   0   0.00  M  M    8.5 18 330  M   M    M   M     33 330
4  41  28  35  -1  30   0   0.00  M  M   11.8 18 220  M   M    M   M     31 210
5  43  18  31  -5  34   0   0.00  M  M   13.4 21 320  M   M    M   M     40 320
6  34  16  25 -11  40   0   0.00  M  M    9.8 16 270  M   M    M   M     29 320
7  41  27  34  -2  31   0   0.00  M  M    6.8 14 240  M   M    M   M     21 240
8  46  37  42   6  23   0   0.00  M  M    6.5 12 250  M   M    M   M     16 240
9  40  31  36   0  29   0   0.02  M  M   16.3 20  60  M   M    M   M     32  50
10 37  30  34  -2  31   0   0.00  M  M   15.4 20  40  M   M    M   M     36  40
11 36  28  32  -5  33   0   0.00  M  M    9.8 17  40  M   M    M   M     27  50
12 39  25  32  -5  33   0   0.00  M  M    7.8 13 260  M   M    M   M     30 320
13 29  11  20 -17  45   0   0.00  M  M   10.8 18 330  M   M    M   M     35 320
14 35  21  28  -9  37   0   0.00  M  M   10.7 22 230  M   M    M   M     34 290
15 31  10  21 -16  44   0   0.00  M  M   14.3 20 300  M   M    M   M     44 300
16 17   5  11 -26  54   0   0.00  M  M    8.4 15 320  M   M    M   M     29 320
17 28  14  21 -16  44   0   0.00  M  M    5.5 11 330  M   M    M   M     23 330
18 31  19  25 -13  40   0   0.00  M  M    5.3 14 300  M   M    M   M     28 300
19 M    M   M   M   M   M     M   M  M     M   M  M   M   M    M   M      M  M
20 18   4  11 -20  54   0   0.00  M  M   10.2 14 290  M   M    M   M     34 290
21 38  14  26 -12  39   0   0.44  M  M   10.0 15 220  M   M    M   M     25 210
22 40  34  37  -1  28   0   0.44  M  M    5.1  9 270  M   M    M   M     21 280
23 37  16  27 -12  38   0   0.00  M  M    9.6 15 320  M   M    M   M     27 320
24 30  10  20 -19  45   0   0.00  M  M    5.6  8 230  M   M    M   M     18 340
25 38  22  30  -9  35   0   0.00  M  M    7.4 12 280  M   M    M   M     24 300
26 33  26  30  -9  35   0   0.00  M  M    8.8 19  40  M   M    M   M     32  40
27 31  22  27 -12  38   0   0.01  M  M    4.4  8 130  M   M    M   M     16 300
28 28  17  23 -16  42   0   0.00  M  M    5.5  8 190  M   M    M   M     19 330

================================================================================
SM  937  554      1003   0   1.90    13.2  243.5          M
================================================================================
AV 34.2  20.5                               M FASTST   M    M   M    MAX(MPH)
                                 MISC ---->  # M M              # M  M
================================================================================
NOTES:
# LAST OF SEVERAL OCCURRENCES

COLUMN 17 PEAK WIND IN M.P.H.

PRELIMINARY LOCAL CLIMATOLOGICAL DATA (WS FORM: F-6) , PAGE 2

                                          STATION:  ATLANTIC CITY MARINA
                                          MONTH:    FEBRUARY
                                          YEAR:     2015
                                          LATITUDE:   39 23 N
                                          LONGITUDE:  74 26 W

[TEMPERATURE DATA]      [PRECIPITATION DATA]       SYMBOLS USED IN COLUMN 16

AVERAGE MONTHLY: 27.6   TOTAL FOR MONTH:   1.90    1 = FOG OR MIST
DPTR FM NORMAL:  -9.2   DPTR FM NORMAL:   -0.97    2 = FOG REDUCING VISIBILITY
HIGHEST:    47 ON 2ND   GRTST 24HR  0.99 ON  2ND       TO 1/4 MILE OR LESS
LOWEST:      4 ON 20TH                             3 = THUNDER
                        SNOW, ICE PELLETS, HAIL    4 = ICE PELLETS
                        TOTAL MONTH:  M            5 = HAIL
                        GRTST 24HR    M            6 = FREEZING RAIN OR DRIZZLE
                        GRTST DEPTH:  M            7 = DUSTSTORM OR SANDSTORM:
                                                       VSBY 1/2 MILE OR LESS
                                                   8 = SMOKE OR HAZE
[NO. OF DAYS WITH]      [WEATHER - DAYS WITH]      9 = BLOWING SNOW
                                                   X = TORNADO
MAX 32 OR BELOW:  10    0.01 INCH OR MORE:   5
MAX 90 OR ABOVE:   0    0.10 INCH OR MORE:   3
MIN 32 OR BELOW:  25    0.50 INCH OR MORE:   1
MIN  0 OR BELOW:   0    1.00 INCH OR MORE:   0

[HDD (BASE 65) ]
TOTAL THIS MO.  1003    CLEAR  (SCALE 0-3)  M
DPTR FM NORMAL    89    PTCLDY (SCALE 4-7)  M
TOTAL FM JUL 1  3328    CLOUDY (SCALE 8-10) M
DPTR FM NORMAL   145

[CDD (BASE 65) ]
TOTAL THIS MO.     0
DPTR FM NORMAL     0    [PRESSURE DATA]
TOTAL FM JAN 1     0    HIGHEST SLP M ON M
DPTR FM NORMAL     0    LOWEST  SLP M ON M

[REMARKS]
TRACES OF PRECIPITATION NOT RECORDED
2 HOURS OF DATA MISSING FEBRUARY 18TH
19TH DATA IS MISSING SEVERAL HOURS
