000
CXAK56 PAJK 011245
CF6AJN
PRELIMINARY LOCAL CLIMATOLOGICAL DATA (WS FORM: F-6)

                                          STATION:   JUNEAU
                                          MONTH:     APRIL
                                          YEAR:      2016
                                          LATITUDE:   58 22 N
                                          LONGITUDE: 134 35 W

  TEMPERATURE IN F:       :PCPN:    SNOW:  WIND      :SUNSHINE: SKY     :PK WND
================================================================================
1   2   3   4   5  6A  6B    7    8   9   10  11  12  13   14  15   16   17  18
                                     12Z  AVG MX 2MIN
DY MAX MIN AVG DEP HDD CDD  WTR  SNW DPTH SPD SPD DIR MIN PSBL S-S WX    SPD DR
================================================================================

 1  58  32  45   8  20   0 0.19  0.0    0  6.2 20 110   M    M   7 12     23 110
 2  50  37  44   6  21   0 0.03  0.0    0  2.7 10 140   M    M   9 1      13 250
 3  54  35  45   7  20   0 0.00  0.0    0  3.6 13 110   M    M   9 1      16 100
 4  46  38  42   4  23   0 0.20  0.0    0  7.5 22 120   M    M  10 1      27 110
 5  50  40  45   7  20   0 0.38  0.0    0 10.3 24 130   M    M  10 1      28 120
 6  46  41  44   6  21   0 0.02  0.0    0  9.2 20 120   M    M   9        24 130
 7  51  41  46   7  19   0 0.19  0.0    0  9.3 28 110   M    M  10 1      35 110
 8  49  39  44   5  21   0 0.15  0.0    0  5.5 15 260   M    M   9 1      20 310
 9  52  34  43   4  22   0 0.00  0.0    0  3.6 13 250   M    M   5        16 230
10  49  34  42   2  23   0 0.04  0.0    0  1.9  9 290   M    M   8 1      11 300
11  49  41  45   5  20   0 0.21  0.0    0  9.3 21 120   M    M  10 1      25 130
12  51  40  46   6  19   0 0.05  0.0    0  7.5 23 130   M    M  10 1      28 140
13  52  35  44   4  21   0    T  0.0    0  8.0 24 130   M    M   8        29 130
14  46  31  39  -1  26   0 0.08  0.0    0  6.9 20 130   M    M   9 12     23 120
15  49  42  46   5  19   0 0.13  0.0    0 15.9 26 120   M    M  10 1      33 120
16  51  40  46   5  19   0 0.02  0.0    0 10.3 23 130   M    M  10        27 130
17  50  40  45   4  20   0 0.89  0.0    0  5.7 24 120   M    M  10 1      30 120
18  50  40  45   3  20   0 0.15  0.0    0  4.8 22 240   M    M   9 1      25 250
19  53  34  44   2  21   0    T  0.0    0  5.0 15 230   M    M   5        16 250
20  59  30  45   3  20   0 0.00  0.0    0  3.1 12 240   M    M   6        14 240
21  58  33  46   4  19   0 0.01  0.0    0  3.5 14 100   M    M   8 8      17  50
22  61  46  54  12  11   0 0.07  0.0    0  5.8 16 140   M    M   9        18 140
23  53  45  49   6  16   0 0.77  0.0    0  4.1 13  90   M    M  10 1      16  90
24  46  40  43   0  22   0 0.33  0.0    0  7.6 17 120   M    M  10 1      22 120
25  52  40  46   3  19   0    T    M    0 14.5 28 120   M    M  10        36 120
26  53  44  49   5  16   0 0.09  0.0    0 12.8 21 130   M    M  10 1      27 120
27  52  42  47   3  18   0 0.17  0.0    0 14.6 25 130   M    M  10 1      31 120
28  48  42  45   1  20   0 0.15  0.0    0 11.5 20 130   M    M  10 1      23 130
29  48  39  44   0  21   0 0.44    T    0  9.3 17 120   M    M   9 4      22 120
30  48  42  45   1  20   0 0.40  0.0    0 18.7 30 100   M    M  10 1      40 120
================================================================================
SM 1534 1157       597   0  5.16    T    238.7          M      269
================================================================================
AV 51.1 38.6                               8.0 FASTST   M    M   9    MAX(MPH)
                                 MISC ---->  # 30 100               # 40  120
================================================================================
NOTES:
# LAST OF SEVERAL OCCURRENCES

COLUMN 17 PEAK WIND IN M.P.H.

PRELIMINARY LOCAL CLIMATOLOGICAL DATA (WS FORM: F-6) , PAGE 2

                                          STATION:  JUNEAU
                                          MONTH:    APRIL
                                          YEAR:     2016
                                          LATITUDE:   58 22 N
                                          LONGITUDE: 134 35 W

[TEMPERATURE DATA]      [PRECIPITATION DATA]       SYMBOLS USED IN COLUMN 16

AVERAGE MONTHLY: 44.8   TOTAL FOR MONTH:   5.16    1 = FOG OR MIST
DPTR FM NORMAL:   4.0   DPTR FM NORMAL:    2.22    2 = FOG REDUCING VISIBILITY
HIGHEST:    61 ON 22    GRTST 24HR  1.04 ON 17-18      TO 1/4 MILE OR LESS
LOWEST:     30 ON 20                               3 = THUNDER
                        SNOW, ICE PELLETS, HAIL    4 = ICE PELLETS
                        TOTAL MONTH:    T          5 = HAIL
                        GRTST 24HR    T  ON 29-29  6 = FREEZING RAIN OR DRIZZLE
                        GRTST DEPTH:   0           7 = DUSTSTORM OR SANDSTORM:
                                                       VSBY 1/2 MILE OR LESS
                                                   8 = SMOKE OR HAZE
[NO. OF DAYS WITH]      [WEATHER - DAYS WITH]      9 = BLOWING SNOW
                                                   X = TORNADO
MAX 32 OR BELOW:   0    0.01 INCH OR MORE:  24
MAX 90 OR ABOVE:   0    0.10 INCH OR MORE:  15
MIN 32 OR BELOW:   3    0.50 INCH OR MORE:   2
MIN  0 OR BELOW:   0    1.00 INCH OR MORE:   0

[HDD (BASE 65) ]
TOTAL THIS MO.   597    CLEAR  (SCALE 0-3)   0
DPTR FM NORMAL  -127    PTCLDY (SCALE 4-7)   6
TOTAL FM JUL 1  6529    CLOUDY (SCALE 8-10) 24
DPTR FM NORMAL  -999

[CDD (BASE 65) ]
TOTAL THIS MO.     0
DPTR FM NORMAL     0    [PRESSURE DATA]
TOTAL FM JAN 1     0    HIGHEST SLP 30.31 ON 19
DPTR FM NORMAL     0    LOWEST  SLP 29.51 ON  5

[REMARKS]
#FINAL-04-16#
