000
CXAK56 PAJK 232209
CF6AJN
PRELIMINARY LOCAL CLIMATOLOGICAL DATA (WS FORM: F-6)

                                          STATION:   JUNEAU
                                          MONTH:     JANUARY
                                          YEAR:      2017
                                          LATITUDE:   58 22 N
                                          LONGITUDE: 134 35 W

  TEMPERATURE IN F:       :PCPN:    SNOW:  WIND      :SUNSHINE: SKY     :PK WND
================================================================================
1   2   3   4   5  6A  6B    7    8   9   10  11  12  13   14  15   16   17  18
                                     12Z  AVG MX 2MIN
DY MAX MIN AVG DEP HDD CDD  WTR  SNW DPTH SPD SPD DIR MIN PSBL S-S WX    SPD DR
================================================================================

 1  29  19  24  -5  41   0 0.00  0.0    0  1.2  7  80   M    M   4         8  80
 2  28  18  23  -5  42   0 0.00  0.0    0  0.3  6 230   M    M   2 12      6 230
 3  27  18  23  -5  42   0    T    T    0  0.5  8 280   M    M   5 12      8 280
 4  29  20  25  -3  40   0 0.01    T    0  0.6  6 290   M    M  10 126     6 290
 5  32  19  26  -2  39   0 0.00    T    T  3.1 20  40   M    M   6 1      31  80
 6  30  23  27  -1  38   0 0.00  0.0    T 10.8 24  70   M    M   8        43  70
 7  25  16  21  -7  44   0 0.00  0.0    T 17.0 32  80   M    M   1        42  80
 8  32  11  22  -6  43   0 0.00  0.0    0  9.7 28 120   M    M   1        36 120
 9  31  13  22  -6  43   0 0.00  0.0    0  7.6 22 150   M    M   2        34 100
10  31  12  22  -6  43   0 0.00  0.0    0  1.9 15  60   M    M   2        19  60
11  28   9  19  -9  46   0    T    T    0  4.6 22 100   M    M   5 1      26  90
12  37  28  33   5  32   0 0.03    T    T 13.2 21  90   M    M  10 1      24 100
13  40  36  38  10  27   0 1.17    T    0 26.2 40 110   M    M   9 1      49 110
14  42  39  41  13  24   0 0.77  0.0    0 19.8 37 110   M    M  10 1      48 110
15  43  38  41  13  24   0 0.59  0.0    0 18.2 37 110   M    M  10 1      46 110
16  42  37  40  12  25   0 1.49  0.0    0 21.9 38 110   M    M  10 1      46 110
17  37  31  34   6  31   0    T  0.0    0  1.7  9 270   M    M  10 12     10 270
18  39  30  35   7  30   0 0.20    T    0  1.2 12  90   M    M  10 1      15  90
19  39  29  34   6  31   0 0.39  2.0    0  4.0 18 130   M    M  10 1      24 120
20  29  12  21  -7  44   0    T    T    2  4.0 14 290   M    M   5 1      16 290
21  25  11  18 -10  47   0 0.00  0.0    2  6.2 17 140   M    M   6        22 100
22  28  16  22  -6  43   0    T  0.1    2  0.8  6 240   M    M   8 1       7 240
23   M   M   M   M   M   M    M    M    M   M   M   M   M    M   M 1       M  M
24   M   M   M   M   M   M    M    M    M   M   M   M   M    M   M 1       M  M
25   M   M   M   M   M   M    M    M    M   M   M   M   M    M   M 1       M  M
26   M   M   M   M   M   M    M    M    M   M   M   M   M    M   M 1       M  M
27   M   M   M   M   M   M    M    M    M   M   M   M   M    M   M 1       M  M
28   M   M   M   M   M   M    M    M    M   M   M   M   M    M   M 1       M  M
29   M   M   M   M   M   M    M    M    M   M   M   M   M    M   M 1       M  M
30   M   M   M   M   M   M    M    M    M   M   M   M   M    M   M 1       M  M
31   M   M   M   M   M   M    M    M    M   M   M   M   M    M   M 1       M  M
================================================================================
SM  723  485       819   0  4.65     2.1 174.5          M      144
================================================================================
AV 32.9 22.1                               7.9 FASTST   M    M   7    MAX(MPH)
                                 MISC ---->  # 40 110               # 49  110
================================================================================
NOTES:
# LAST OF SEVERAL OCCURRENCES

COLUMN 17 PEAK WIND IN M.P.H.

PRELIMINARY LOCAL CLIMATOLOGICAL DATA (WS FORM: F-6) , PAGE 2

                                          STATION:  JUNEAU
                                          MONTH:    JANUARY
                                          YEAR:     2017
                                          LATITUDE:   58 22 N
                                          LONGITUDE: 134 35 W

[TEMPERATURE DATA]      [PRECIPITATION DATA]       SYMBOLS USED IN COLUMN 16

AVERAGE MONTHLY: 27.5   TOTAL FOR MONTH:   4.65    1 = FOG OR MIST
DPTR FM NORMAL:  -0.8   DPTR FM NORMAL:   -0.70    2 = FOG REDUCING VISIBILITY
HIGHEST:    43 ON 15    GRTST 24HR  1.72 ON 15-16      TO 1/4 MILE OR LESS
LOWEST:      9 ON 11                               3 = THUNDER
                        SNOW, ICE PELLETS, HAIL    4 = ICE PELLETS
                        TOTAL MONTH:   2.1 INCHES  5 = HAIL
                        GRTST 24HR   2.0 ON 19-19  6 = FREEZING RAIN OR DRIZZLE
                        GRTST DEPTH:   2 ON 22,21  7 = DUSTSTORM OR SANDSTORM:
                                                       VSBY 1/2 MILE OR LESS
                                                   8 = SMOKE OR HAZE
[NO. OF DAYS WITH]      [WEATHER - DAYS WITH]      9 = BLOWING SNOW
                                                   X = TORNADO
MAX 32 OR BELOW:  14    0.01 INCH OR MORE:   8
MAX 90 OR ABOVE:   0    0.10 INCH OR MORE:   6
MIN 32 OR BELOW:  18    0.50 INCH OR MORE:   4
MIN  0 OR BELOW:   0    1.00 INCH OR MORE:   2

[HDD (BASE 65) ]
TOTAL THIS MO.   819    CLEAR  (SCALE 0-3)   5
DPTR FM NORMAL  -320    PTCLDY (SCALE 4-7)   7
TOTAL FM JUL 1  4382    CLOUDY (SCALE 8-10) 10
DPTR FM NORMAL  -472

[CDD (BASE 65) ]
TOTAL THIS MO.     0
DPTR FM NORMAL     0    [PRESSURE DATA]
TOTAL FM JAN 1     0    HIGHEST SLP M ON M
DPTR FM NORMAL     0    LOWEST  SLP 28.65 ON 18

[REMARKS]
