000
CXUS56 KSGX 221445
CF6AJO
PRELIMINARY LOCAL CLIMATOLOGICAL DATA (WS FORM: F-6)

                                          STATION:   CORONA AIRPORT CA
                                          MONTH:     DECEMBER
                                          YEAR:      2014
                                          LATITUDE:   33 53 N
                                          LONGITUDE: 117 36 W

  TEMPERATURE IN F:       :PCPN:    SNOW:  WIND      :SUNSHINE: SKY     :PK WND
================================================================================
1   2   3   4   5  6A  6B    7    8   9   10  11  12  13   14  15   16   17  18
                                     12Z  AVG MX 2MIN
DY MAX MIN AVG DEP HDD CDD  WTR  SNW DPTH SPD SPD DIR MIN PSBL S-S WX    SPD DR
================================================================================

 1  69  50  60   M   5   0 0.00  0.0    0  0.2  5  99   M    M   2 128     M  M
 2  60  53  57   M   8   0    T  0.0    0  0.5 10 110   M    M   8 18      M  M
 3  67  57  62   M   3   0    T  0.0    0  0.0  M   M   M    M   9 18      M  M
 4  70  51  61   M   4   0    T  0.0    0  0.2  4 290   M    M   3 1       M  M
 5  68  49  59   M   6   0    T    M    0  0.2  4 310   M    M   2 18      M  M
 6  72  48  60   M   5   0 0.00  0.0    0  0.0  0   0   M    M   0 128     M  M
 7  78  43  61   M   4   0 0.00  0.0    0  2.2  9 110   M    M   0 18      M  M
 8  82  48  65   M   0   0 0.00  0.0    0  1.1  9 120   M    M   0         M  M
 9  80  42  61   M   4   0 0.00  0.0    0  0.7 13 250   M    M   0 1      17 250
10  72  41  57   M   8   0 0.00  0.0    0  0.0  0   0   M    M   0 18      M  M
11  69  52  61   M   4   0 0.00  0.0    0  0.0  0   0   M    M   4 18      M  M
12  62  48  55   M  10   0    M    M    0  2.1 17 280   M    M   7 1      35 270
13  62  42  52   M  13   0 0.00    M    0  0.6  7 260   M    M   2 12      M  M
14  65  36  51   M  14   0 0.00  0.0    0  0.1  4  99   M    M   0 12      M  M
15  65  36  51   M  14   0 0.01  0.0    0  0.3  7 100   M    M   0 1       M  M
16  58  46  52   M  13   0    M  0.0    0  0.6  9 130   M    M   7 1       M  M
17  63  45  54   M  11   0    M    M    0  1.0  9 240   M    M   5 1      22 240
18  63  39  51   M  14   0 0.00  0.0    0  0.0  M   M   M    M   2         M  M
19  66  39  53   M  12   0 0.00  0.0    0  0.4  6 280   M    M   0 1       M  M
20  59  40  50   M  15   0 0.00  0.0    0  0.0  0   0   M    M   1 18      M  M
21  67  38  53   M  12   0 0.00  0.0    0  0.0  0   0   M    M   0 128     M  M
================================================================================
SM 1417  943       179   0  0.01     0.0  10.2          M       52
================================================================================
AV 67.5 44.9                               0.5 FASTST   M    M   2    MAX(MPH)
                                 MISC ---->    17   M               # 35  270
================================================================================
NOTES:
# LAST OF SEVERAL OCCURRENCES

COLUMN 17 PEAK WIND IN M.P.H.

PRELIMINARY LOCAL CLIMATOLOGICAL DATA (WS FORM: F-6) , PAGE 2

                                          STATION:  CORONA AIRPORT CA
                                          MONTH:    DECEMBER
                                          YEAR:     2014
                                          LATITUDE:   33 53 N
                                          LONGITUDE: 117 36 W

[TEMPERATURE DATA]      [PRECIPITATION DATA]       SYMBOLS USED IN COLUMN 16

AVERAGE MONTHLY: 56.2   TOTAL FOR MONTH:   0.01    1 = FOG OR MIST
DPTR FM NORMAL:     M   DPTR FM NORMAL:       M    2 = FOG REDUCING VISIBILITY
HIGHEST:    82 ON  8    GRTST 24HR  0.01 ON 15-15      TO 1/4 MILE OR LESS
LOWEST:     36 ON 15,14                            3 = THUNDER
                        SNOW, ICE PELLETS, HAIL    4 = ICE PELLETS
                        TOTAL MONTH:   0.0 INCH    5 = HAIL
                        GRTST 24HR     0.0         6 = FREEZING RAIN OR DRIZZLE
                        GRTST DEPTH:   0           7 = DUSTSTORM OR SANDSTORM:
                                                       VSBY 1/2 MILE OR LESS
                                                   8 = SMOKE OR HAZE
[NO. OF DAYS WITH]      [WEATHER - DAYS WITH]      9 = BLOWING SNOW
                                                   X = TORNADO
MAX 32 OR BELOW:   0    0.01 INCH OR MORE:   1
MAX 90 OR ABOVE:   0    0.10 INCH OR MORE:   0
MIN 32 OR BELOW:   0    0.50 INCH OR MORE:   0
MIN  0 OR BELOW:   0    1.00 INCH OR MORE:   0

[HDD (BASE 65) ]
TOTAL THIS MO.   179    CLEAR  (SCALE 0-3)  15
DPTR FM NORMAL     M    PTCLDY (SCALE 4-7)   5
TOTAL FM JUL 1   347    CLOUDY (SCALE 8-10)  1
DPTR FM NORMAL     M

[CDD (BASE 65) ]
TOTAL THIS MO.     0
DPTR FM NORMAL     M    [PRESSURE DATA]
TOTAL FM JAN 1  1429    HIGHEST SLP M ON M
DPTR FM NORMAL     M    LOWEST  SLP M ON M

[REMARKS]
