190
CXAK56 PAFC 211320
CF6AKN
PRELIMINARY LOCAL CLIMATOLOGICAL DATA (WS FORM: F-6)

                                          STATION:   KING SALMON
                                          MONTH:     SEPTEMBER
                                          YEAR:      2017
                                          LATITUDE:   58 41 N
                                          LONGITUDE: 156 39 W

  TEMPERATURE IN F:       :PCPN:    SNOW:  WIND      :SUNSHINE: SKY     :PK WND
================================================================================
1   2   3   4   5  6A  6B    7    8   9   10  11  12  13   14  15   16   17  18
                                     12Z  AVG MX 2MIN
DY MAX MIN AVG DEP HDD CDD  WTR  SNW DPTH SPD SPD DIR MIN PSBL S-S WX    SPD DR
================================================================================

 1  56  39  48  -4  17   0 0.05  0.0    0  7.4 14 210   M    M   6 1      18 210
 2  59  46  53   1  12   0 0.01  0.0    0  7.9 15  80   M    M  10        18 110
 3  58  47  53   1  12   0 0.01  0.0    0 18.1 28  80   M    M   7        43  70
 4  65  47  56   4   9   0    T  0.0    0  9.1 15 100   M    M   9        23  90
 5  62  42  52   0  13   0 0.19  0.0    0  6.9 14  20   M    M   5 3       M  M
 6  60  44  52   1  13   0 0.04  0.0    0 12.4 20 170   M    M   8        28 170
 7  59  42  51   0  14   0 0.00  0.0    0  4.4 10 300   M    M   9        13 310
 8  60  47  54   3  11   0 0.03  0.0    0  5.9 13 270   M    M   9 1       M  M
 9  59  35  47  -3  18   0    T  0.0    0  4.3 13 310   M    M   9 12     16 290
10  62  34  48  -2  17   0 0.00  0.0    0  3.7 15 270   M    M   8 12     20 260
11  55  30  43  -7  22   0 0.00  0.0    0  5.6 13 190   M    M   8 12     17 220
12  59  44  52   3  13   0 0.07  0.0    0 19.0 31 160   M    M   9        46 170
13  57  51  54   5  11   0 0.24  0.0    0 22.3 30 160   M    M  10 1      41 160
14  57  50  54   5  11   0 0.28  0.0    0  9.2 16 170   M    M   9 1      23 160
15  57  41  49   1  16   0 0.12  0.0    0 10.1 21 150   M    M   8        37 160
16  57  45  51   3  14   0 0.10  0.0    0  7.7 16 150   M    M   8        22 150
17  61  42  52   5  13   0 0.06  0.0    0 10.1 22 250   M    M   6        31 250
18  60  40  50   3  15   0 0.01  0.0    0  9.2 17 260   M    M   9 1      23 260
19  55  27  41  -6  24   0    T    T    0  4.5 10  10   M    M   2         M  M
20  54  36  45  -1  20   0 0.35  0.0    0  4.1  7 150   M    M   5 1       M  M
================================================================================
SM 1172  829       295   0  1.56    T    181.9          M      154
================================================================================
AV 58.6 41.5                               9.1 FASTST   M    M   8    MAX(MPH)
                                 MISC ---->  # 31 160               # 46  170
================================================================================
NOTES:
# LAST OF SEVERAL OCCURRENCES

COLUMN 17 PEAK WIND IN M.P.H.

PRELIMINARY LOCAL CLIMATOLOGICAL DATA (WS FORM: F-6) , PAGE 2

                                          STATION:  KING SALMON
                                          MONTH:    SEPTEMBER
                                          YEAR:     2017
                                          LATITUDE:   58 41 N
                                          LONGITUDE: 156 39 W

[TEMPERATURE DATA]      [PRECIPITATION DATA]       SYMBOLS USED IN COLUMN 16

AVERAGE MONTHLY: 50.0   TOTAL FOR MONTH:   1.56    1 = FOG OR MIST
DPTR FM NORMAL:   0.4   DPTR FM NORMAL:   -0.61    2 = FOG REDUCING VISIBILITY
HIGHEST:    65 ON  4    GRTST 24HR  0.35 ON 20-20      TO 1/4 MILE OR LESS
LOWEST:     27 ON 19                               3 = THUNDER
                        SNOW, ICE PELLETS, HAIL    4 = ICE PELLETS
                        TOTAL MONTH:    T          5 = HAIL
                        GRTST 24HR    T  ON 19-19  6 = FREEZING RAIN OR DRIZZLE
                        GRTST DEPTH:   0           7 = DUSTSTORM OR SANDSTORM:
                                                       VSBY 1/2 MILE OR LESS
                                                   8 = SMOKE OR HAZE
[NO. OF DAYS WITH]      [WEATHER - DAYS WITH]      9 = BLOWING SNOW
                                                   X = TORNADO
MAX 32 OR BELOW:   0    0.01 INCH OR MORE:  14
MAX 90 OR ABOVE:   0    0.10 INCH OR MORE:   6
MIN 32 OR BELOW:   2    0.50 INCH OR MORE:   0
MIN  0 OR BELOW:   0    1.00 INCH OR MORE:   0

[HDD (BASE 65) ]
TOTAL THIS MO.   295    CLEAR  (SCALE 0-3)   1
DPTR FM NORMAL   -13    PTCLDY (SCALE 4-7)  10
TOTAL FM JUL 1   792    CLOUDY (SCALE 8-10)  9
DPTR FM NORMAL  -132

[CDD (BASE 65) ]
TOTAL THIS MO.     0
DPTR FM NORMAL     0    [PRESSURE DATA]
TOTAL FM JAN 1     1    HIGHEST SLP M ON M
DPTR FM NORMAL     0    LOWEST  SLP 29.22 ON 16

[REMARKS]
