000
CXUS54 KCRP 271300
CF6ALI
PRELIMINARY LOCAL CLIMATOLOGICAL DATA (WS FORM: F-6)

                                          STATION:   ALICE
                                          MONTH:     MARCH
                                          YEAR:      2015
                                          LATITUDE:   27 44 N
                                          LONGITUDE:  98  1 W

  TEMPERATURE IN F:       :PCPN:    SNOW:  WIND      :SUNSHINE: SKY     :PK WND
================================================================================
1   2   3   4   5  6A  6B    7    8   9   10  11  12  13   14  15   16   17  18
                                     12Z  AVG MX 2MIN
DY MAX MIN AVG DEP HDD CDD  WTR  SNW DPTH SPD SPD DIR MIN PSBL S-S WX    SPD DR
================================================================================

 1  52  44  48 -16  17   0 0.03    M    M  8.6 14 340   M    M  10 1      32 330
 2  52  46  49 -15  16   0    T    M    0  7.9 14  20   M    M  10 1      17 360
 3  68  51  60  -4   5   0 0.00  0.0    0  5.2 16 140   M    M  10 12     21 140
 4  84  45  65   0   0   0 0.01    M    0  9.3 32  10   M    M   9 12     40  10
 5  55  39  47 -18  18   0 0.01    M    0 18.4 31 360   M    M   7 1      40  10
 6  50  38  44 -21  21   0 0.00  0.0    0  6.1 15  30   M    M   9        18  30
 7  65  43  54 -11  11   0 0.00  0.0    0  6.4 14 120   M    M   7        17 120
 8  58  53  56  -9   9   0 0.88  0.0    0  6.1 13 110   M    M  10 138    16 110
 9  69  57  63  -2   2   0 1.11  0.0    0  4.7 14 350   M    M   9 1      29  60
10  72  56  64  -2   1   0    T  0.0    0  6.9 16  30   M    M   7 1      28  10
11  62  52  57  -9   8   0 0.00  0.0    0  9.2 17  10   M    M   9 1      21  10
12  77  51  64  -2   1   0 0.00  0.0    0  7.9 17 310   M    M   1        22 360
13  80  50  65  -1   0   0    T  0.0    0  4.2 12 270   M    M   2 1      22 270
14  81  53  67   1   0   2 0.00  0.0    0  4.2 10  30   M    M   3        16  70
15  72  60  66   0   0   1    T  0.0    0  6.5 14  60   M    M   6 1      20  60
16  65  60  63  -3   2   0 0.29  0.0    0  5.7 13  50   M    M  10 128    15  70
17  77  62  70   3   0   5 0.28  0.0    0  4.9 13  90   M    M   9 12     16  90
18  78  62  70   3   0   5 2.48  0.0    0  7.7 20  80   M    M  10 1      24  80
19  80  69  75   8   0  10 0.00  0.0    0  8.8 17 130   M    M  10 18     22 120
20  80  67  74   7   0   9 0.03  0.0    0  6.3 13 140   M    M  10 12     20 110
21  72  63  68   1   0   3 1.43  0.0    0  7.5 15 360   M    M  10 1      22  70
22  78  61  70   3   0   5    T  0.0    0  4.8 12 320   M    M   7 1      15 350
23  82  56  69   1   0   4 0.00  0.0    0  7.0 14 120   M    M   2 12     18 120
24  84  61  73   5   0   8 0.00  0.0    0 10.4 22 130   M    M   4 12     30 110
25  84  59  72   4   0   7    T  0.0    0  9.0 22 150   M    M   8 12     29 150
26  75  56  66  -2   0   1    T  0.0    0 10.3 28 340   M    M   7 138    36 360
================================================================================
SM 1852 1414       111  60  6.55     0.0 194.1          M      196
================================================================================
AV 71.2 54.4                               7.5 FASTST   M    M   8    MAX(MPH)
                                 MISC ---->  # 32  10                 40    M
================================================================================
NOTES:
# LAST OF SEVERAL OCCURRENCES

COLUMN 17 PEAK WIND IN M.P.H.

PRELIMINARY LOCAL CLIMATOLOGICAL DATA (WS FORM: F-6) , PAGE 2

                                          STATION:  ALICE
                                          MONTH:    MARCH
                                          YEAR:     2015
                                          LATITUDE:   27 44 N
                                          LONGITUDE:  98  1 W

[TEMPERATURE DATA]      [PRECIPITATION DATA]       SYMBOLS USED IN COLUMN 16

AVERAGE MONTHLY: 62.8   TOTAL FOR MONTH:   6.55    1 = FOG OR MIST
DPTR FM NORMAL:  -3.3   DPTR FM NORMAL:    5.08    2 = FOG REDUCING VISIBILITY
HIGHEST:    84 ON 25,24 GRTST 24HR  2.48 ON 18-18      TO 1/4 MILE OR LESS
LOWEST:     38 ON  6                               3 = THUNDER
                        SNOW, ICE PELLETS, HAIL    4 = ICE PELLETS
                        TOTAL MONTH:   0.0 INCH    5 = HAIL
                        GRTST 24HR     0.0         6 = FREEZING RAIN OR DRIZZLE
                        GRTST DEPTH:   0           7 = DUSTSTORM OR SANDSTORM:
                                                       VSBY 1/2 MILE OR LESS
                                                   8 = SMOKE OR HAZE
[NO. OF DAYS WITH]      [WEATHER - DAYS WITH]      9 = BLOWING SNOW
                                                   X = TORNADO
MAX 32 OR BELOW:   0    0.01 INCH OR MORE:  10
MAX 90 OR ABOVE:   0    0.10 INCH OR MORE:   6
MIN 32 OR BELOW:   0    0.50 INCH OR MORE:   4
MIN  0 OR BELOW:   0    1.00 INCH OR MORE:   3

[HDD (BASE 65) ]
TOTAL THIS MO.   111    CLEAR  (SCALE 0-3)   4
DPTR FM NORMAL    42    PTCLDY (SCALE 4-7)   7
TOTAL FM JUL 1   993    CLOUDY (SCALE 8-10) 15
DPTR FM NORMAL   120

[CDD (BASE 65) ]
TOTAL THIS MO.    60
DPTR FM NORMAL   -38    [PRESSURE DATA]
TOTAL FM JAN 1    97    HIGHEST SLP M ON M
DPTR FM NORMAL   -87    LOWEST  SLP 29.74 ON  4

[REMARKS]
