000
CXUS55 KPUB 231059
CF6ALS
PRELIMINARY LOCAL CLIMATOLOGICAL DATA (WS FORM: F-6)

                                          STATION:   ALAMOSA CO
                                          MONTH:     OCTOBER
                                          YEAR:      2014
                                          LATITUDE:   37 27 N
                                          LONGITUDE: 105 52 W

  TEMPERATURE IN F:       :PCPN:    SNOW:  WIND      :SUNSHINE: SKY     :PK WND
================================================================================
1   2   3   4   5  6A  6B    7    8   9   10  11  12  13   14  15   16   17  18
                                     12Z  AVG MX 2MIN
DY MAX MIN AVG DEP HDD CDD  WTR  SNW DPTH SPD SPD DIR MIN PSBL S-S WX    SPD DR
================================================================================

 1  65  28  47  -2  18   0    T  0.0    0  5.9 26 330   M    M   3        33 330
 2  61  32  47  -1  18   0    T    T    0  8.3 18 330   M    M   3        24 340
 3  67  24  46  -2  19   0 0.00  0.0    0  4.9 15 350   M    M   0        20  10
 4  70  27  49   1  16   0 0.00  0.0    0  4.6 14 330   M    M   0        18 340
 5  72  23  48   1  17   0 0.00  0.0    0  8.7 23 310   M    M   0        30  10
 6  72  26  49   2  16   0 0.00  0.0    0  6.0 14 360   M    M   0        19 300
 7  70  25  48   1  17   0 0.00  0.0    0  4.3 13 230   M    M   0        17 220
 8  72  30  51   5  14   0 0.00  0.0    0  6.4 21 190   M    M   1        27 190
 9  57  44  51   5  14   0 0.37  0.0    0  6.1 22 170   M    M   9 13     29 180
10  54  41  48   3  17   0 0.22  0.0    0  4.8 10 240   M    M  10 1      14 290
11  64  33  49   4  16   0    T  0.0    0  4.4 16 210   M    M   3 123    22 200
12  56  32  44  -1  21   0 0.10    T    0 11.6 37 350   M    M   3 13     47 340
13  57  26  42  -2  23   0 0.00  0.0    0  8.1 16 350   M    M   0        22 340
14  64  23  44   0  21   0 0.00  0.0    0  2.8  9 160   M    M   0        10 160
15  68  22  45   1  20   0 0.00  0.0    0  3.4 13 230   M    M   0        15 220
16  74  29  52   9  13   0 0.00  0.0    0  7.5 25 200   M    M   0        34 200
17  68  24  46   3  19   0    T  0.0    0  4.7 13 350   M    M   1        20 170
18  67  38  53  11  12   0    T  0.0    0  5.5 22 170   M    M   4        25 160
19  69  35  52  10  13   0 0.00  0.0    0  3.8 17 120   M    M   3        22 110
20  68  31  50   8  15   0    T  0.0    0  4.3 20 220   M    M   4        24 190
21  62  29  46   5  19   0 0.01  0.0    0  6.0 18 190   M    M   3        21 190
22  64  28  46   5  19   0 0.00  0.0    0  5.1 17 260   M    M   3 12     21 250
================================================================================
SM 1441  650       377   0  0.70    T    127.2          M       50
================================================================================
AV 65.5 29.5                               5.8 FASTST   M    M   2    MAX(MPH)
                                 MISC ---->  # 37 350               # 47  340
================================================================================
NOTES:
# LAST OF SEVERAL OCCURRENCES

COLUMN 17 PEAK WIND IN M.P.H.

PRELIMINARY LOCAL CLIMATOLOGICAL DATA (WS FORM: F-6) , PAGE 2

                                          STATION:  ALAMOSA CO
                                          MONTH:    OCTOBER
                                          YEAR:     2014
                                          LATITUDE:   37 27 N
                                          LONGITUDE: 105 52 W

[TEMPERATURE DATA]      [PRECIPITATION DATA]       SYMBOLS USED IN COLUMN 16

AVERAGE MONTHLY: 47.5   TOTAL FOR MONTH:   0.70    1 = FOG OR MIST
DPTR FM NORMAL:   2.7   DPTR FM NORMAL:    0.21    2 = FOG REDUCING VISIBILITY
HIGHEST:    74 ON 16    GRTST 24HR  0.52 ON  9-10      TO 1/4 MILE OR LESS
LOWEST:     22 ON 15                               3 = THUNDER
                        SNOW, ICE PELLETS, HAIL    4 = ICE PELLETS
                        TOTAL MONTH:    T          5 = HAIL
                        GRTST 24HR    T  ON 12-12  6 = FREEZING RAIN OR DRIZZLE
                        GRTST DEPTH:   0           7 = DUSTSTORM OR SANDSTORM:
                                                       VSBY 1/2 MILE OR LESS
                                                   8 = SMOKE OR HAZE
[NO. OF DAYS WITH]      [WEATHER - DAYS WITH]      9 = BLOWING SNOW
                                                   X = TORNADO
MAX 32 OR BELOW:   0    0.01 INCH OR MORE:   4
MAX 90 OR ABOVE:   0    0.10 INCH OR MORE:   3
MIN 32 OR BELOW:  17    0.50 INCH OR MORE:   0
MIN  0 OR BELOW:   0    1.00 INCH OR MORE:   0

[HDD (BASE 65) ]
TOTAL THIS MO.   377    CLEAR  (SCALE 0-3)  15
DPTR FM NORMAL   -65    PTCLDY (SCALE 4-7)   5
TOTAL FM JUL 1   677    CLOUDY (SCALE 8-10)  2
DPTR FM NORMAL  -196

[CDD (BASE 65) ]
TOTAL THIS MO.     0
DPTR FM NORMAL     0    [PRESSURE DATA]
TOTAL FM JAN 1    60    HIGHEST SLP M ON M
DPTR FM NORMAL     9    LOWEST  SLP 29.66 ON 12

[REMARKS]
