000
CXUS54 KAMA 271015
CF6AMA
PRELIMINARY LOCAL CLIMATOLOGICAL DATA (WS FORM: F-6)

                                          STATION:   AMARILLO
                                          MONTH:     MARCH
                                          YEAR:      2017
                                          LATITUDE:   35 13 N
                                          LONGITUDE: 101 42 W

  TEMPERATURE IN F:       :PCPN:    SNOW:  WIND      :SUNSHINE: SKY     :PK WND
================================================================================
1   2   3   4   5  6A  6B    7    8   9   10  11  12  13   14  15   16   17  18
                                     12Z  AVG MX 2MIN
DY MAX MIN AVG DEP HDD CDD  WTR  SNW DPTH SPD SPD DIR MIN PSBL S-S WX    SPD DR
================================================================================

 1  55  22  39  -5  26   0 0.00  0.0    0  8.5 22  10   M    M   0        29  10
 2  61  27  44   0  21   0 0.00  0.0    0  9.3 21 230   M    M   0        23 230
 3  65  28  47   3  18   0 0.00  0.0    0 17.8 31 210   M    M   0        39 210
 4  72  36  54   9  11   0 0.00  0.0    0 19.1 32 170   M    M   0        39 170
 5  80  43  62  17   3   0 0.00  0.0    0 18.6 29 230   M    M   0 1      37 180
 6  79  40  60  15   5   0 0.00  0.0    0 21.8 40 250   M    M   0        52 230
 7  62  25  44  -2  21   0 0.00  0.0    0 11.9 24 200   M    M   0        30 210
 8  77  36  57  11   8   0 0.00  0.0    0 13.7 24 230   M    M   0 8      31 220
 9  82  38  60  14   5   0 0.00  0.0    0  9.8 21 230   M    M   0        26 230
10  59  32  46   0  19   0 0.00  0.0    0 13.5 28  20   M    M   5        34  20
11  46  27  37 -10  28   0    T    M    0 11.5 23  30   M    M   8 1      28  20
12  68  25  47   0  18   0 0.00  0.0    0 14.5 32 200   M    M   2 1      40 200
13  60  32  46  -1  19   0 0.00  0.0    0 10.3 22  10   M    M   1        27  10
14  79  33  56   9   9   0 0.00  0.0    0 14.6 25 110   M    M   0        31 110
15  70  28  49   1  16   0 0.00  0.0    0 12.8 23 110   M    M   0        30 150
16  89  43  66  18   0   1 0.00  0.0    0 11.7 20 190   M    M   0 1      29 250
17  80  48  64  16   1   0 0.00  0.0    0 14.5 26  50   M    M   0        36  60
18  81  46  64  16   1   0 0.00  0.0    0  8.3 21 170   M    M   3        25 170
19  92  49  71  22   0   6 0.00  0.0    0 12.5 29 240   M    M   0        36 240
20  90  45  68  19   0   3 0.00  0.0    0 10.6 24 220   M    M   0 8      30 250
21  77  46  62  13   3   0 0.00  0.0    0 13.6 23  10   M    M   0        29 350
22  70  37  54   4  11   0 0.00  0.0    0 11.5 22 140   M    M   3 1      27 140
23  82  52  67  17   0   2 0.10  0.0    0 26.0 48 200   M    M   4 137    59 210
24  56  40  48  -2  17   0 0.01  0.0    0 27.2 41 240   M    M   7 1      51 310
25  70  36  53   3  12   0 0.00  0.0    0 12.5 25 320   M    M   0        33 320
26  77  40  59   8   6   0 0.00  0.0    0 15.9 29 350   M    M   1        39 320
================================================================================
SM 1879  954       278  12  0.11     0.0 372.0          M       34
================================================================================
AV 72.3 36.7                              14.3 FASTST   M    M   1    MAX(MPH)
                                 MISC ---->  # 48 200               # 59  210
================================================================================
NOTES:
# LAST OF SEVERAL OCCURRENCES

COLUMN 17 PEAK WIND IN M.P.H.

PRELIMINARY LOCAL CLIMATOLOGICAL DATA (WS FORM: F-6) , PAGE 2

                                          STATION:  AMARILLO
                                          MONTH:    MARCH
                                          YEAR:     2017
                                          LATITUDE:   35 13 N
                                          LONGITUDE: 101 42 W

[TEMPERATURE DATA]      [PRECIPITATION DATA]       SYMBOLS USED IN COLUMN 16

AVERAGE MONTHLY: 54.5   TOTAL FOR MONTH:   0.11    1 = FOG OR MIST
DPTR FM NORMAL:   7.2   DPTR FM NORMAL:   -1.03    2 = FOG REDUCING VISIBILITY
HIGHEST:    92 ON 19    GRTST 24HR  0.10 ON 23-23      TO 1/4 MILE OR LESS
LOWEST:     22 ON  1                               3 = THUNDER
                        SNOW, ICE PELLETS, HAIL    4 = ICE PELLETS
                        TOTAL MONTH:   0.0 INCH    5 = HAIL
                        GRTST 24HR     0.0         6 = FREEZING RAIN OR DRIZZLE
                        GRTST DEPTH:   0           7 = DUSTSTORM OR SANDSTORM:
                                                       VSBY 1/2 MILE OR LESS
                                                   8 = SMOKE OR HAZE
[NO. OF DAYS WITH]      [WEATHER - DAYS WITH]      9 = BLOWING SNOW
                                                   X = TORNADO
MAX 32 OR BELOW:   0    0.01 INCH OR MORE:   2
MAX 90 OR ABOVE:   2    0.10 INCH OR MORE:   1
MIN 32 OR BELOW:   9    0.50 INCH OR MORE:   0
MIN  0 OR BELOW:   0    1.00 INCH OR MORE:   0

[HDD (BASE 65) ]
TOTAL THIS MO.   278    CLEAR  (SCALE 0-3)  21
DPTR FM NORMAL  -186    PTCLDY (SCALE 4-7)   5
TOTAL FM JUL 1  2836    CLOUDY (SCALE 8-10)  0
DPTR FM NORMAL  -905

[CDD (BASE 65) ]
TOTAL THIS MO.    12
DPTR FM NORMAL    12    [PRESSURE DATA]
TOTAL FM JAN 1    17    HIGHEST SLP M ON M
DPTR FM NORMAL    17    LOWEST  SLP 29.42 ON 23

[REMARKS]
