000
CXUS52 KJAX 290800
CF6AMG
PRELIMINARY LOCAL CLIMATOLOGICAL DATA (WS FORM: F-6)

                                          STATION:   ALMA GA
                                          MONTH:     JULY
                                          YEAR:      2017
                                          LATITUDE:   31 32 N
                                          LONGITUDE:  82 30 W

  TEMPERATURE IN F:       :PCPN:    SNOW:  WIND      :SUNSHINE: SKY     :PK WND
================================================================================
1   2   3   4   5  6A  6B    7    8   9   10  11  12  13   14  15   16   17  18
                                     12Z  AVG MX 2MIN
DY MAX MIN AVG DEP HDD CDD  WTR  SNW DPTH SPD SPD DIR MIN PSBL S-S WX    SPD DR
================================================================================

 1  94  73  84   2   0  19 0.00  0.0    0  3.3 13 270   M    M   3 1      20 230
 2  96  73  85   3   0  20    T  0.0    0  4.2 13 300   M    M   2 13     19 290
 3  95  73  84   2   0  19 0.00  0.0    0  5.3 17 300   M    M   1        23 270
 4  97  72  85   3   0  20 0.00  0.0    0  4.0 15 300   M    M   1 18     19 310
 5  99  74  87   5   0  22 0.24  0.0    0  2.6 17 160   M    M   1 138    23 140
 6  97  72  85   3   0  20 0.00  0.0    0  3.6 14 150   M    M   1 3      17 150
 7  97  76  87   5   0  22 0.00  0.0    0  6.0 14 220   M    M   1        20 230
 8  97  73  85   3   0  20 0.10  0.0    0  5.2 20 270   M    M   1 13     30 270
 9  94  71  83   1   0  18 0.22  0.0    0  3.7 22 190   M    M   0 138    26 190
10  89  73  81  -1   0  16 0.21  0.0    0  3.0 14 200   M    M   1 13     18 240
11  93  73  83   1   0  18 0.46  0.0    0  2.9 14 350   M    M   2 13     17 360
12  94  72  83   1   0  18 0.00  0.0    0  3.4 10 140   M    M   1 1      14 130
13  95  70  83   1   0  18    T  0.0    0  2.2 17 140   M    M   2 13     24 140
14  95  72  84   2   0  19 0.00  0.0    0  3.0 13 140   M    M   2 12     17 140
15  95  73  84   2   0  19 0.44  0.0    0  3.2 15 150   M    M   3 138    20 160
16  93  73  83   1   0  18 0.14  0.0    0  3.3 21 280   M    M   3 138    29 290
17  85  73  79  -3   0  14 0.32  0.0    0  2.3 18 220   M    M   6 13     26 260
18  91  73  82   0   0  17 0.00  0.0    0  1.7 15 180   M    M   3 3      19 180
19  94  71  83   1   0  18    T  0.0    0  1.9 10 140   M    M   4 1      14 310
20  95  72  84   2   0  19 0.26  0.0    0  2.5 13 170   M    M   2 138    16 150
21  95  71  83   1   0  18 1.56  0.0    0  3.9 23 300   M    M   2 123    28 310
22  94  71  83   1   0  18 0.00  0.0    0  4.2 13 180   M    M   1 12     16 160
23  93  77  85   3   0  20 0.20  0.0    0  6.1 22 170   M    M   5 13     27 160
24  93  76  85   3   0  20 1.24  0.0    0  5.5 17 130   M    M   5 138    26 120
25  93  73  83   1   0  18    T  0.0    0  5.4 16 310   M    M   4 13     20 310
26  89  73  81  -1   0  16 0.02  0.0    0  2.6 17  80   M    M   7 13     25  60
27  91  75  83   1   0  18 0.05  0.0    0  2.6  9 140   M    M   6 1      12 150
28  95  75  85   3   0  20 0.00  0.0    0  5.0 14 270   M    M   2 1      20 270
================================================================================
SM 2628 2043         0 522  5.46     0.0 102.6          M       72
================================================================================
AV 93.9 73.0                               3.7 FASTST   M    M   3    MAX(MPH)
                                 MISC ---->  # 23 300               # 30  270
================================================================================
NOTES:
# LAST OF SEVERAL OCCURRENCES

COLUMN 17 PEAK WIND IN M.P.H.

PRELIMINARY LOCAL CLIMATOLOGICAL DATA (WS FORM: F-6) , PAGE 2

                                          STATION:  ALMA GA
                                          MONTH:    JULY
                                          YEAR:     2017
                                          LATITUDE:   31 32 N
                                          LONGITUDE:  82 30 W

[TEMPERATURE DATA]      [PRECIPITATION DATA]       SYMBOLS USED IN COLUMN 16

AVERAGE MONTHLY: 83.4   TOTAL FOR MONTH:   5.46    1 = FOG OR MIST
DPTR FM NORMAL:   1.4   DPTR FM NORMAL:    0.69    2 = FOG REDUCING VISIBILITY
HIGHEST:    99 ON  5    GRTST 24HR  1.56 ON 21-21      TO 1/4 MILE OR LESS
LOWEST:     70 ON 13                               3 = THUNDER
                        SNOW, ICE PELLETS, HAIL    4 = ICE PELLETS
                        TOTAL MONTH:   0.0 INCH    5 = HAIL
                        GRTST 24HR     0.0         6 = FREEZING RAIN OR DRIZZLE
                        GRTST DEPTH:   0           7 = DUSTSTORM OR SANDSTORM:
                                                       VSBY 1/2 MILE OR LESS
                                                   8 = SMOKE OR HAZE
[NO. OF DAYS WITH]      [WEATHER - DAYS WITH]      9 = BLOWING SNOW
                                                   X = TORNADO
MAX 32 OR BELOW:   0    0.01 INCH OR MORE:  14
MAX 90 OR ABOVE:  25    0.10 INCH OR MORE:  12
MIN 32 OR BELOW:   0    0.50 INCH OR MORE:   2
MIN  0 OR BELOW:   0    1.00 INCH OR MORE:   2

[HDD (BASE 65) ]
TOTAL THIS MO.     0    CLEAR  (SCALE 0-3)  21
DPTR FM NORMAL     0    PTCLDY (SCALE 4-7)   7
TOTAL FM JUL 1     0    CLOUDY (SCALE 8-10)  0
DPTR FM NORMAL     0

[CDD (BASE 65) ]
TOTAL THIS MO.   522
DPTR FM NORMAL    47    [PRESSURE DATA]
TOTAL FM JAN 1  1567    HIGHEST SLP M ON M
DPTR FM NORMAL   219    LOWEST  SLP 29.82 ON 28

[REMARKS]
