000
CXUS53 KDMX 290920
CF6AMW
PRELIMINARY LOCAL CLIMATOLOGICAL DATA (WS FORM: F-6)

                                          STATION:   AMES IA
                                          MONTH:     SEPTEMBER
                                          YEAR:      2016
                                          LATITUDE:   41 59 N
                                          LONGITUDE:  93 37 W

  TEMPERATURE IN F:       :PCPN:    SNOW:  WIND      :SUNSHINE: SKY     :PK WND
================================================================================
1   2   3   4   5  6A  6B    7    8   9   10  11  12  13   14  15   16   17  18
                                     12Z  AVG MX 2MIN
DY MAX MIN AVG DEP HDD CDD  WTR  SNW DPTH SPD SPD DIR MIN PSBL S-S WX    SPD DR
================================================================================

 1  78  52  65  -3   0   0 0.00  0.0    0  4.5 15  60   M    M   1        19  60
 2  75  50  63  -5   2   0 0.00  0.0    0  4.3 13 160   M    M   2 1      17 130
 3  76  54  65  -2   0   0 0.00  0.0    0  7.2 17 180   M    M   2        22 180
 4  80  58  69   2   0   4 0.00  0.0    0 10.4 21 150   M    M   1        28 160
 5  88  63  76   9   0  11 0.00  0.0    0 11.0 24 170   M    M   2        31 190
 6  91  71  81  15   0  16 0.00  0.0    0 11.1 21 210   M    M   2        28 210
 7  79  70  75   9   0  10 1.86  0.0    0  7.0 23 360   M    M   8 13     29 350
 8  84  64  74   8   0   9 0.02  0.0    0  3.7 12 330   M    M   3 13     15 360
 9  80  64  72   7   0   7 0.57  0.0    0  7.5 30 320   M    M   8 13     38 320
10  74  52  63  -2   2   0 0.00  0.0    0 11.4 23 340   M    M   2        36 340
11  77  47  62  -2   3   0 0.00  0.0    0  8.8 21 180   M    M   0 1      36 160
12  83  54  69   5   0   4 0.00  0.0    0 10.1 22 190   M    M   2        30 170
13  70  59  65   1   0   0 0.17  0.0    0 10.8 23 320   M    M   8 13     27 320
14  75  57  66   3   0   1 0.00  0.0    0  4.7 12  20   M    M   6        15  20
15  82  59  71   8   0   6 1.64  0.0    0  9.0 26  30   M    M   6 13     33  20
16  73  57  65   2   0   0 0.51  0.0    0  5.8 15 270   M    M   4 13     18 280
17  71  53  62   0   3   0 0.00  0.0    0  6.5 16 310   M    M   0 1      20 310
18  84  51  68   6   0   3 0.00  0.0    0  8.1 22 210   M    M   0 1      28 210
19  86  56  71   9   0   6 0.00  0.0    0  5.7 23 360   M    M   2        29 360
20  87  51  69   8   0   4 0.00  0.0    0  7.2 17 140   M    M   0 12     24 130
21  91  68  80  19   0  15 0.00  0.0    0 11.2 23 190   M    M   1 18     31 190
22  82  65  74  14   0   9 3.28  0.0    0 10.8 23  80   M    M   6 13     28 100
23  87  68  78  18   0  13 0.44  0.0    0  8.4 17  80   M    M   4 1      22  80
24  85  66  76  16   0  11 0.33  0.0    0  9.9 24 310   M    M   5 13     31 300
25  69  53  61   2   4   0 0.12  0.0    0 11.5 25 290   M    M   4 1      33 280
26  73  48  61   2   4   0 0.00  0.0    0 13.7 29 290   M    M   0        36 280
27  74  47  61   3   4   0 0.00  0.0    0 11.4 23 300   M    M   1        31 290
28  62  50  56  -2   9   0 0.00  0.0    0 13.6 22 360   M    M   8        27 360
================================================================================
SM 2216 1607        31 129  8.94     0.0 245.3          M       88
================================================================================
AV 79.1 57.4                               8.8 FASTST   M    M   3    MAX(MPH)
                                 MISC ---->  # 30 320               # 38  320
================================================================================
NOTES:
# LAST OF SEVERAL OCCURRENCES

COLUMN 17 PEAK WIND IN M.P.H.

PRELIMINARY LOCAL CLIMATOLOGICAL DATA (WS FORM: F-6) , PAGE 2

                                          STATION:  AMES IA
                                          MONTH:    SEPTEMBER
                                          YEAR:     2016
                                          LATITUDE:   41 59 N
                                          LONGITUDE:  93 37 W

[TEMPERATURE DATA]      [PRECIPITATION DATA]       SYMBOLS USED IN COLUMN 16

AVERAGE MONTHLY: 68.3   TOTAL FOR MONTH:   8.94    1 = FOG OR MIST
DPTR FM NORMAL:   5.1   DPTR FM NORMAL:    6.08    2 = FOG REDUCING VISIBILITY
HIGHEST:    91 ON 21, 6 GRTST 24HR  3.28 ON 22-22      TO 1/4 MILE OR LESS
LOWEST:     47 ON 27,11                            3 = THUNDER
                        SNOW, ICE PELLETS, HAIL    4 = ICE PELLETS
                        TOTAL MONTH:   0.0 INCH    5 = HAIL
                        GRTST 24HR     0.0         6 = FREEZING RAIN OR DRIZZLE
                        GRTST DEPTH:   0           7 = DUSTSTORM OR SANDSTORM:
                                                       VSBY 1/2 MILE OR LESS
                                                   8 = SMOKE OR HAZE
[NO. OF DAYS WITH]      [WEATHER - DAYS WITH]      9 = BLOWING SNOW
                                                   X = TORNADO
MAX 32 OR BELOW:   0    0.01 INCH OR MORE:  10
MAX 90 OR ABOVE:   2    0.10 INCH OR MORE:   9
MIN 32 OR BELOW:   0    0.50 INCH OR MORE:   5
MIN  0 OR BELOW:   0    1.00 INCH OR MORE:   3

[HDD (BASE 65) ]
TOTAL THIS MO.    31    CLEAR  (SCALE 0-3)  17
DPTR FM NORMAL   -80    PTCLDY (SCALE 4-7)  10
TOTAL FM JUL 1    34    CLOUDY (SCALE 8-10)  1
DPTR FM NORMAL   -93

[CDD (BASE 65) ]
TOTAL THIS MO.   129
DPTR FM NORMAL    72    [PRESSURE DATA]
TOTAL FM JAN 1   958    HIGHEST SLP M ON M
DPTR FM NORMAL   218    LOWEST  SLP 29.79 ON 27

[REMARKS]
