000
CXUS54 KBMX 011216
CF6ANB
PRELIMINARY LOCAL CLIMATOLOGICAL DATA (WS FORM: F-6)

                                          STATION:   ANNISTON
                                          MONTH:     JUNE
                                          YEAR:      2015
                                          LATITUDE:   33 35 N
                                          LONGITUDE:  85 51 W

  TEMPERATURE IN F:       :PCPN:    SNOW:  WIND      :SUNSHINE: SKY     :PK WND
================================================================================
1   2   3   4   5  6A  6B    7    8   9   10  11  12  13   14  15   16   17  18
                                     12Z  AVG MX 2MIN
DY MAX MIN AVG DEP HDD CDD  WTR  SNW DPTH SPD SPD DIR MIN PSBL S-S WX    SPD DR
================================================================================

 1  81  65  73  -1   0   8 0.72  0.0    0  3.7 17 360   M    M   6 13     25 350
 2  83  63  73  -1   0   8 0.00  0.0    0  3.4 12 250   M    M   5 128    15 290
 3  85  63  74   0   0   9 0.00  0.0    0  2.8 10  60   M    M   4        13 240
 4  83  68  76   1   0  11 0.00  0.0    0  5.6 10  10   M    M   6        14 360
 5  88  65  77   2   0  12 0.00  0.0    0  3.5 10 270   M    M   1        14 270
 6  89  64  77   2   0  12 0.00  0.0    0  2.5 12 360   M    M   1 1      15  50
 7  91  65  78   3   0  13 0.00  0.0    0  2.7  9 280   M    M   2 18     12 280
 8  89  69  79   3   0  14    T  0.0    0  4.6 16 230   M    M   1        21 240
 9  87  69  78   2   0  13 0.19  0.0    0  4.7 15  80   M    M   2 13     22  90
10  87  67  77   1   0  12    T  0.0    0  2.2 12 230   M    M   0 13     16 220
11  86  68  77   1   0  12 0.03  0.0    0  2.2 18 240   M    M   3 138    22 230
12  86  69  78   2   0  13 0.21  0.0    0  4.5 16 250   M    M   3 1      20 220
13  90  69  80   3   0  15 0.09  0.0    0  2.3 23 210   M    M   1 13     34 220
14  91  68  80   3   0  15 0.00  0.0    0  2.4 10 220   M    M   0        14 180
15  94  70  82   5   0  17 0.00  0.0    0  1.8  9 170   M    M   1        12 200
16  94  70  82   5   0  17    T  0.0    0  1.3  6 170   M    M   1 3      24 240
17  94  70  82   5   0  17 0.00  0.0    0  1.6 12 170   M    M   0 13     14 170
18  92  73  83   5   0  18 0.01  0.0    0  3.2 14 200   M    M   0 13     17 180
19  93  72  83   5   0  18 0.01  0.0    0  5.0 17 240   M    M   3 3      23 240
20  91  72  82   4   0  17 0.05  0.0    0  7.9 22 290   M    M   3 13     29 290
21  93  70  82   4   0  17 0.00  0.0    0  5.3 16 230   M    M   1 1      19 220
22  96  71  84   6   0  19 0.00  0.0    0  3.4 10 280   M    M   0        13 280
23  95  73  84   6   0  19 0.00  0.0    0  4.6 15 240   M    M   2 3      21 260
24  92  72  82   4   0  17 1.14  0.0    0  4.7 23  70   M    M   2 13     31  60
25  93  69  81   2   0  16 0.00  0.0    0  1.6  9 250   M    M   0        11 250
26  90  73  82   3   0  17 0.13  0.0    0  4.8 14 230   M    M   2 138    17 230
27  87  72  80   1   0  15    T  0.0    0  7.8 16 260   M    M   6 1      23 280
28  86  65  76  -3   0  11 0.00  0.0    0  4.1 13 360   M    M   1        18 300
29  88  61  75  -4   0  10 0.00  0.0    0  4.4 15 250   M    M   1        21 250
30  85  68  77  -2   0  12 0.05  0.0    0  7.3 20 250   M    M   4 18     27 240
================================================================================
SM 2679 2053         0 424  2.63     0.0 115.9          M       62
================================================================================
AV 89.3 68.4                               3.9 FASTST   M    M   2    MAX(MPH)
                                 MISC ---->  # 23 210               # 34  220
================================================================================
NOTES:
# LAST OF SEVERAL OCCURRENCES

COLUMN 17 PEAK WIND IN M.P.H.

PRELIMINARY LOCAL CLIMATOLOGICAL DATA (WS FORM: F-6) , PAGE 2

                                          STATION:  ANNISTON
                                          MONTH:    JUNE
                                          YEAR:     2015
                                          LATITUDE:   33 35 N
                                          LONGITUDE:  85 51 W

[TEMPERATURE DATA]      [PRECIPITATION DATA]       SYMBOLS USED IN COLUMN 16

AVERAGE MONTHLY: 78.9   TOTAL FOR MONTH:   2.63    1 = FOG OR MIST
DPTR FM NORMAL:   1.9   DPTR FM NORMAL:   -1.45    2 = FOG REDUCING VISIBILITY
HIGHEST:    96 ON 22    GRTST 24HR  1.14 ON 24-24      TO 1/4 MILE OR LESS
LOWEST:     61 ON 29                               3 = THUNDER
                        SNOW, ICE PELLETS, HAIL    4 = ICE PELLETS
                        TOTAL MONTH:   0.0 INCH    5 = HAIL
                        GRTST 24HR     0.0         6 = FREEZING RAIN OR DRIZZLE
                        GRTST DEPTH:   0           7 = DUSTSTORM OR SANDSTORM:
                                                       VSBY 1/2 MILE OR LESS
                                                   8 = SMOKE OR HAZE
[NO. OF DAYS WITH]      [WEATHER - DAYS WITH]      9 = BLOWING SNOW
                                                   X = TORNADO
MAX 32 OR BELOW:   0    0.01 INCH OR MORE:  11
MAX 90 OR ABOVE:  15    0.10 INCH OR MORE:   5
MIN 32 OR BELOW:   0    0.50 INCH OR MORE:   2
MIN  0 OR BELOW:   0    1.00 INCH OR MORE:   1

[HDD (BASE 65) ]
TOTAL THIS MO.     0    CLEAR  (SCALE 0-3)  22
DPTR FM NORMAL    -1    PTCLDY (SCALE 4-7)   8
TOTAL FM JUL 1  2839    CLOUDY (SCALE 8-10)  0
DPTR FM NORMAL    58

[CDD (BASE 65) ]
TOTAL THIS MO.   424
DPTR FM NORMAL    65    [PRESSURE DATA]
TOTAL FM JAN 1   741    HIGHEST SLP 30.17 ON 13
DPTR FM NORMAL   142    LOWEST  SLP 29.81 ON  9

[REMARKS]
#FINAL-06-15#
