000
CXUS54 KBMX 241216
CF6ANB
PRELIMINARY LOCAL CLIMATOLOGICAL DATA (WS FORM: F-6)

                                          STATION:   ANNISTON
                                          MONTH:     MAY
                                          YEAR:      2015
                                          LATITUDE:   33 35 N
                                          LONGITUDE:  85 51 W

  TEMPERATURE IN F:       :PCPN:    SNOW:  WIND      :SUNSHINE: SKY     :PK WND
================================================================================
1   2   3   4   5  6A  6B    7    8   9   10  11  12  13   14  15   16   17  18
                                     12Z  AVG MX 2MIN
DY MAX MIN AVG DEP HDD CDD  WTR  SNW DPTH SPD SPD DIR MIN PSBL S-S WX    SPD DR
================================================================================

 1  72  46  59  -7   6   0 0.00  0.0    0  4.4 15  10   M    M   0        23 330
 2  78  45  62  -4   3   0 0.00  0.0    0  2.4 10 240   M    M   0 1      12 240
 3  80  50  65  -1   0   0 0.00  0.0    0  2.4 13 250   M    M   0        16 240
 4  83  51  67   0   0   2 0.00  0.0    0  2.3  9 130   M    M   2 18     13 260
 5  83  57  70   3   0   5 0.00  0.0    0  3.7 12  70   M    M   1 8      15  70
 6  83  56  70   3   0   5 0.00  0.0    0  3.7 12 120   M    M   1        16 130
 7  86  55  71   3   0   6 0.00  0.0    0  2.8  9  90   M    M   0        14  90
 8  87  58  73   5   0   8 0.00  0.0    0  2.6  9 240   M    M   0 1      12 220
 9  88  61  75   7   0  10 0.00  0.0    0  2.8  8 150   M    M   1 1      11 160
10  88  65  77   9   0  12 0.00  0.0    0  2.6  9 170   M    M   1 1       M  M
11  89  65  77   8   0  12 0.00  0.0    0  4.3 18 210   M    M   1 18     23 240
12  83  68  76   7   0  11 0.68  0.0    0  6.5 10 350   M    M   3 13      M  M
13  84  58  71   2   0   6 0.00  0.0    0  4.4 13  30   M    M   0        16  40
14  88  55  72   3   0   7 0.00  0.0    0  5.2 14 170   M    M   1        19 180
15  79  68  74   4   0   9 0.10  0.0    0  4.6 13 130   M    M   5 1      16  80
16  83  69  76   6   0  11 0.02  0.0    0  4.0 13 120   M    M   6 3      16 120
17  85  69  77   7   0  12 0.09  0.0    0  3.9 13 250   M    M   6 13     17 250
18  86  68  77   7   0  12 0.00  0.0    0  5.1 17 250   M    M   2        24 250
19  85  67  76   5   0  11 0.00  0.0    0  3.5 10 290   M    M   3        14 360
20  88  64  76   5   0  11    T  0.0    0  4.9 14 240   M    M   1 1      18 240
21  75  57  66  -5   0   1 0.00  0.0    0  8.0 17 270   M    M   7        23 280
22  78  50  64  -8   1   0 0.00  0.0    0  4.4 13 360   M    M   0        16 360
23  84  54  69  -3   0   4 0.00  0.0    0  5.0 13 160   M    M   0        20 150
================================================================================
SM 1915 1356        10 155  0.89     0.0  93.5          M       41
================================================================================
AV 83.3 59.0                               4.1 FASTST   M    M   2    MAX(MPH)
                                 MISC ---->  # 18 210               # 24  250
================================================================================
NOTES:
# LAST OF SEVERAL OCCURRENCES

COLUMN 17 PEAK WIND IN M.P.H.

PRELIMINARY LOCAL CLIMATOLOGICAL DATA (WS FORM: F-6) , PAGE 2

                                          STATION:  ANNISTON
                                          MONTH:    MAY
                                          YEAR:     2015
                                          LATITUDE:   33 35 N
                                          LONGITUDE:  85 51 W

[TEMPERATURE DATA]      [PRECIPITATION DATA]       SYMBOLS USED IN COLUMN 16

AVERAGE MONTHLY: 71.1   TOTAL FOR MONTH:   0.89    1 = FOG OR MIST
DPTR FM NORMAL:   2.2   DPTR FM NORMAL:   -2.34    2 = FOG REDUCING VISIBILITY
HIGHEST:    89 ON 11    GRTST 24HR  0.68 ON 12-12      TO 1/4 MILE OR LESS
LOWEST:     45 ON  2                               3 = THUNDER
                        SNOW, ICE PELLETS, HAIL    4 = ICE PELLETS
                        TOTAL MONTH:   0.0 INCH    5 = HAIL
                        GRTST 24HR     0.0         6 = FREEZING RAIN OR DRIZZLE
                        GRTST DEPTH:   0           7 = DUSTSTORM OR SANDSTORM:
                                                       VSBY 1/2 MILE OR LESS
                                                   8 = SMOKE OR HAZE
[NO. OF DAYS WITH]      [WEATHER - DAYS WITH]      9 = BLOWING SNOW
                                                   X = TORNADO
MAX 32 OR BELOW:   0    0.01 INCH OR MORE:   4
MAX 90 OR ABOVE:   0    0.10 INCH OR MORE:   2
MIN 32 OR BELOW:   0    0.50 INCH OR MORE:   1
MIN  0 OR BELOW:   0    1.00 INCH OR MORE:   0

[HDD (BASE 65) ]
TOTAL THIS MO.    10    CLEAR  (SCALE 0-3)  17
DPTR FM NORMAL   -14    PTCLDY (SCALE 4-7)   6
TOTAL FM JUL 1  2839    CLOUDY (SCALE 8-10)  0
DPTR FM NORMAL    61

[CDD (BASE 65) ]
TOTAL THIS MO.   155
DPTR FM NORMAL    43    [PRESSURE DATA]
TOTAL FM JAN 1   237    HIGHEST SLP M ON M
DPTR FM NORMAL    63    LOWEST  SLP 29.90 ON 20

[REMARKS]
