000
CXAK56 PAFC 291320
CF6ANC
PRELIMINARY LOCAL CLIMATOLOGICAL DATA (WS FORM: F-6)

                                          STATION:   ANCHORAGE AK
                                          MONTH:     AUGUST
                                          YEAR:      2014
                                          LATITUDE:   61 10 N
                                          LONGITUDE: 150  2 W

  TEMPERATURE IN F:       :PCPN:    SNOW:  WIND      :SUNSHINE: SKY     :PK WND
================================================================================
1   2   3   4   5  6A  6B    7    8   9   10  11  12  13   14  15   16   17  18
                                     12Z  AVG MX 2MIN
DY MAX MIN AVG DEP HDD CDD  WTR  SNW DPTH SPD SPD DIR MIN PSBL S-S WX    SPD DR
================================================================================

 1  66  55  61   2   4   0 0.00  0.0    0  3.9 12 290   M    M   8         M  M
 2  68  52  60   1   5   0 0.00  0.0    0  5.3 10 300   M    M   6         M  M
 3  71  56  64   5   1   0 0.07  0.0    0  6.4 16 150   M    M   8        32 160
 4  63  55  59   0   6   0 0.13  0.0    0  2.9  8 150   M    M   9 1      25 150
 5  67  51  59   0   6   0 0.00  0.0    0  8.6 20 150   M    M   8        37 170
 6  68  57  63   5   2   0 0.00  0.0    0  9.1 16 150   M    M   8        32 170
 7  65  55  60   2   5   0 0.01  0.0    0  6.8 16 150   M    M   8        33 160
 8  61  55  58   0   7   0    T  0.0    0  4.7 10 250   M    M   9         M  M
 9  67  54  61   3   4   0 0.02  0.0    0  4.1 10 150   M    M  10         M  M
10  69  56  63   5   2   0 0.04  0.0    0  2.2  7 170   M    M   8         M  M
11  69  57  63   5   2   0 0.01  0.0    0 11.3 17 150   M    M   8        32 150
12  61  54  58   0   7   0 0.08  0.0    0  3.5  9 320   M    M   8         M  M
13  65  55  60   2   5   0 0.29  0.0    0  5.5 15 150   M    M   9        30 170
14  65  53  59   2   6   0 0.02  0.0    0  7.0 16 160   M    M   8        32 160
15  64  53  59   2   6   0 0.12  0.0    0 13.0 17 140   M    M   9        32 150
16  64  53  59   2   6   0 0.01  0.0    0  9.0 21 150   M    M   8        38 170
17  65  52  59   2   6   0    T  0.0    0  3.5  9 230   M    M   8         M  M
18  67  53  60   3   5   0 0.00  0.0    0  4.5  9 310   M    M   6         M  M
19  69  51  60   4   5   0 0.00  0.0    0  3.9  7 190   M    M   5         M  M
20  62  52  57   1   8   0 0.00  0.0    0  3.7  8 300   M    M   6 12      M  M
21  68  54  61   5   4   0    T  0.0    0  2.6  6 170   M    M   9 128     M  M
22  64  51  58   2   7   0    T  0.0    0  3.8  9 290   M    M   7         M  M
23  62  51  57   1   8   0    T  0.0    0  4.7 16 150   M    M   9 12     32 170
24  59  53  56   1   9   0 0.46  0.0    0  3.7  8  40   M    M   9 1       M  M
25  61  52  57   2   8   0 0.54  0.0    0  5.5 10 190   M    M   9 1      16 190
26  63  48  56   1   9   0 0.01  0.0    0  4.3  9 150   M    M   7 1      23 160
27  61  53  57   2   8   0 0.16  0.0    0 11.4 21 150   M    M   9 1      32 140
28  58  52  55   1  10   0 0.39  0.0    0  4.8  9 130   M    M  10         M  M
================================================================================
SM 1812 1493       161   0  2.36     0.0 159.7          M      226
================================================================================
AV 64.7 53.3                               5.7 FASTST   M    M   8    MAX(MPH)
                                 MISC ---->    21   M               # 38  170
================================================================================
NOTES:
# LAST OF SEVERAL OCCURRENCES

COLUMN 17 PEAK WIND IN M.P.H.

PRELIMINARY LOCAL CLIMATOLOGICAL DATA (WS FORM: F-6) , PAGE 2

                                          STATION:  ANCHORAGE AK
                                          MONTH:    AUGUST
                                          YEAR:     2014
                                          LATITUDE:   61 10 N
                                          LONGITUDE: 150  2 W

[TEMPERATURE DATA]      [PRECIPITATION DATA]       SYMBOLS USED IN COLUMN 16

AVERAGE MONTHLY: 59.0   TOTAL FOR MONTH:   2.36    1 = FOG OR MIST
DPTR FM NORMAL:   1.9   DPTR FM NORMAL:   -0.55    2 = FOG REDUCING VISIBILITY
HIGHEST:    71 ON  3    GRTST 24HR  0.54 ON 25-25      TO 1/4 MILE OR LESS
LOWEST:     48 ON 26                               3 = THUNDER
                        SNOW, ICE PELLETS, HAIL    4 = ICE PELLETS
                        TOTAL MONTH:   0.0 INCH    5 = HAIL
                        GRTST 24HR     0.0         6 = FREEZING RAIN OR DRIZZLE
                        GRTST DEPTH:   0           7 = DUSTSTORM OR SANDSTORM:
                                                       VSBY 1/2 MILE OR LESS
                                                   8 = SMOKE OR HAZE
[NO. OF DAYS WITH]      [WEATHER - DAYS WITH]      9 = BLOWING SNOW
                                                   X = TORNADO
MAX 32 OR BELOW:   0    0.01 INCH OR MORE:  16
MAX 90 OR ABOVE:   0    0.10 INCH OR MORE:   7
MIN 32 OR BELOW:   0    0.50 INCH OR MORE:   1
MIN  0 OR BELOW:   0    1.00 INCH OR MORE:   0

[HDD (BASE 65) ]
TOTAL THIS MO.   161    CLEAR  (SCALE 0-3)   0
DPTR FM NORMAL   -61    PTCLDY (SCALE 4-7)  12
TOTAL FM JUL 1   315    CLOUDY (SCALE 8-10) 16
DPTR FM NORMAL  -101

[CDD (BASE 65) ]
TOTAL THIS MO.     0
DPTR FM NORMAL     0    [PRESSURE DATA]
TOTAL FM JAN 1     3    HIGHEST SLP M ON M
DPTR FM NORMAL     1    LOWEST  SLP M ON M

[REMARKS]
