000
CXUS52 KGSP 220817
CF6AND
PRELIMINARY LOCAL CLIMATOLOGICAL DATA (WS FORM: F-6)

                                          STATION:   ANDERSON SC
                                          MONTH:     FEBRUARY
                                          YEAR:      2017
                                          LATITUDE:   34 30 N
                                          LONGITUDE:  82 43 W

  TEMPERATURE IN F:       :PCPN:    SNOW:  WIND      :SUNSHINE: SKY     :PK WND
================================================================================
1   2   3   4   5  6A  6B    7    8   9   10  11  12  13   14  15   16   17  18
                                     12Z  AVG MX 2MIN
DY MAX MIN AVG DEP HDD CDD  WTR  SNW DPTH SPD SPD DIR MIN PSBL S-S WX    SPD DR
================================================================================

 1  70  42  56  13   9   0 0.00    M    M  8.8 24 250   M    M   0        33 250
 2  72  45  59  16   6   0 0.01    M    M  5.9 17 250   M    M   5        22 250
 3  55  36  46   3  19   0    T    M    M  6.3 15  50   M    M   9        19  50
 4  47  26  37  -7  28   0 0.00    M    M  5.8 18  70   M    M   0        21  70
 5  59  27  43  -1  22   0    T    M    M  8.2 20 240   M    M   4        25 250
 6  68  32  50   6  15   0 0.03    M    M  2.5 14 310   M    M   3 18     15 140
 7  68  44  56  12   9   0 0.78    M    M  4.8 22 210   M    M   7 1      27 210
 8  69  54  62  18   3   0 0.47    M    M  9.2 32 270   M    M   7 13     43 270
 9  60  35  48   4  17   0 0.24    M    M 14.4 30 300   M    M   0 13     39 310
10  57  26  42  -2  23   0 0.00    M    M  3.5 13 250   M    M   0        15 240
11  70  35  53   8  12   0 0.00    M    M  9.2 25 240   M    M   5        33 240
12  77  60  69  24   0   4 0.00    M    M 11.4 24 250   M    M   6        32 240
13  66  40  53   8  12   0 0.00    M    M  3.3 12 320   M    M   0        13 250
14  68  40  54   9  11   0 0.00    M    M  6.5 16 220   M    M   2 8      20 220
15  65  44  55   9  10   0 0.55    M    M  9.0 21 320   M    M   5 13     26 300
16  61  37  49   3  16   0 0.00    M    M 10.0 21 260   M    M   0 8      24 250
17  71  33  52   6  13   0 0.00    M    M  6.3 21 220   M    M   0        26 220
18  62  43  53   7  12   0 0.01    M    M  5.0 13 240   M    M   5        16 220
19  73  44  59  13   6   0 0.00    M    M  4.9 16 310   M    M   2 1      22 300
20  73  40  57  11   8   0 0.00    M    M  1.0  8 260   M    M   0        10 110
21  70  47  59  12   6   0 0.01    M    M  5.9 14 110   M    M   4        17  70
================================================================================
SM 1381  830       257   4  2.10    M    141.9          M       64
================================================================================
AV 65.8 39.5                               6.8 FASTST   M    M   3    MAX(MPH)
                                 MISC ---->  # 32 270               # 43  270
================================================================================
NOTES:
# LAST OF SEVERAL OCCURRENCES

COLUMN 17 PEAK WIND IN M.P.H.

PRELIMINARY LOCAL CLIMATOLOGICAL DATA (WS FORM: F-6) , PAGE 2

                                          STATION:  ANDERSON SC
                                          MONTH:    FEBRUARY
                                          YEAR:     2017
                                          LATITUDE:   34 30 N
                                          LONGITUDE:  82 43 W

[TEMPERATURE DATA]      [PRECIPITATION DATA]       SYMBOLS USED IN COLUMN 16

AVERAGE MONTHLY: 52.6   TOTAL FOR MONTH:   2.10    1 = FOG OR MIST
DPTR FM NORMAL:   7.9   DPTR FM NORMAL:   -0.75    2 = FOG REDUCING VISIBILITY
HIGHEST:    77 ON 12    GRTST 24HR  0.78 ON  7- 7      TO 1/4 MILE OR LESS
LOWEST:     26 ON 10, 4                            3 = THUNDER
                        SNOW, ICE PELLETS, HAIL    4 = ICE PELLETS
                        TOTAL MONTH:    M          5 = HAIL
                        GRTST 24HR    M  ON   M    6 = FREEZING RAIN OR DRIZZLE
                        GRTST DEPTH:  M  ON   M    7 = DUSTSTORM OR SANDSTORM:
                                                       VSBY 1/2 MILE OR LESS
                                                   8 = SMOKE OR HAZE
[NO. OF DAYS WITH]      [WEATHER - DAYS WITH]      9 = BLOWING SNOW
                                                   X = TORNADO
MAX 32 OR BELOW:   0    0.01 INCH OR MORE:   8
MAX 90 OR ABOVE:   0    0.10 INCH OR MORE:   4
MIN 32 OR BELOW:   4    0.50 INCH OR MORE:   2
MIN  0 OR BELOW:   0    1.00 INCH OR MORE:   0

[HDD (BASE 65) ]
TOTAL THIS MO.   257    CLEAR  (SCALE 0-3)  11
DPTR FM NORMAL  -169    PTCLDY (SCALE 4-7)   9
TOTAL FM JUL 1  1620    CLOUDY (SCALE 8-10)  1
DPTR FM NORMAL  -755

[CDD (BASE 65) ]
TOTAL THIS MO.     4
DPTR FM NORMAL     4    [PRESSURE DATA]
TOTAL FM JAN 1     4    HIGHEST SLP M ON M
DPTR FM NORMAL     4    LOWEST  SLP 29.51 ON 15

[REMARKS]
