000
CXUS53 KAPX 290631
CF6ANJ
PRELIMINARY LOCAL CLIMATOLOGICAL DATA (WS FORM: F-6)

                                          STATION:   SAULT STE MARIE MI
                                          MONTH:     MARCH
                                          YEAR:      2015
                                          LATITUDE:   46 28 N
                                          LONGITUDE:  84 21 W

  TEMPERATURE IN F:       :PCPN:    SNOW:  WIND      :SUNSHINE: SKY     :PK WND
================================================================================
1   2   3   4   5  6A  6B    7    8   9   10  11  12  13   14  15   16   17  18
                                     12Z  AVG MX 2MIN
DY MAX MIN AVG DEP HDD CDD  WTR  SNW DPTH SPD SPD DIR MIN PSBL S-S WX    SPD DR
================================================================================

 1  25   2  14  -7  51   0 0.02  0.7   29  7.5 17 210   M    M   7 18     22 200
 2  20   3  12  -9  53   0    T    T   28 10.2 21 310   M    M   4 8      28 290
 3  25  -2  12 -10  53   0 0.31  4.5   28  5.6 21 270   M    M   7 12     30 290
 4  24  -4  10 -12  55   0 0.02  0.4   32 14.1 26 300   M    M   7 189    39 290
 5  13 -15  -1 -23  66   0 0.00  0.0   31  4.7 13 320   M    M   0        17 310
 6  25 -10   8 -14  57   0    T    T   31  8.6 24 230   M    M   4 8      33 220
 7  31   7  19  -4  46   0 0.02  0.2   30  6.4 16 280   M    M   7 8      22 300
 8  25   8  17  -6  48   0 0.09  1.6   30  5.4 14 290   M    M   6 1      22 310
 9  42  12  27   3  38   0 0.00  0.0   31  3.3 10 140   M    M   7 128    14 140
10  45  34  40  16  25   0 0.00  0.0   29  9.3 22 230   M    M   4 8      30 220
11  41  27  34  10  31   0 0.00  0.0   26 10.5 24 300   M    M   1        35 310
12  33  22  28   4  37   0 0.00  0.0   25  7.6 17 120   M    M   6        26 140
13  35  27  31   6  34   0 0.09  0.0   25  9.5 15 130   M    M   9 16     22 120
14  35  32  34   9  31   0 0.06  0.8   25 13.0 25 310   M    M   8 1      35 300
15  41  28  35   9  30   0 0.00  0.0   25  6.3 14 140   M    M   3        19 150
16  47  32  40  14  25   0 0.04  0.0   24  5.7 16 310   M    M   6 8      24 320
17  35  18  27   1  38   0    T    T   22 13.0 28 300   M    M   3        41 280
18  27  12  20  -7  45   0 0.00  0.0   22  8.3 22 310   M    M   1        31 320
19  34   8  21  -6  44   0 0.00  0.0   22  5.4 12 130   M    M   2        15 120
20  37  26  32   4  33   0    T    T   22  3.9 12 210   M    M   9 18     15 200
21  33   6  20  -8  45   0 0.08  1.8   24 14.1 29 310   M    M   6 189    40 300
22  21   0  11 -17  54   0 0.00  0.0   22  9.1 23 320   M    M   1        31 310
23  27   7  17 -12  48   0 0.00  0.0   22  3.0  8 180   M    M   0        12 150
24  35   7  21  -8  44   0 0.00  0.0   22  5.8 12 150   M    M   0        15 150
25  35  20  28  -2  37   0 0.31  3.0   22 10.5 18 230   M    M   7 12     25 230
26  34  15  25  -5  40   0 0.04  0.8   24 11.3 21 300   M    M  10        27 290
27  15   4  10 -21  55   0 0.00  0.0   24 10.8 20 310   M    M   0        27 300
28  32   1  17 -14  48   0 0.00  0.0   24  4.8 12 290   M    M   0        15 310
================================================================================
SM  872  327      1211   0  1.08    13.8 227.7          M      125
================================================================================
AV 31.1 11.7                               8.1 FASTST   M    M   4    MAX(MPH)
                                 MISC ---->  # 29 310               # 41  280
================================================================================
NOTES:
# LAST OF SEVERAL OCCURRENCES

COLUMN 17 PEAK WIND IN M.P.H.

PRELIMINARY LOCAL CLIMATOLOGICAL DATA (WS FORM: F-6) , PAGE 2

                                          STATION:  SAULT STE MARIE MI
                                          MONTH:    MARCH
                                          YEAR:     2015
                                          LATITUDE:   46 28 N
                                          LONGITUDE:  84 21 W

[TEMPERATURE DATA]      [PRECIPITATION DATA]       SYMBOLS USED IN COLUMN 16

AVERAGE MONTHLY: 21.4   TOTAL FOR MONTH:   1.08    1 = FOG OR MIST
DPTR FM NORMAL:  -4.2   DPTR FM NORMAL:   -0.65    2 = FOG REDUCING VISIBILITY
HIGHEST:    47 ON 16    GRTST 24HR  0.31 ON 25-25      TO 1/4 MILE OR LESS
LOWEST:    -15 ON  5                               3 = THUNDER
                        SNOW, ICE PELLETS, HAIL    4 = ICE PELLETS
                        TOTAL MONTH:  13.8 INCHES  5 = HAIL
                        GRTST 24HR   4.5 ON  3- 3  6 = FREEZING RAIN OR DRIZZLE
                        GRTST DEPTH:  32 ON  4     7 = DUSTSTORM OR SANDSTORM:
                                                       VSBY 1/2 MILE OR LESS
                                                   8 = SMOKE OR HAZE
[NO. OF DAYS WITH]      [WEATHER - DAYS WITH]      9 = BLOWING SNOW
                                                   X = TORNADO
MAX 32 OR BELOW:  13    0.01 INCH OR MORE:  11
MAX 90 OR ABOVE:   0    0.10 INCH OR MORE:   2
MIN 32 OR BELOW:  27    0.50 INCH OR MORE:   0
MIN  0 OR BELOW:   5    1.00 INCH OR MORE:   0

[HDD (BASE 65) ]
TOTAL THIS MO.  1211    CLEAR  (SCALE 0-3)  11
DPTR FM NORMAL   109    PTCLDY (SCALE 4-7)  13
TOTAL FM JUL 1  7990    CLOUDY (SCALE 8-10)  4
DPTR FM NORMAL   762

[CDD (BASE 65) ]
TOTAL THIS MO.     0
DPTR FM NORMAL     0    [PRESSURE DATA]
TOTAL FM JAN 1     0    HIGHEST SLP M ON M
DPTR FM NORMAL     0    LOWEST  SLP 29.53 ON  3

[REMARKS]
