000
CXUS53 KIWX 210800
CF6AOH
PRELIMINARY LOCAL CLIMATOLOGICAL DATA (WS FORM: F-6)

                                          STATION:   LIMA
                                          MONTH:     JANUARY
                                          YEAR:      2017
                                          LATITUDE:   40 42 N
                                          LONGITUDE:  84  1 W

  TEMPERATURE IN F:       :PCPN:    SNOW:  WIND      :SUNSHINE: SKY     :PK WND
================================================================================
1   2   3   4   5  6A  6B    7    8   9   10  11  12  13   14  15   16   17  18
                                     12Z  AVG MX 2MIN
DY MAX MIN AVG DEP HDD CDD  WTR  SNW DPTH SPD SPD DIR MIN PSBL S-S WX    SPD DR
================================================================================

 1  44  21  33   6  32   0 0.00  0.0    0  5.2 10 210   M    M   0        14 200
 2  47  33  40  13  25   0 0.00  0.0    0  6.9 14 350   M    M  10 12     17 350
 3  45  38  42  15  23   0 0.72  0.0    0  9.2 24 310   M    M  10 123    30 290
 4  38  16  27   0  38   0 0.02    M    M 22.3 29 260   M    M   8 1      38 280
 5  17   3  10 -17  55   0    T    M    M 11.1 20 260   M    M   7 18     24 250
 6  10  -1   5 -22  60   0    T    M    M  8.3 14 260   M    M   4 18     17 240
 7  12  -2   5 -22  60   0 0.00  0.0    M 10.0 18 250   M    M   4 1      21 250
 8  16   6  11 -15  54   0    T    M    M  9.2 18 270   M    M   7 18     24 270
 9  31   8  20  -6  45   0    T    M    0 11.9 20 170   M    M   6        24 210
10  49  31  40  14  25   0 0.37    M    M 23.8 47 220   M    M  10 16     70 240
11  59  30  45  19  20   0 0.21    M    M 15.9 29 250   M    M   5 1      39 220
12  60  31  46  20  19   0 1.04    M    M 11.9 26 200   M    M  10 13     35 200
13  31  24  28   2  37   0 0.00  0.0    M  8.9 14  70   M    M   1        18  70
14  30  24  27   1  38   0    T    M    M  5.0 14  80   M    M   9 1      16  70
15  33  24  29   3  36   0 0.00  0.0    M  2.9  8 120   M    M   2 1       9 120
16  46  30  38  12  27   0 0.05    M    M  6.8 16 140   M    M   9 1      19 140
17  56  41  49  23  16   0 0.41  0.0    0 16.6 29 220   M    M  10 1      41 210
18  41  35  38  12  27   0    T  0.0    0 14.0 22 270   M    M  10 1      28 260
19  41  35  38  12  27   0 0.00  0.0    0  7.5 14 240   M    M   7 1      18 120
20  54  39  47  21  18   0 0.78  0.0    0 10.3 21 100   M    M  10 1      29 100
================================================================================
SM  760  466       682   0  3.60     0.0 217.7          M      139
================================================================================
AV 38.0 23.3                              10.9 FASTST   M    M   7    MAX(MPH)
                                 MISC ---->  # 47 220               # 70  240
================================================================================
NOTES:
# LAST OF SEVERAL OCCURRENCES

COLUMN 17 PEAK WIND IN M.P.H.

PRELIMINARY LOCAL CLIMATOLOGICAL DATA (WS FORM: F-6) , PAGE 2

                                          STATION:  LIMA
                                          MONTH:    JANUARY
                                          YEAR:     2017
                                          LATITUDE:   40 42 N
                                          LONGITUDE:  84  1 W

[TEMPERATURE DATA]      [PRECIPITATION DATA]       SYMBOLS USED IN COLUMN 16

AVERAGE MONTHLY: 30.6   TOTAL FOR MONTH:   3.60    1 = FOG OR MIST
DPTR FM NORMAL:   4.3   DPTR FM NORMAL:    2.69    2 = FOG REDUCING VISIBILITY
HIGHEST:    60 ON 12    GRTST 24HR  1.25 ON 11-12      TO 1/4 MILE OR LESS
LOWEST:     -2 ON  7                               3 = THUNDER
                        SNOW, ICE PELLETS, HAIL    4 = ICE PELLETS
                        TOTAL MONTH:   0.0 INCH    5 = HAIL
                        GRTST 24HR     0.0         6 = FREEZING RAIN OR DRIZZLE
                        GRTST DEPTH:   0           7 = DUSTSTORM OR SANDSTORM:
                                                       VSBY 1/2 MILE OR LESS
                                                   8 = SMOKE OR HAZE
[NO. OF DAYS WITH]      [WEATHER - DAYS WITH]      9 = BLOWING SNOW
                                                   X = TORNADO
MAX 32 OR BELOW:   7    0.01 INCH OR MORE:   8
MAX 90 OR ABOVE:   0    0.10 INCH OR MORE:   6
MIN 32 OR BELOW:  14    0.50 INCH OR MORE:   3
MIN  0 OR BELOW:   2    1.00 INCH OR MORE:   1

[HDD (BASE 65) ]
TOTAL THIS MO.   682    CLEAR  (SCALE 0-3)   3
DPTR FM NORMAL   -90    PTCLDY (SCALE 4-7)   7
TOTAL FM JUL 1  2609    CLOUDY (SCALE 8-10) 10
DPTR FM NORMAL  -394

[CDD (BASE 65) ]
TOTAL THIS MO.     0
DPTR FM NORMAL     0    [PRESSURE DATA]
TOTAL FM JAN 1     0    HIGHEST SLP M ON M
DPTR FM NORMAL     0    LOWEST  SLP 29.63 ON 10

[REMARKS]
