336
CXUS55 KBOU 220757
CF6APA
PRELIMINARY LOCAL CLIMATOLOGICAL DATA (WS FORM: F-6)

                                          STATION:   CENTENNIAL CO
                                          MONTH:     OCTOBER
                                          YEAR:      2017
                                          LATITUDE:   39 33 N
                                          LONGITUDE: 104 51 W

  TEMPERATURE IN F:       :PCPN:    SNOW:  WIND      :SUNSHINE: SKY     :PK WND
================================================================================
1   2   3   4   5  6A  6B    7    8   9   10  11  12  13   14  15   16   17  18
                                     12Z  AVG MX 2MIN
DY MAX MIN AVG DEP HDD CDD  WTR  SNW DPTH SPD SPD DIR MIN PSBL S-S WX    SPD DR
================================================================================

 1  75  46  61   5   4   0 0.06    M    M 10.2 30 360   M    M   7        38 260
 2  49  37  43 -12  22   0 0.09    M    M  7.9 18 350   M    M   9 13     22 350
 3  61  38  50  -5  15   0 0.00    M    M  6.6 21 150   M    M   7        26 150
 4  70  49  60   6   5   0 0.00    M    M  7.7 18 180   M    M   5        24 170
 5  66  46  56   2   9   0 0.02    M    M  4.8 12 120   M    M   5 123    14  10
 6  65  43  54   0  11   0 0.00    M    M  9.8 30 320   M    M   7 13     36 320
 7  77  38  58   5   7   0 0.00    M    M  7.7 17 240   M    M   2        22 230
 8  67  32  50  -3  15   0 0.15    M    M 12.6 35 360   M    M   4 1      43 360
 9  33  25  29 -23  36   0 0.25    M    M  9.2 20 360   M    M   8 1      23  10
10  59  23  41 -11  24   0 0.00    M    M  5.4 12 200   M    M   1        14 200
11  74  34  54   2  11   0 0.00    M    M  5.8 13 250   M    M   2        16 250
12  78  43  61  10   4   0 0.00    M    M 10.4 24  10   M    M   1        30 210
13  65  35  50  -1  15   0 0.00    M    M  6.1 16 330   M    M   1        20 330
14  56  32  44  -6  21   0 0.00    M    M 10.0 30 330   M    M   2        38  20
15  66  27  47  -3  18   0 0.00    M    M  6.2 12 350   M    M   0        16 350
16  74  36  55   5  10   0 0.00    M    M  5.8 16 250   M    M   5        20 250
17  75  35  55   6  10   0 0.00    M    M  6.1 15 200   M    M   2        16 210
18  75  46  61  12   4   0 0.00    M    M  8.3 17 230   M    M   4        23 230
19  77  43  60  11   5   0 0.00    M    M  7.1 18 160   M    M   4        23 170
20  77  43  60  12   5   0 0.00    M    M  8.7 22 230   M    M   3        32 240
21  59  36  48   0  17   0 0.00    M    M 12.2 27 290   M    M   4        36 310
================================================================================
SM 1398  787       268   0  0.57    M    168.6          M       83
================================================================================
AV 66.6 37.5                               8.0 FASTST   M    M   4    MAX(MPH)
                                 MISC ---->  # 35 360               # 43  360
================================================================================
NOTES:
# LAST OF SEVERAL OCCURRENCES

COLUMN 17 PEAK WIND IN M.P.H.

PRELIMINARY LOCAL CLIMATOLOGICAL DATA (WS FORM: F-6) , PAGE 2

                                          STATION:  CENTENNIAL CO
                                          MONTH:    OCTOBER
                                          YEAR:     2017
                                          LATITUDE:   39 33 N
                                          LONGITUDE: 104 51 W

[TEMPERATURE DATA]      [PRECIPITATION DATA]       SYMBOLS USED IN COLUMN 16

AVERAGE MONTHLY: 52.0   TOTAL FOR MONTH:   0.57    1 = FOG OR MIST
DPTR FM NORMAL:   0.4   DPTR FM NORMAL:   -0.33    2 = FOG REDUCING VISIBILITY
HIGHEST:    78 ON 12    GRTST 24HR  0.25 ON  9- 9      TO 1/4 MILE OR LESS
LOWEST:     23 ON 10                               3 = THUNDER
                        SNOW, ICE PELLETS, HAIL    4 = ICE PELLETS
                        TOTAL MONTH:    M          5 = HAIL
                        GRTST 24HR    M  ON   M    6 = FREEZING RAIN OR DRIZZLE
                        GRTST DEPTH:  M  ON   M    7 = DUSTSTORM OR SANDSTORM:
                                                       VSBY 1/2 MILE OR LESS
                                                   8 = SMOKE OR HAZE
[NO. OF DAYS WITH]      [WEATHER - DAYS WITH]      9 = BLOWING SNOW
                                                   X = TORNADO
MAX 32 OR BELOW:   0    0.01 INCH OR MORE:   5
MAX 90 OR ABOVE:   0    0.10 INCH OR MORE:   2
MIN 32 OR BELOW:   5    0.50 INCH OR MORE:   0
MIN  0 OR BELOW:   0    1.00 INCH OR MORE:   0

[HDD (BASE 65) ]
TOTAL THIS MO.   268    CLEAR  (SCALE 0-3)   9
DPTR FM NORMAL   -14    PTCLDY (SCALE 4-7)  11
TOTAL FM JUL 1   410    CLOUDY (SCALE 8-10)  1
DPTR FM NORMAL   -40

[CDD (BASE 65) ]
TOTAL THIS MO.     0
DPTR FM NORMAL     0    [PRESSURE DATA]
TOTAL FM JAN 1   693    HIGHEST SLP M ON M
DPTR FM NORMAL   135    LOWEST  SLP 29.33 ON 21

[REMARKS]
