969
CXUS55 KBOU 220757
CF6APA
PRELIMINARY LOCAL CLIMATOLOGICAL DATA (WS FORM: F-6)

                                          STATION:   CENTENNIAL CO
                                          MONTH:     MARCH
                                          YEAR:      2017
                                          LATITUDE:   39 33 N
                                          LONGITUDE: 104 51 W

  TEMPERATURE IN F:       :PCPN:    SNOW:  WIND      :SUNSHINE: SKY     :PK WND
================================================================================
1   2   3   4   5  6A  6B    7    8   9   10  11  12  13   14  15   16   17  18
                                     12Z  AVG MX 2MIN
DY MAX MIN AVG DEP HDD CDD  WTR  SNW DPTH SPD SPD DIR MIN PSBL S-S WX    SPD DR
================================================================================

 1  45  13  29  -7  36   0 0.00    M    M  6.9 26 310   M    M   2        33 310
 2  52  17  35  -1  30   0 0.00    M    M  6.9 18 330   M    M   1        23 350
 3  62  29  46  10  19   0 0.00    M    M  7.0 20 220   M    M   3        25 230
 4  68  30  49  12  16   0 0.00    M    M 13.9 26 220   M    M   4        33 210
 5  66  46  56  19   9   0 0.00    M    M 19.0 36 210   M    M   7        46 230
 6  51  17  34  -3  31   0    T    M    M 18.7 33 290   M    M   4 1      46 320
 7  53  18  36  -2  29   0 0.00    M    M  7.9 18 270   M    M   2        23 270
 8  64  28  46   8  19   0 0.00    M    M  8.2 31 320   M    M   4        38 320
 9  70  36  53  15  12   0 0.00    M    M 10.2 29 350   M    M   6        34 360
10  69  26  48  10  17   0 0.00    M    M  4.9 15  40   M    M   7        18  30
11  48  36  42   4  23   0 0.01    M    M  5.3 20 160   M    M   8        25 180
12  63  33  48   9  17   0 0.00    M    M 10.0 37 340   M    M   7        46 340
13  57  26  42   3  23   0 0.00    M    M  5.9 13  10   M    M   7        17 350
14  69  36  53  14  12   0 0.00    M    M 11.1 30 330   M    M   7        38 330
15  74  37  56  16   9   0 0.00    M    M  6.8 17 270   M    M   5        23 270
16  75  44  60  20   5   0 0.00    M    M  8.1 21 270   M    M   6        24 260
17  71  41  56  16   9   0 0.00    M    M  8.0 16 160   M    M   5 8      20  80
18  79  35  57  17   8   0 0.00    M    M  6.1 18 120   M    M   4        30 140
19  79  48  64  24   1   0 0.00    M    M  7.8 17 260   M    M   7        20 250
20  74  48  61  20   4   0 0.00    M    M  8.8 23 220   M    M   8        30 200
21  67  35  51  10  14   0 0.00    M    M  8.0 21 170   M    M   6        25 170
================================================================================
SM 1356  679       343   0  0.01    M    189.5          M      110
================================================================================
AV 64.6 32.3                               9.0 FASTST   M    M   5    MAX(MPH)
                                 MISC ---->  # 37 340               # 46  230
================================================================================
NOTES:
# LAST OF SEVERAL OCCURRENCES

COLUMN 17 PEAK WIND IN M.P.H.

PRELIMINARY LOCAL CLIMATOLOGICAL DATA (WS FORM: F-6) , PAGE 2

                                          STATION:  CENTENNIAL CO
                                          MONTH:    MARCH
                                          YEAR:     2017
                                          LATITUDE:   39 33 N
                                          LONGITUDE: 104 51 W

[TEMPERATURE DATA]      [PRECIPITATION DATA]       SYMBOLS USED IN COLUMN 16

AVERAGE MONTHLY: 48.5   TOTAL FOR MONTH:   0.01    1 = FOG OR MIST
DPTR FM NORMAL:  10.0   DPTR FM NORMAL:   -0.61    2 = FOG REDUCING VISIBILITY
HIGHEST:    79 ON 19,18 GRTST 24HR  0.01 ON 11-11      TO 1/4 MILE OR LESS
LOWEST:     13 ON  1                               3 = THUNDER
                        SNOW, ICE PELLETS, HAIL    4 = ICE PELLETS
                        TOTAL MONTH:    M          5 = HAIL
                        GRTST 24HR    M  ON   M    6 = FREEZING RAIN OR DRIZZLE
                        GRTST DEPTH:  M  ON   M    7 = DUSTSTORM OR SANDSTORM:
                                                       VSBY 1/2 MILE OR LESS
                                                   8 = SMOKE OR HAZE
[NO. OF DAYS WITH]      [WEATHER - DAYS WITH]      9 = BLOWING SNOW
                                                   X = TORNADO
MAX 32 OR BELOW:   0    0.01 INCH OR MORE:   1
MAX 90 OR ABOVE:   0    0.10 INCH OR MORE:   0
MIN 32 OR BELOW:   9    0.50 INCH OR MORE:   0
MIN  0 OR BELOW:   0    1.00 INCH OR MORE:   0

[HDD (BASE 65) ]
TOTAL THIS MO.   343    CLEAR  (SCALE 0-3)   4
DPTR FM NORMAL  -214    PTCLDY (SCALE 4-7)  16
TOTAL FM JUL 1  4078    CLOUDY (SCALE 8-10)  1
DPTR FM NORMAL  -943

[CDD (BASE 65) ]
TOTAL THIS MO.     0
DPTR FM NORMAL     0    [PRESSURE DATA]
TOTAL FM JAN 1     0    HIGHEST SLP M ON M
DPTR FM NORMAL     0    LOWEST  SLP 29.24 ON  6

[REMARKS]
