000
CXUS53 KAPX 290631
CF6APN
PRELIMINARY LOCAL CLIMATOLOGICAL DATA (WS FORM: F-6)

                                          STATION:   ALPENA MI
                                          MONTH:     AUGUST
                                          YEAR:      2015
                                          LATITUDE:   45  4 N
                                          LONGITUDE:  83 34 W

  TEMPERATURE IN F:       :PCPN:    SNOW:  WIND      :SUNSHINE: SKY     :PK WND
================================================================================
1   2   3   4   5  6A  6B    7    8   9   10  11  12  13   14  15   16   17  18
                                     12Z  AVG MX 2MIN
DY MAX MIN AVG DEP HDD CDD  WTR  SNW DPTH SPD SPD DIR MIN PSBL S-S WX    SPD DR
================================================================================

 1  82  57  70   3   0   5    T  0.0    0  5.1 14  90   M    M   2 3      18 100
 2  78  59  69   2   0   4 0.36  0.0    0  6.6 26 330   M    M   2 13     36 320
 3  75  58  67   0   0   2    T  0.0    0  6.3 17 330   M    M   7 128    21 320
 4  76  50  63  -4   2   0 0.05  0.0    0  7.2 21 320   M    M   4 1      26 320
 5  76  51  64  -3   1   0 0.00  0.0    0  7.4 20 310   M    M   1        24 330
 6  75  47  61  -6   4   0 0.00  0.0    0  4.1 14 130   M    M   0 1      18 120
 7  76  47  62  -5   3   0 0.00  0.0    0  4.6 16 100   M    M   0        20  80
 8  76  56  66   0   0   1    T  0.0    0  5.3 15 120   M    M   5        21 110
 9  80  52  66   0   0   1 0.00  0.0    0  5.8 15 130   M    M   3 12     20 120
10  74  62  68   2   0   3 0.36  0.0    0  3.9 16 330   M    M   6 13     18 330
11  76  59  68   2   0   3 0.00  0.0    0 10.0 20 340   M    M   3        25 330
12  80  56  68   2   0   3 0.00  0.0    0  6.5 17 350   M    M   4        22 350
13  90  59  75   9   0  10    T  0.0    0  7.9 18 260   M    M   4 3      28 280
14  88  66  77  11   0  12    T  0.0    0  5.7 17 140   M    M   2 3      20 140
15  88  58  73   7   0   8 0.00  0.0    0  3.8 15 140   M    M   1 1      18 140
16  93  62  78  12   0  13 0.00  0.0    0  8.0 18 210   M    M   1        24 210
17  92  69  81  16   0  16 0.20  0.0    0  7.4 13 210   M    M   2 13     18 200
18  80  67  74   9   0   9 0.16  0.0    0  4.5 12 110   M    M   7 123    14 110
19  88  69  79  14   0  14 0.45  0.0    0 11.7 35 220   M    M   4 123    47 180
20  76  60  68   3   0   3 0.16  0.0    0  9.2 21 240   M    M   8 1      29 220
21  77  56  67   2   0   2    T  0.0    0  6.5 16 120   M    M   5        20 280
22  83  53  68   3   0   3 0.00  0.0    0  5.0 14 140   M    M   1 8      19 130
23  81  56  69   5   0   4 0.22  0.0    0  8.9 22 130   M    M   3        29 200
24  68  53  61  -3   4   0 0.16  0.0    0  9.1 20 230   M    M   7        30 240
25  63  53  58  -6   7   0 0.03  0.0    0  6.5 14 310   M    M   9        19 330
26  62  54  58  -6   7   0 0.00  0.0    0  6.6 14 320   M    M  10        20 320
27  66  50  58  -6   7   0 0.00  0.0    0  3.9 12 320   M    M   7 1      15 320
28  76  45  61  -2   4   0 0.00  0.0    0  5.1 13 200   M    M   2 12     18 210
================================================================================
SM 2195 1584        39 116  2.15     0.0 182.6          M      110
================================================================================
AV 78.4 56.6                               6.5 FASTST   M    M   4    MAX(MPH)
                                 MISC ---->  # 35 220               # 47  180
================================================================================
NOTES:
# LAST OF SEVERAL OCCURRENCES

COLUMN 17 PEAK WIND IN M.P.H.

PRELIMINARY LOCAL CLIMATOLOGICAL DATA (WS FORM: F-6) , PAGE 2

                                          STATION:  ALPENA MI
                                          MONTH:    AUGUST
                                          YEAR:     2015
                                          LATITUDE:   45  4 N
                                          LONGITUDE:  83 34 W

[TEMPERATURE DATA]      [PRECIPITATION DATA]       SYMBOLS USED IN COLUMN 16

AVERAGE MONTHLY: 67.5   TOTAL FOR MONTH:   2.15    1 = FOG OR MIST
DPTR FM NORMAL:   1.9   DPTR FM NORMAL:   -0.76    2 = FOG REDUCING VISIBILITY
HIGHEST:    93 ON 16    GRTST 24HR  0.60 ON 18-19      TO 1/4 MILE OR LESS
LOWEST:     45 ON 28                               3 = THUNDER
                        SNOW, ICE PELLETS, HAIL    4 = ICE PELLETS
                        TOTAL MONTH:   0.0 INCH    5 = HAIL
                        GRTST 24HR     0.0         6 = FREEZING RAIN OR DRIZZLE
                        GRTST DEPTH:   0           7 = DUSTSTORM OR SANDSTORM:
                                                       VSBY 1/2 MILE OR LESS
                                                   8 = SMOKE OR HAZE
[NO. OF DAYS WITH]      [WEATHER - DAYS WITH]      9 = BLOWING SNOW
                                                   X = TORNADO
MAX 32 OR BELOW:   0    0.01 INCH OR MORE:  10
MAX 90 OR ABOVE:   3    0.10 INCH OR MORE:   8
MIN 32 OR BELOW:   0    0.50 INCH OR MORE:   0
MIN  0 OR BELOW:   0    1.00 INCH OR MORE:   0

[HDD (BASE 65) ]
TOTAL THIS MO.    39    CLEAR  (SCALE 0-3)  13
DPTR FM NORMAL   -21    PTCLDY (SCALE 4-7)  13
TOTAL FM JUL 1    74    CLOUDY (SCALE 8-10)  2
DPTR FM NORMAL   -30

[CDD (BASE 65) ]
TOTAL THIS MO.   116
DPTR FM NORMAL    42    [PRESSURE DATA]
TOTAL FM JAN 1   290    HIGHEST SLP M ON M
DPTR FM NORMAL    31    LOWEST  SLP 29.51 ON  2

[REMARKS]
