000
CXUS53 KAPX 290631
CF6APN
PRELIMINARY LOCAL CLIMATOLOGICAL DATA (WS FORM: F-6)

                                          STATION:   ALPENA MI
                                          MONTH:     MAY
                                          YEAR:      2016
                                          LATITUDE:   45  4 N
                                          LONGITUDE:  83 34 W

  TEMPERATURE IN F:       :PCPN:    SNOW:  WIND      :SUNSHINE: SKY     :PK WND
================================================================================
1   2   3   4   5  6A  6B    7    8   9   10  11  12  13   14  15   16   17  18
                                     12Z  AVG MX 2MIN
DY MAX MIN AVG DEP HDD CDD  WTR  SNW DPTH SPD SPD DIR MIN PSBL S-S WX    SPD DR
================================================================================

 1  55  37  46  -2  19   0 0.03  0.0    0  6.4 20  90   M    M   9        25  60
 2  64  32  48   0  17   0 0.00  0.0    0  3.5 15 100   M    M   4        19 130
 3  69  32  51   3  14   0 0.00  0.0    0  5.0 16 220   M    M   4        23 190
 4  49  43  46  -3  19   0 0.11  0.0    0 10.1 20 350   M    M  10 1      23 340
 5  66  40  53   4  12   0 0.00  0.0    0  7.8 12 360   M    M   2         M  M
 6  69  34  52   3  13   0 0.00  0.0    M  5.5 15 110   M    M   0        18 100
 7  63  45  54   4  11   0 0.04  0.0    0 12.1 24 350   M    M   2        31 340
 8  61  38  50   0  15   0    T  0.0    0  8.2 17 320   M    M   4        25 350
 9  57  32  45  -5  20   0 0.00  0.0    0  5.9 16  10   M    M   0        22 130
10  58  31  45  -6  20   0 0.00  0.0    0  8.1 22 130   M    M   0        27 130
11  67  31  49  -2  16   0 0.00  0.0    0  7.4 18 140   M    M   0        23 120
12  70  46  58   7   7   0 0.37  0.0    0  5.2 14 180   M    M   6 138    17 150
13  64  42  53   1  12   0 0.12  0.0    0  8.7 17 270   M    M   9 1      26 230
14  49  35  42 -10  23   0 0.06    T    0 13.1 25 340   M    M   9        31 330
15  48  32  40 -12  25   0 0.01    T    0  9.8 22 320   M    M   6        30 350
16  61  29  45  -7  20   0 0.01  0.0    0  5.7 18 350   M    M   7        26  10
17  62  35  49  -4  16   0 0.00  0.0    0  5.2 18 350   M    M   0        25  10
18  64  40  52  -1  13   0 0.00  0.0    0  4.0  9 120   M    M   1         M  M
19  70  35  53   0  12   0 0.00  0.0    0  4.6 17 120   M    M   1        20 100
20  73  36  55   1  10   0 0.00  0.0    0  5.2 18 130   M    M   0        17 160
21  79  43  61   7   4   0 0.00  0.0    0  6.5 21  10   M    M   2        27 360
22  71  41  56   2   9   0 0.00  0.0    0  5.6 13  30   M    M   0        17  20
23  77  32  55   0  10   0 0.00  0.0    0  4.4 17 140   M    M   0        21 120
24  89  42  66  11   0   1    T  0.0    0  6.0 20 330   M    M   3        27 340
25  78  51  65  10   0   0 0.00  0.0    0  4.8 14 100   M    M   2 128    23 350
26  88  55  72  16   0   7 0.02  0.0    0  5.9 18 280   M    M   5 13     28 290
27  79  53  66  10   0   1 0.00  0.0    0  5.7 16 110   M    M   4 12     23 270
28  86  62  74  18   0   9 0.30  0.0    0  7.7 21 210   M    M   3 1      29 190
================================================================================
SM 1886 1104       337  18  1.07    T    188.1          M       93
================================================================================
AV 67.4 39.4                               6.7 FASTST   M    M   3    MAX(MPH)
                                 MISC ---->  # 25 340               # 31  340
================================================================================
NOTES:
# LAST OF SEVERAL OCCURRENCES

COLUMN 17 PEAK WIND IN M.P.H.

PRELIMINARY LOCAL CLIMATOLOGICAL DATA (WS FORM: F-6) , PAGE 2

                                          STATION:  ALPENA MI
                                          MONTH:    MAY
                                          YEAR:     2016
                                          LATITUDE:   45  4 N
                                          LONGITUDE:  83 34 W

[TEMPERATURE DATA]      [PRECIPITATION DATA]       SYMBOLS USED IN COLUMN 16

AVERAGE MONTHLY: 53.4   TOTAL FOR MONTH:   1.07    1 = FOG OR MIST
DPTR FM NORMAL:   1.4   DPTR FM NORMAL:   -1.32    2 = FOG REDUCING VISIBILITY
HIGHEST:    89 ON 24    GRTST 24HR  0.37 ON 12-12      TO 1/4 MILE OR LESS
LOWEST:     29 ON 16                               3 = THUNDER
                        SNOW, ICE PELLETS, HAIL    4 = ICE PELLETS
                        TOTAL MONTH:    T          5 = HAIL
                        GRTST 24HR    T  ON 15-15  6 = FREEZING RAIN OR DRIZZLE
                        GRTST DEPTH:   0           7 = DUSTSTORM OR SANDSTORM:
                                                       VSBY 1/2 MILE OR LESS
                                                   8 = SMOKE OR HAZE
[NO. OF DAYS WITH]      [WEATHER - DAYS WITH]      9 = BLOWING SNOW
                                                   X = TORNADO
MAX 32 OR BELOW:   0    0.01 INCH OR MORE:  10
MAX 90 OR ABOVE:   0    0.10 INCH OR MORE:   4
MIN 32 OR BELOW:   8    0.50 INCH OR MORE:   0
MIN  0 OR BELOW:   0    1.00 INCH OR MORE:   0

[HDD (BASE 65) ]
TOTAL THIS MO.   337    CLEAR  (SCALE 0-3)  15
DPTR FM NORMAL   -35    PTCLDY (SCALE 4-7)   9
TOTAL FM JUL 1  6942    CLOUDY (SCALE 8-10)  4
DPTR FM NORMAL  -989

[CDD (BASE 65) ]
TOTAL THIS MO.    18
DPTR FM NORMAL    13    [PRESSURE DATA]
TOTAL FM JAN 1    18    HIGHEST SLP M ON M
DPTR FM NORMAL    11    LOWEST  SLP 29.61 ON M

[REMARKS]
