000
CXUS53 KAPX 290631
CF6APN
PRELIMINARY LOCAL CLIMATOLOGICAL DATA (WS FORM: F-6)

                                          STATION:   ALPENA MI
                                          MONTH:     JULY
                                          YEAR:      2016
                                          LATITUDE:   45  4 N
                                          LONGITUDE:  83 34 W

  TEMPERATURE IN F:       :PCPN:    SNOW:  WIND      :SUNSHINE: SKY     :PK WND
================================================================================
1   2   3   4   5  6A  6B    7    8   9   10  11  12  13   14  15   16   17  18
                                     12Z  AVG MX 2MIN
DY MAX MIN AVG DEP HDD CDD  WTR  SNW DPTH SPD SPD DIR MIN PSBL S-S WX    SPD DR
================================================================================

 1  70  54  62  -4   3   0 0.58  0.0    0  9.7 25 330   M    M   6 1      32 320
 2  80  52  66   0   0   1 0.00  0.0    0  7.3 21 320   M    M   2        27 310
 3  83  47  65  -1   0   0 0.00  0.0    0  4.2 15  90   M    M   1        19 100
 4  85  52  69   2   0   4 0.00  0.0    0  6.2 20 130   M    M   1        25 130
 5  86  56  71   4   0   6 0.00  0.0    0  4.1 14 240   M    M   3        18 250
 6  86  61  74   7   0   9 0.31  0.0    0  4.2 22 350   M    M   3 1      25 350
 7  84  64  74   7   0   9 0.01  0.0    0  5.0 12  70   M    M   4 12     17  70
 8  79  60  70   3   0   5 0.53  0.0    0  5.0 23 180   M    M   5 13     31 190
 9  80  61  71   4   0   6    T  0.0    0 10.0 21 340   M    M   7        27 340
10  81  56  69   2   0   4 0.00  0.0    0  4.5 13 130   M    M   1        17 110
11  82  63  73   5   0   8 0.00  0.0    0  5.7 14 170   M    M   5        19 200
12  92  65  79  11   0  14 0.03  0.0    0 10.7 26 170   M    M   2 3      32 200
13  94  69  82  14   0  17 0.00  0.0    0 10.4 22 170   M    M   0        29 200
14  83  64  74   6   0   9 0.05  0.0    0  9.8 21 240   M    M   4 1      29 250
15  65  49  57 -11   8   0 0.01  0.0    0  5.9 16 330   M    M   7 1      21 340
16  75  47  61  -7   4   0 0.00  0.0    0  5.4 14 100   M    M   0 1      17  90
17  76  49  63  -5   2   0 0.15  0.0    0  5.9 16 190   M    M   3 1      21 180
18  79  59  69   1   0   4 0.00  0.0    0  8.4 17 280   M    M   3        26 280
19  78  52  65  -3   0   0 0.00  0.0    0  5.3 14 120   M    M   2        20 360
20  88  50  69   1   0   4 0.00  0.0    0  6.1 16 110   M    M   1        20 130
21  86  66  76   8   0  11 0.32  0.0    0  8.5 22 240   M    M   1 13     32 240
22  93  65  79  11   0  14 0.00  0.0    0  6.0 17 330   M    M   0        23 180
23  92  59  76   8   0  11 0.00  0.0    0  4.5 16  10   M    M   0        21  10
24  87  64  76   8   0  11    T  0.0    0  7.3 22 180   M    M   5 3      28 180
25  87  63  75   7   0  10 0.00  0.0    0  7.6 18 290   M    M   3        28 320
26  92  56  74   6   0   9 0.00  0.0    0  5.2 14  80   M    M   1        17  90
27  91  65  78  10   0  13 0.48  0.0    0  4.5 18 160   M    M   4 13     22 340
28  80  61  71   3   0   6 0.02  0.0    0  4.4 10  60   M    M   5        14  40
================================================================================
SM 2334 1629        17 185  2.49     0.0 181.8          M       79
================================================================================
AV 83.4 58.2                               6.5 FASTST   M    M   3    MAX(MPH)
                                 MISC ---->  # 26 170               # 32  320
================================================================================
NOTES:
# LAST OF SEVERAL OCCURRENCES

COLUMN 17 PEAK WIND IN M.P.H.

PRELIMINARY LOCAL CLIMATOLOGICAL DATA (WS FORM: F-6) , PAGE 2

                                          STATION:  ALPENA MI
                                          MONTH:    JULY
                                          YEAR:     2016
                                          LATITUDE:   45  4 N
                                          LONGITUDE:  83 34 W

[TEMPERATURE DATA]      [PRECIPITATION DATA]       SYMBOLS USED IN COLUMN 16

AVERAGE MONTHLY: 70.8   TOTAL FOR MONTH:   2.49    1 = FOG OR MIST
DPTR FM NORMAL:   3.2   DPTR FM NORMAL:   -0.25    2 = FOG REDUCING VISIBILITY
HIGHEST:    94 ON 13    GRTST 24HR  0.68 ON 30- 1      TO 1/4 MILE OR LESS
LOWEST:     47 ON 16, 3                            3 = THUNDER
                        SNOW, ICE PELLETS, HAIL    4 = ICE PELLETS
                        TOTAL MONTH:   0.0 INCH    5 = HAIL
                        GRTST 24HR     0.0         6 = FREEZING RAIN OR DRIZZLE
                        GRTST DEPTH:   0           7 = DUSTSTORM OR SANDSTORM:
                                                       VSBY 1/2 MILE OR LESS
                                                   8 = SMOKE OR HAZE
[NO. OF DAYS WITH]      [WEATHER - DAYS WITH]      9 = BLOWING SNOW
                                                   X = TORNADO
MAX 32 OR BELOW:   0    0.01 INCH OR MORE:  11
MAX 90 OR ABOVE:   6    0.10 INCH OR MORE:   6
MIN 32 OR BELOW:   0    0.50 INCH OR MORE:   2
MIN  0 OR BELOW:   0    1.00 INCH OR MORE:   0

[HDD (BASE 65) ]
TOTAL THIS MO.    17    CLEAR  (SCALE 0-3)  17
DPTR FM NORMAL   -21    PTCLDY (SCALE 4-7)  11
TOTAL FM JUL 1    17    CLOUDY (SCALE 8-10)  0
DPTR FM NORMAL   -21

[CDD (BASE 65) ]
TOTAL THIS MO.   185
DPTR FM NORMAL    76    [PRESSURE DATA]
TOTAL FM JAN 1   282    HIGHEST SLP M ON M
DPTR FM NORMAL   104    LOWEST  SLP 29.60 ON 14

[REMARKS]
