000
CXUS53 KAPX 300631
CF6APX
PRELIMINARY LOCAL CLIMATOLOGICAL DATA (WS FORM: F-6)

                                          STATION:   GAYLORD  WFO
                                          MONTH:     JULY
                                          YEAR:      2014
                                          LATITUDE:   45  4 N
                                          LONGITUDE:  84 43 W

  TEMPERATURE IN F:       :PCPN:    SNOW:  WIND      :SUNSHINE: SKY     :PK WND
================================================================================
1   2   3   4   5  6A  6B    7    8   9   10  11  12  13   14  15   16   17  18
                                     12Z  AVG MX 2MIN
DY MAX MIN AVG DEP HDD CDD  WTR  SNW DPTH SPD SPD DIR MIN PSBL S-S WX    SPD DR
================================================================================

 1  76  63  70   4   0   5 0.03  0.0    0   M   M   M   M    M   M         M  M
 2  64  47  56 -10   9   0 0.01  0.0    0   M   M   M   M    M   M         M  M
 3  70  44  57  -9   8   0    T  0.0    0   M   M   M   M    M   M 1       M  M
 4  73  46  60  -6   5   0 0.00  0.0    0   M   M   M   M    M   M         M  M
 5  78  52  65  -1   0   0 0.00  0.0    0   M   M   M   M    M   M         M  M
 6  76  57  67   1   0   2 0.06  0.0    0   M   M   M   M    M   M 3       M  M
 7  78  64  71   5   0   6    T  0.0    0   M   M   M   M    M   M         M  M
 8  66  48  57  -9   8   0 0.06  0.0    0   M   M   M   M    M   M         M  M
 9  65  48  57  -9   8   0    T  0.0    0   M   M   M   M    M   M         M  M
10  75  42  59  -7   6   0 0.00  0.0    0   M   M   M   M    M   M         M  M
11  79  51  65  -1   0   0    T  0.0    0   M   M   M   M    M   M         M  M
12  79  60  70   4   0   5 0.47  0.0    0   M   M   M   M    M   M         M  M
13  71  54  63  -3   2   0 0.01  0.0    0   M   M   M   M    M   M         M  M
14  75  53  64  -3   1   0 0.18  0.0    0   M   M   M   M    M   M         M  M
15  56  50  53 -14  12   0 0.47  0.0    0   M   M   M   M    M   M         M  M
16  68  50  59  -8   6   0 0.01  0.0    0   M   M   M   M    M   M         M  M
17  73  46  60  -7   5   0 0.00  0.0    0   M   M   M   M    M   M         M  M
18  77  52  65  -2   0   0 0.00  0.0    0   M   M   M   M    M   M         M  M
19  79  52  66  -1   0   1 0.00  0.0    0   M   M   M   M    M   M         M  M
20  79  57  68   1   0   3 0.00  0.0    0   M   M   M   M    M   M         M  M
21  84  59  72   5   0   7 0.00  0.0    0   M   M   M   M    M   M         M  M
22  85  58  72   5   0   7 0.31  0.0    0   M   M   M   M    M   M 3       M  M
23  66  51  59  -8   6   0    T  0.0    0   M   M   M   M    M   M         M  M
24  70  49  60  -7   5   0 0.00  0.0    0   M   M   M   M    M   M         M  M
25  74  49  62  -5   3   0 0.00  0.0    0   M   M   M   M    M   M         M  M
26  77  60  69   2   0   4 0.06  0.0    0   M   M   M   M    M   M         M  M
27  75  58  67   1   0   2 0.35  0.0    0   M   M   M   M    M   M         M  M
28  61  51  56 -10   9   0 0.00  0.0    0   M   M   M   M    M   M         M  M
29  67  50  59  -7   6   0 0.00  0.0    0   M   M   M   M    M   M         M  M
================================================================================
SM 2116 1521        99  42  2.02     0.0     M          M        M
================================================================================
AV 73.0 52.4                                 M FASTST   M    M   4    MAX(MPH)
                                 MISC ---->     M   M                  M    M
================================================================================
NOTES:
# LAST OF SEVERAL OCCURRENCES

COLUMN 17 PEAK WIND IN M.P.H.

PRELIMINARY LOCAL CLIMATOLOGICAL DATA (WS FORM: F-6) , PAGE 2

                                          STATION:  GAYLORD  WFO
                                          MONTH:    JULY
                                          YEAR:     2014
                                          LATITUDE:   45  4 N
                                          LONGITUDE:  84 43 W

[TEMPERATURE DATA]      [PRECIPITATION DATA]       SYMBOLS USED IN COLUMN 16

AVERAGE MONTHLY: 62.7   TOTAL FOR MONTH:   2.02    1 = FOG OR MIST
DPTR FM NORMAL:  -3.7   DPTR FM NORMAL:   -0.93    2 = FOG REDUCING VISIBILITY
HIGHEST:    85 ON 22    GRTST 24HR  0.47 ON 15-15      TO 1/4 MILE OR LESS
LOWEST:     42 ON 10                               3 = THUNDER
                        SNOW, ICE PELLETS, HAIL    4 = ICE PELLETS
                        TOTAL MONTH:   0.0 INCH    5 = HAIL
                        GRTST 24HR     0.0         6 = FREEZING RAIN OR DRIZZLE
                        GRTST DEPTH:   0           7 = DUSTSTORM OR SANDSTORM:
                                                       VSBY 1/2 MILE OR LESS
                                                   8 = SMOKE OR HAZE
[NO. OF DAYS WITH]      [WEATHER - DAYS WITH]      9 = BLOWING SNOW
                                                   X = TORNADO
MAX 32 OR BELOW:   0    0.01 INCH OR MORE:  12
MAX 90 OR ABOVE:   0    0.10 INCH OR MORE:   5
MIN 32 OR BELOW:   0    0.50 INCH OR MORE:   0
MIN  0 OR BELOW:   0    1.00 INCH OR MORE:   0

[HDD (BASE 65) ]
TOTAL THIS MO.    99    CLEAR  (SCALE 0-3)   0
DPTR FM NORMAL    43    PTCLDY (SCALE 4-7)   0
TOTAL FM JUL 1    99    CLOUDY (SCALE 8-10)  0
DPTR FM NORMAL    43

[CDD (BASE 65) ]
TOTAL THIS MO.    42
DPTR FM NORMAL   -45    [PRESSURE DATA]
TOTAL FM JAN 1   125    HIGHEST SLP M ON M
DPTR FM NORMAL   -33    LOWEST  SLP M ON M

[REMARKS]
