000
CXUS54 KLCH 010110
CF6ARA
PRELIMINARY LOCAL CLIMATOLOGICAL DATA (WS FORM: F-6)

                                          STATION:   NEW IBERIA
                                          MONTH:     AUGUST
                                          YEAR:      2015
                                          LATITUDE:   30  1 N
                                          LONGITUDE:  91 53 W

  TEMPERATURE IN F:       :PCPN:    SNOW:  WIND      :SUNSHINE: SKY     :PK WND
================================================================================
1   2   3   4   5  6A  6B    7    8   9   10  11  12  13   14  15   16   17  18
                                     12Z  AVG MX 2MIN
DY MAX MIN AVG DEP HDD CDD  WTR  SNW DPTH SPD SPD DIR MIN PSBL S-S WX    SPD DR
================================================================================

 1  95  72  84   1   0  19 0.00  0.0    0  8.0 17  50   M    M   0        22  50
 2  98  71  85   2   0  20 0.00  0.0    0  3.4 14  40   M    M   0        18  30
 3  97  73  85   2   0  20 0.00  0.0    0  5.0 17 160   M    M   1 1      23 150
 4  98  74  86   3   0  21 0.00  0.0    0  4.7 14 190   M    M   1 1      17 190
 5  94  77  86   3   0  21 0.25  0.0    0  5.9 25 270   M    M   1 138    34 280
 6  96  77  87   4   0  22 0.00  0.0    0  7.4 17 260   M    M   1 1      22 230
 7  97  75  86   3   0  21 0.00  0.0    0  6.1 14 250   M    M   1 1      18 250
 8  97  77  87   4   0  22 0.00  0.0    0  6.7 14 230   M    M   2 1      18 260
 9  99  82  91   8   0  26 0.00  0.0    0  5.8 12 280   M    M   0         M  M
10 102  78  90   7   0  25 0.00  0.0    0  5.0 14 170   M    M   1 13     17  30
11  96  76  86   3   0  21 0.06  0.0    0  3.2 25 330   M    M   2 138    33 330
12  99  74  87   4   0  22 0.00  0.0    0  6.6 17  20   M    M   1 1      22  10
13  97  74  86   3   0  21 0.00  0.0    0  7.2 16  10   M    M   0        20  20
14  96  74  85   2   0  20 0.01  0.0    0  6.6 21 130   M    M   5 1      27 180
15  96  78  87   4   0  22    T  0.0    0  6.3 14 120   M    M   3 3      18  60
16  91  75  83   0   0  18 0.08  0.0    0  6.9 23  70   M    M   2 13     32  70
17  91  75  83   0   0  18 0.31  0.0    0  5.1 13 190   M    M   4 1      16 180
18  89  76  83   0   0  18 0.48  0.0    0  5.6 23 240   M    M   2 13     30 230
19  87  74  81  -2   0  16 2.45  0.0    0  6.5 21 280   M    M   3 13     26 280
20  88  75  82  -1   0  17 0.17  0.0    0  4.6 18 160   M    M   3 13     23 160
21  87  74  81  -2   0  16 1.30  0.0    0  4.0 21 170   M    M   0 138    27 170
22  93  74  84   1   0  19    T  0.0    0  5.1 16  70   M    M   1 13     22  70
23  97  73  85   2   0  20 0.00  0.0    0  3.5 12 180   M    M   1 1      15 290
24  97  77  87   4   0  22 0.00  0.0    0  5.4 15 310   M    M   1 13     20 310
25  91  73  82  -1   0  17 0.00  0.0    0  7.5 14  20   M    M   0        18  10
26  88  65  77  -5   0  12 0.00  0.0    0  7.0 16  10   M    M   0        23  20
27  88  66  77  -5   0  12 0.00  0.0    0  6.3 17  30   M    M   0        23  10
28  92  62  77  -5   0  12 0.00  0.0    0  2.6  9  10   M    M   0        12  50
29  93  67  80  -2   0  15 0.00  0.0    0  3.2 10 190   M    M   0        14 220
30  91  69  80  -2   0  15 0.00  0.0    0  2.9 13 190   M    M   1 18     15 160
================================================================================
SM 2820 2207         0 570  5.11     0.0 164.1          M       37
================================================================================
AV 94.0 73.6                               5.5 FASTST   M    M   1    MAX(MPH)
                                 MISC ---->  # 25 270               # 34  280
================================================================================
NOTES:
# LAST OF SEVERAL OCCURRENCES

COLUMN 17 PEAK WIND IN M.P.H.

PRELIMINARY LOCAL CLIMATOLOGICAL DATA (WS FORM: F-6) , PAGE 2

                                          STATION:  NEW IBERIA
                                          MONTH:    AUGUST
                                          YEAR:     2015
                                          LATITUDE:   30  1 N
                                          LONGITUDE:  91 53 W

[TEMPERATURE DATA]      [PRECIPITATION DATA]       SYMBOLS USED IN COLUMN 16

AVERAGE MONTHLY: 83.8   TOTAL FOR MONTH:   5.11    1 = FOG OR MIST
DPTR FM NORMAL:   0.9   DPTR FM NORMAL:    0.21    2 = FOG REDUCING VISIBILITY
HIGHEST:   102 ON 10    GRTST 24HR  2.85 ON 18-19      TO 1/4 MILE OR LESS
LOWEST:     62 ON 28                               3 = THUNDER
                        SNOW, ICE PELLETS, HAIL    4 = ICE PELLETS
                        TOTAL MONTH:   0.0 INCH    5 = HAIL
                        GRTST 24HR     0.0         6 = FREEZING RAIN OR DRIZZLE
                        GRTST DEPTH:   0           7 = DUSTSTORM OR SANDSTORM:
                                                       VSBY 1/2 MILE OR LESS
                                                   8 = SMOKE OR HAZE
[NO. OF DAYS WITH]      [WEATHER - DAYS WITH]      9 = BLOWING SNOW
                                                   X = TORNADO
MAX 32 OR BELOW:   0    0.01 INCH OR MORE:   9
MAX 90 OR ABOVE:  24    0.10 INCH OR MORE:   6
MIN 32 OR BELOW:   0    0.50 INCH OR MORE:   2
MIN  0 OR BELOW:   0    1.00 INCH OR MORE:   2

[HDD (BASE 65) ]
TOTAL THIS MO.     0    CLEAR  (SCALE 0-3)  27
DPTR FM NORMAL     0    PTCLDY (SCALE 4-7)   3
TOTAL FM JUL 1     0    CLOUDY (SCALE 8-10)  0
DPTR FM NORMAL     0

[CDD (BASE 65) ]
TOTAL THIS MO.   570
DPTR FM NORMAL    35    [PRESSURE DATA]
TOTAL FM JAN 1  2334    HIGHEST SLP M ON M
DPTR FM NORMAL   211    LOWEST  SLP 29.84 ON 19

[REMARKS]
#FINAL-08-15#
