000
CXUS52 KFFC 311110
CF6ATL
PRELIMINARY LOCAL CLIMATOLOGICAL DATA (WS FORM: F-6)

                                          STATION:   ATLANTA
                                          MONTH:     JULY
                                          YEAR:      2015
                                          LATITUDE:   33 39 N
                                          LONGITUDE:  84 26 W

  TEMPERATURE IN F:       :PCPN:    SNOW:  WIND      :SUNSHINE: SKY     :PK WND
================================================================================
1   2   3   4   5  6A  6B    7    8   9   10  11  12  13   14  15   16   17  18
                                     12Z  AVG MX 2MIN
DY MAX MIN AVG DEP HDD CDD  WTR  SNW DPTH SPD SPD DIR MIN PSBL S-S WX    SPD DR
================================================================================

 1  85  69  77  -3   0  12 0.61  0.0    0  7.3 18 290   M    M   8 138    28 290
 2  87  68  78  -2   0  13 0.15  0.0    0  9.2 20 270   M    M   7 3      25 270
 3  79  70  75  -5   0  10 0.42  0.0    0  8.3 24 290   M    M   8 138    31 300
 4  85  68  77  -3   0  12 1.54  0.0    0  7.3 16 240   M    M   9 138    23 240
 5  84  69  77  -3   0  12    T  0.0    0  7.5 13 250   M    M   8        20 260
 6  84  71  78  -2   0  13 0.05  0.0    0  4.7 14 280   M    M   7 138    20 270
 7  90  71  81   1   0  16 0.00  0.0    0  5.7 13 240   M    M   3        16 260
 8  90  74  82   2   0  17 0.00  0.0    0  5.7 12 290   M    M   6        16 320
 9  91  73  82   2   0  17 0.00  0.0    0  5.7 13 270   M    M   2        17 330
10  93  74  84   4   0  19 0.00  0.0    0  6.7 16 200   M    M   4        22 190
11  92  73  83   3   0  18 0.00  0.0    0  7.7 18  10   M    M   5        23 360
12  93  72  83   3   0  18    T  0.0    0  6.9 26 290   M    M   7 38     35 300
13  92  71  82   2   0  17 0.01  0.0    0  5.3 16  20   M    M   5 3      21  30
14  90  69  80   0   0  15 0.92  0.0    0  9.1 37  10   M    M   8 13     47  10
15  89  69  79  -1   0  14 0.08  0.0    0  8.1 26 340   M    M   5 3      33 350
16  88  73  81   1   0  16 0.00  0.0    0  5.4 10  40   M    M   6        14  70
17  93  76  85   5   0  20 0.00  0.0    0  4.2 12 290   M    M   4 8      24 150
18  92  76  84   4   0  19 0.02  0.0    0  4.2 24  60   M    M   4 3      31  70
19  91  74  83   3   0  18    T  0.0    0  5.8 25 320   M    M   6 3      30 320
20  93  74  84   4   0  19    T  0.0    0  5.6 13  10   M    M   5 3      22 330
21  93  75  84   4   0  19 0.09  0.0    0  8.1 25 300   M    M   6 3      30 290
22  92  71  82   2   0  17 0.71  0.0    0  5.0 36 320   M    M   6 13     49 330
23  88  73  81   1   0  16 0.27  0.0    0  6.6 28 320   M    M   8 138    37 320
24  91  74  83   3   0  18 0.00  0.0    0  9.2 15 360   M    M   5        32  10
25  90  75  83   3   0  18 0.00  0.0    0  5.8 12 180   M    M   5        15 180
26  91  74  83   3   0  18 0.00  0.0    0  2.3  8 150   M    M   7        10 170
27  92  76  84   4   0  19    T  0.0    0  3.8 17  60   M    M   6        21  60
28  94  76  85   5   0  20 0.00  0.0    0  4.9 18 320   M    M   6 8      23 310
29  93  75  84   4   0  19 0.03  0.0    0  5.5 23 310   M    M   6        28 310
30  94  76  85   5   0  20 0.01  0.0    0  5.4 15 320   M    M   6 3      20 300
================================================================================
SM 2699 2179         0 499  4.91     0.0 187.0          M      178
================================================================================
AV 90.0 72.6                               6.2 FASTST   M    M   6    MAX(MPH)
                                 MISC ---->  # 37  10               # 49  330
================================================================================
NOTES:
# LAST OF SEVERAL OCCURRENCES

COLUMN 17 PEAK WIND IN M.P.H.

PRELIMINARY LOCAL CLIMATOLOGICAL DATA (WS FORM: F-6) , PAGE 2

                                          STATION:  ATLANTA
                                          MONTH:    JULY
                                          YEAR:     2015
                                          LATITUDE:   33 39 N
                                          LONGITUDE:  84 26 W

[TEMPERATURE DATA]      [PRECIPITATION DATA]       SYMBOLS USED IN COLUMN 16

AVERAGE MONTHLY: 81.3   TOTAL FOR MONTH:   4.91    1 = FOG OR MIST
DPTR FM NORMAL:   1.3   DPTR FM NORMAL:   -0.21    2 = FOG REDUCING VISIBILITY
HIGHEST:    94 ON 30,28 GRTST 24HR  1.54 ON  4- 4      TO 1/4 MILE OR LESS
LOWEST:     68 ON  4, 2                            3 = THUNDER
                        SNOW, ICE PELLETS, HAIL    4 = ICE PELLETS
                        TOTAL MONTH:   0.0 INCH    5 = HAIL
                        GRTST 24HR     0.0         6 = FREEZING RAIN OR DRIZZLE
                        GRTST DEPTH:   0           7 = DUSTSTORM OR SANDSTORM:
                                                       VSBY 1/2 MILE OR LESS
                                                   8 = SMOKE OR HAZE
[NO. OF DAYS WITH]      [WEATHER - DAYS WITH]      9 = BLOWING SNOW
                                                   X = TORNADO
MAX 32 OR BELOW:   0    0.01 INCH OR MORE:  14
MAX 90 OR ABOVE:  21    0.10 INCH OR MORE:   7
MIN 32 OR BELOW:   0    0.50 INCH OR MORE:   4
MIN  0 OR BELOW:   0    1.00 INCH OR MORE:   1

[HDD (BASE 65) ]
TOTAL THIS MO.     0    CLEAR  (SCALE 0-3)   1
DPTR FM NORMAL     0    PTCLDY (SCALE 4-7)  27
TOTAL FM JUL 1     0    CLOUDY (SCALE 8-10)  2
DPTR FM NORMAL     0

[CDD (BASE 65) ]
TOTAL THIS MO.   499
DPTR FM NORMAL    49    [PRESSURE DATA]
TOTAL FM JAN 1  1304    HIGHEST SLP M ON M
DPTR FM NORMAL   233    LOWEST  SLP 29.75 ON 14

[REMARKS]
