000
CXUS51 KGYX 241000
CF6AUG
PRELIMINARY LOCAL CLIMATOLOGICAL DATA (WS FORM: F-6)

                                          STATION:   AUGUSTA
                                          MONTH:     OCTOBER
                                          YEAR:      2014
                                          LATITUDE:   44 18 N
                                          LONGITUDE:  69 48 W

  TEMPERATURE IN F:       :PCPN:    SNOW:  WIND      :SUNSHINE: SKY     :PK WND
================================================================================
1   2   3   4   5  6A  6B    7    8   9   10  11  12  13   14  15   16   17  18
                                     12Z  AVG MX 2MIN
DY MAX MIN AVG DEP HDD CDD  WTR  SNW DPTH SPD SPD DIR MIN PSBL S-S WX    SPD DR
================================================================================

 1  60  53  57   3   8   0    T  0.0    0  9.3 17  40   M    M  10        23  30
 2  63  46  55   1  10   0 0.00  0.0    0  8.4 15  40   M    M   5        21  20
 3  63  42  53   0  12   0 0.00  0.0    0  5.0 15  30   M    M   5 18     18  30
 4  60  53  57   4   8   0 0.10  0.0    0  5.5 13 120   M    M  10 1      19 160
 5  62  41  52   0  13   0 0.33  0.0    0  6.1 16 290   M    M   5 12     22 300
 6  63  38  51  -1  14   0 0.00  0.0    0  4.7 14 240   M    M   2        23 270
 7  63  48  56   4   9   0 0.04  0.0    0 10.8 21 180   M    M   8 1      31 170
 8  69  52  61  10   4   0 0.12  0.0    0  8.1 20 160   M    M   6 13     34 200
 9  60  44  52   1  13   0 0.00  0.0    0  7.0 17 250   M    M   4        23 280
10  61  41  51   1  14   0 0.00  0.0    0  5.7 15 280   M    M   2        22 280
11  55  38  47  -3  18   0 0.00  0.0    0  1.7  7 300   M    M   4        10 110
12  59  39  49  -1  16   0 0.00  0.0    0  5.2 15 340   M    M   0        20 350
13  64  34  49   0  16   0 0.00  0.0    0  4.7 13 170   M    M   3 12     19 170
14  73  50  62  13   3   0 0.00  0.0    0  6.2  M   M   M    M   1 1       M  M
15  75  60  68  19   0   3 0.00  0.0    0  7.0 13 190   M    M   6 1      19 160
16  70  62  66  18   0   1 1.01  0.0    0  8.7 17 150   M    M  10 12     24 130
17  69  53  61  13   4   0 0.30  0.0    0  7.0 16 220   M    M   5 1      24 210
18  68  50  59  11   6   0 0.16  0.0    0  6.0 13 220   M    M   4 13     19 230
19  52  38  45  -2  20   0 0.00  0.0    0 10.5 22 330   M    M   8        31 310
20  52  37  45  -2  20   0 0.00  0.0    0  6.8 18 280   M    M   4 8      29 290
21  50  41  46  -1  19   0 0.75  0.0    0  7.2 17  20   M    M  10 1      23  20
22  48  44  46   0  19   0 0.36  0.0    0 16.8 29  30   M    M  10 1      41  40
23  49  45  47   1  18   0 1.53  0.0    0 18.5 26  30   M    M  10 1      37  30
================================================================================
SM 1408 1049       264   4  4.70     0.0 176.9          M      132
================================================================================
AV 61.2 45.6                               7.7 FASTST   M    M   6    MAX(MPH)
                                 MISC ---->  # 29  30               # 41   40
================================================================================
NOTES:
# LAST OF SEVERAL OCCURRENCES

COLUMN 17 PEAK WIND IN M.P.H.

PRELIMINARY LOCAL CLIMATOLOGICAL DATA (WS FORM: F-6) , PAGE 2

                                          STATION:  AUGUSTA
                                          MONTH:    OCTOBER
                                          YEAR:     2014
                                          LATITUDE:   44 18 N
                                          LONGITUDE:  69 48 W

[TEMPERATURE DATA]      [PRECIPITATION DATA]       SYMBOLS USED IN COLUMN 16

AVERAGE MONTHLY: 53.4   TOTAL FOR MONTH:   4.70    1 = FOG OR MIST
DPTR FM NORMAL:   3.6   DPTR FM NORMAL:    1.49    2 = FOG REDUCING VISIBILITY
HIGHEST:    75 ON 15    GRTST 24HR  1.53 ON 23-23      TO 1/4 MILE OR LESS
LOWEST:     34 ON 13                               3 = THUNDER
                        SNOW, ICE PELLETS, HAIL    4 = ICE PELLETS
                        TOTAL MONTH:   0.0 INCH    5 = HAIL
                        GRTST 24HR     0.0         6 = FREEZING RAIN OR DRIZZLE
                        GRTST DEPTH:   0           7 = DUSTSTORM OR SANDSTORM:
                                                       VSBY 1/2 MILE OR LESS
                                                   8 = SMOKE OR HAZE
[NO. OF DAYS WITH]      [WEATHER - DAYS WITH]      9 = BLOWING SNOW
                                                   X = TORNADO
MAX 32 OR BELOW:   0    0.01 INCH OR MORE:  10
MAX 90 OR ABOVE:   0    0.10 INCH OR MORE:   9
MIN 32 OR BELOW:   0    0.50 INCH OR MORE:   3
MIN  0 OR BELOW:   0    1.00 INCH OR MORE:   2

[HDD (BASE 65) ]
TOTAL THIS MO.   264    CLEAR  (SCALE 0-3)   5
DPTR FM NORMAL   -87    PTCLDY (SCALE 4-7)  12
TOTAL FM JUL 1   478    CLOUDY (SCALE 8-10)  6
DPTR FM NORMAL   -93

[CDD (BASE 65) ]
TOTAL THIS MO.     4
DPTR FM NORMAL     4    [PRESSURE DATA]
TOTAL FM JAN 1   371    HIGHEST SLP M ON M
DPTR FM NORMAL   -16    LOWEST  SLP 29.47 ON 18

[REMARKS]
