000
CXUS51 KGYX 231000
CF6AUG
PRELIMINARY LOCAL CLIMATOLOGICAL DATA (WS FORM: F-6)

                                          STATION:   AUGUSTA
                                          MONTH:     JANUARY
                                          YEAR:      2017
                                          LATITUDE:   44 18 N
                                          LONGITUDE:  69 48 W

  TEMPERATURE IN F:       :PCPN:    SNOW:  WIND      :SUNSHINE: SKY     :PK WND
================================================================================
1   2   3   4   5  6A  6B    7    8   9   10  11  12  13   14  15   16   17  18
                                     12Z  AVG MX 2MIN
DY MAX MIN AVG DEP HDD CDD  WTR  SNW DPTH SPD SPD DIR MIN PSBL S-S WX    SPD DR
================================================================================

 1  40  24  32  11  33   0 0.08    M    0  6.3 18 270   M    M   6 1      26 270
 2  38  17  28   8  37   0 0.00  0.0    0  1.7  7 200   M    M   0         8 190
 3  32  21  27   7  38   0 0.42    M    M  7.8 15  50   M    M  10 16     19  50
 4  37  28  33  13  32   0 0.17    M    M  8.6 16 340   M    M   8 16     24 330
 5  32  22  27   7  38   0    T    M    M  7.9 16 230   M    M   2 8      26 230
 6  26  13  20   0  45   0    T    M    M  4.5 12 230   M    M   4 8      17 230
 7  15   6  11  -9  54   0 0.02    M    M  5.5 14 350   M    M   5        16 340
 8  17   4  11  -8  54   0    T999.0  999  9.1 18 330   M    M   5 18     23 330
 9  14   0   7 -12  58   0 0.00  0.0  999  6.2 14 300   M    M   0        19 290
10  38   0  19   0  46   0 0.14    M    M  4.3 17 180   M    M   4 16     31 150
11  52  36  44  25  21   0 0.42    M    M 10.9 24 190   M    M   4 1      44 200
12  48  38  43  24  22   0 0.13    M    0  7.9 13 230   M    M   9 12     27 210
13  48  12  30  11  35   0 0.00  0.0    0 12.5 28 310   M    M   2        39 320
14  19   5  12  -7  53   0 0.00  0.0    0  3.9 13 300   M    M   3        18 310
15  27  15  21   2  44   0 0.00  0.0    M  6.0 16 310   M    M   4        23 320
16  34   9  22   3  43   0 0.00  0.0    M  4.9 12 200   M    M   2        19 190
17  35  25  30  11  35   0 0.00  0.0    M  5.9 14  40   M    M   1        17  40
18  26  18  22   3  43   0 0.01    M    M  8.5 13  30   M    M  10 18     17  20
19  37  22  30  11  35   0 0.10    M    0  3.8  9 340   M    M   9 18     12 310
20  37  27  32  13  33   0 0.00  0.0    M  3.4 12 340   M    M   8        13 330
21  42  32  37  18  28   0 0.00  0.0    M  2.3  7 240   M    M   9        10 220
22  36  29  33  14  32   0 0.00  0.0    M  8.2 16  30   M    M  10        21  40
================================================================================
SM  730  403       859   0  1.49   999.0 140.1          M      115
================================================================================
AV 33.2 18.3                               6.4 FASTST   M    M   5    MAX(MPH)
                                 MISC ---->  # 28 310               # 44  200
================================================================================
NOTES:
# LAST OF SEVERAL OCCURRENCES

COLUMN 17 PEAK WIND IN M.P.H.

PRELIMINARY LOCAL CLIMATOLOGICAL DATA (WS FORM: F-6) , PAGE 2

                                          STATION:  AUGUSTA
                                          MONTH:    JANUARY
                                          YEAR:     2017
                                          LATITUDE:   44 18 N
                                          LONGITUDE:  69 48 W

[TEMPERATURE DATA]      [PRECIPITATION DATA]       SYMBOLS USED IN COLUMN 16

AVERAGE MONTHLY: 25.8   TOTAL FOR MONTH:   1.49    1 = FOG OR MIST
DPTR FM NORMAL:   6.4   DPTR FM NORMAL:   -0.36    2 = FOG REDUCING VISIBILITY
HIGHEST:    52 ON 11    GRTST 24HR  0.59 ON  3- 4      TO 1/4 MILE OR LESS
LOWEST:      0 ON 10, 9                            3 = THUNDER
                        SNOW, ICE PELLETS, HAIL    4 = ICE PELLETS
                        TOTAL MONTH: 999.0 INCHES  5 = HAIL
                        GRTST 24HR 999.0 ON  8- 8  6 = FREEZING RAIN OR DRIZZLE
                        GRTST DEPTH: 999 ON  9, 8  7 = DUSTSTORM OR SANDSTORM:
                                                       VSBY 1/2 MILE OR LESS
                                                   8 = SMOKE OR HAZE
[NO. OF DAYS WITH]      [WEATHER - DAYS WITH]      9 = BLOWING SNOW
                                                   X = TORNADO
MAX 32 OR BELOW:   9    0.01 INCH OR MORE:   9
MAX 90 OR ABOVE:   0    0.10 INCH OR MORE:   6
MIN 32 OR BELOW:  20    0.50 INCH OR MORE:   0
MIN  0 OR BELOW:   2    1.00 INCH OR MORE:   0

[HDD (BASE 65) ]
TOTAL THIS MO.   859    CLEAR  (SCALE 0-3)   7
DPTR FM NORMAL  -144    PTCLDY (SCALE 4-7)   9
TOTAL FM JUL 1  3420    CLOUDY (SCALE 8-10)  6
DPTR FM NORMAL  -338

[CDD (BASE 65) ]
TOTAL THIS MO.     0
DPTR FM NORMAL     0    [PRESSURE DATA]
TOTAL FM JAN 1     0    HIGHEST SLP M ON M
DPTR FM NORMAL     0    LOWEST  SLP 29.40 ON  5

[REMARKS]
